NOAA-style Climate Reports

2019: Jan | Feb | Mar | Apr | May | Jun | Jul | Aug | Sep | Oct | Nov | Dec 
2018: Jan | Feb | Mar | Apr | May | Jun | Jul | Aug | Sep | Oct | Nov | Dec 
2017: Jan | Feb | Mar | Apr | May | Jun | Jul | Aug | Sep | Oct | Nov | Dec 
2016: Jan | Feb | Mar | Apr | May | Jun | Jul | Aug | Sep | Oct | Nov | Dec 
2015: Jan | Feb | Mar | Apr | May | Jun | Jul | Aug | Sep | Oct | Nov | Dec 
2014: Jan | Feb | Mar | Apr | May | Jun | Jul | Aug | Sep | Oct | Nov | Dec 
2013: Jan | Feb | Mar | Apr | May | Jun | Jul | Aug | Sep | Oct | Nov | Dec 
2012: Jan | Feb | Mar | Apr | May | Jun | Jul | Aug | Sep | Oct | Nov | Dec 
2011: Jan | Feb | Mar | Apr | May | Jun | Jul | Aug | Sep | Oct | Nov | Dec 
2010: Jan | Feb | Mar | Apr | May | Jun | Jul | Aug | Sep | Oct | Nov | Dec 
2009: Jan | Feb | Mar | Apr | May | Jun | Jul | Aug | Sep | Oct | Nov | Dec 
2008: Jan | Feb | Mar | Apr | May | Jun | Jul | Aug | Sep | Oct | Nov | Dec 
2007: Jan | Feb | Mar | Apr | May | Jun | Jul | Aug | Sep | Oct | Nov | Dec 
2006: Jan | Feb | Mar | Apr | May | Jun | Jul | Aug | Sep | Oct | Nov | Dec 

Report for 2012 11
MONTHLY CLIMATOLOGICAL SUMMARY for NOV. 2012 NAME: Station #1 CITY: Rauma STATE: Finland ELEV: 16 m LAT: 61 08' 38" N LONG: 21 31' 26" E TEMPERATURE (C), RAIN (mm), WIND SPEED (m/s) HEAT COOL AVG MEAN DEG DEG WIND DOM DAY TEMP HIGH TIME LOW TIME DAYS DAYS RAIN SPEED HIGH TIME DIR ------------------------------------------------------------------------------------ 1 6.2 8.0 10:30 3.6 23:30 12.1 0.0 0.0 1.9 11.2 8:30 S 2 5.9 7.8 20:00 3.7 0:30 12.4 0.0 1.8 1.6 9.8 0:30 SE 3 5.4 7.4 13:30 0.6 00:00 12.9 0.0 0.0 0.0 3.1 1:30 SE 4 2.2 5.1 14:30 0.2 2:30 16.1 0.0 0.0 0.0 2.2 5:00 SE 5 1.9 3.2 0:30 -0.2 8:30 16.4 0.0 0.4 0.0 2.7 14:30 SE 6 2.6 4.1 14:30 1.1 10:30 15.7 0.0 0.0 0.4 7.6 23:30 NW 7 4.4 5.7 13:30 2.6 1:30 13.9 0.0 1.2 1.8 11.6 14:30 NW 8 3.7 4.8 11:30 1.1 19:30 14.6 0.0 0.0 0.1 6.3 0:30 NW 9 0.9 3.3 13:00 -2.8 20:30 17.4 0.0 0.0 0.0 2.2 10:00 WNW 10 4.3 7.4 22:30 -1.4 0:30 14.0 0.0 2.0 1.3 7.6 15:00 SSE 11 7.1 7.9 20:00 6.3 14:00 11.3 0.0 8.6 2.0 11.2 22:30 SE 12 6.1 8.1 1:00 5.1 17:00 12.2 0.0 0.8 1.9 13.4 1:30 WNW 13 4.1 5.7 00:00 2.0 19:00 14.2 0.0 0.2 0.5 7.2 20:30 NW 14 6.9 7.8 14:30 5.7 0:30 11.3 0.0 1.0 1.5 10.7 8:00 SW 15 6.0 6.8 1:00 4.4 00:00 12.3 0.0 3.6 0.4 5.8 13:30 NW 16 4.3 6.4 00:00 1.8 2:30 14.0 0.0 0.0 0.7 7.6 10:00 SW 17 6.9 7.6 11:30 5.7 22:30 11.4 0.0 0.4 1.1 6.7 2:30 SW 18 6.3 7.2 8:30 5.1 21:30 12.0 0.0 2.0 2.5 11.6 17:30 S 19 4.9 5.9 20:30 3.9 8:30 13.4 0.0 0.0 1.5 10.3 19:00 SW 20 6.1 6.9 23:00 5.3 2:30 12.3 0.0 0.6 2.0 12.5 11:00 SW 21 6.9 7.3 23:30 6.3 10:30 11.4 0.0 0.2 2.1 9.8 9:30 S 22 6.8 7.3 1:00 6.1 23:00 11.5 0.0 2.0 2.0 10.7 1:00 SSE 23 6.4 6.8 11:00 6.0 2:30 5.2 0.0 1.2 0.4 7.2 4:00 S 24 5.3 6.1 15:30 4.3 11:00 5.4 0.0 0.6 0.4 5.8 17:00 SE 25 3.0 4.7 13:30 1.9 22:00 7.0 0.0 0.2 0.0 0.9 14:00 W 26 1.9 2.3 14:00 1.7 11:30 3.8 0.0 0.0 0.0 1.8 12:30 E 27 1.6 1.9 19:30 1.0 00:00 7.7 0.0 0.0 0.1 5.8 22:00 ENE 28 -0.7 1.0 0:30 -1.6 19:30 19.0 0.0 0.0 0.4 6.7 14:30 ENE 29 -2.3 -1.4 0:30 -3.9 00:00 20.6 0.0 0.0 0.5 8.9 22:00 ENE 30 -5.8 -3.8 1:30 -8.0 23:00 24.1 0.0 0.0 0.8 8.0 8:30 ENE ------------------------------------------------------------------------------------- 4.0 8.1 12 -8.0 30 385.5 0.0 26.8 0.9 13.4 12 S Max >= 32.0: 0 Max <= 0.0: 2 Min <= 0.0: 6 Min <= -18.0: 0 Max Rain: 8.61 ON 11.11.12 Days of Rain: 17 (> .2 mm) 5 (> 2 mm) 0 (> 20 mm) Heat Base: 18.3 Cool Base: 18.3 Method: Integration