NOAA-style Climate Reports

2019: Jan | Feb | Mar | Apr | May | Jun | Jul | Aug | Sep | Oct | Nov | Dec 
2018: Jan | Feb | Mar | Apr | May | Jun | Jul | Aug | Sep | Oct | Nov | Dec 
2017: Jan | Feb | Mar | Apr | May | Jun | Jul | Aug | Sep | Oct | Nov | Dec 
2016: Jan | Feb | Mar | Apr | May | Jun | Jul | Aug | Sep | Oct | Nov | Dec 
2015: Jan | Feb | Mar | Apr | May | Jun | Jul | Aug | Sep | Oct | Nov | Dec 
2014: Jan | Feb | Mar | Apr | May | Jun | Jul | Aug | Sep | Oct | Nov | Dec 
2013: Jan | Feb | Mar | Apr | May | Jun | Jul | Aug | Sep | Oct | Nov | Dec 
2012: Jan | Feb | Mar | Apr | May | Jun | Jul | Aug | Sep | Oct | Nov | Dec 
2011: Jan | Feb | Mar | Apr | May | Jun | Jul | Aug | Sep | Oct | Nov | Dec 
2010: Jan | Feb | Mar | Apr | May | Jun | Jul | Aug | Sep | Oct | Nov | Dec 
2009: Jan | Feb | Mar | Apr | May | Jun | Jul | Aug | Sep | Oct | Nov | Dec 
2008: Jan | Feb | Mar | Apr | May | Jun | Jul | Aug | Sep | Oct | Nov | Dec 
2007: Jan | Feb | Mar | Apr | May | Jun | Jul | Aug | Sep | Oct | Nov | Dec 
2006: Jan | Feb | Mar | Apr | May | Jun | Jul | Aug | Sep | Oct | Nov | Dec 

Report for 2012 09
MONTHLY CLIMATOLOGICAL SUMMARY for SEP. 2012 NAME: Station #1 CITY: Rauma STATE: Finland ELEV: 16 m LAT: 61 08' 38" N LONG: 21 31' 26" E TEMPERATURE (C), RAIN (mm), WIND SPEED (m/s) HEAT COOL AVG MEAN DEG DEG WIND DOM DAY TEMP HIGH TIME LOW TIME DAYS DAYS RAIN SPEED HIGH TIME DIR ------------------------------------------------------------------------------------ 1 12.6 14.9 14:00 11.2 00:00 5.7 0.0 11.0 0.5 6.3 14:00 N 2 13.7 16.2 12:00 11.1 1:30 4.6 0.0 0.6 0.8 7.6 15:00 N 3 15.0 17.6 16:30 12.4 23:00 3.3 0.0 26.2 0.3 5.4 1:00 N 4 13.7 19.5 15:30 6.6 7:30 4.7 0.1 3.4 1.3 9.8 17:30 N 5 15.0 16.8 18:30 13.4 00:00 3.3 0.0 0.0 1.4 9.8 2:30 N 6 11.5 13.4 0:30 8.8 23:00 6.8 0.0 0.2 0.5 7.6 8:00 N 7 9.8 11.3 10:00 8.3 23:30 8.5 0.0 6.4 0.2 9.8 18:30 N 8 10.2 12.3 17:00 7.1 00:00 8.1 0.0 2.8 0.5 12.1 16:00 N 9 9.3 13.1 17:30 3.5 4:30 9.0 0.0 0.2 0.2 6.3 13:00 N 10 12.9 18.4 15:30 6.6 2:30 5.4 0.0 0.0 0.9 9.4 17:30 N 11 16.6 20.6 15:30 14.1 0:30 2.1 0.4 0.0 1.4 8.5 19:00 N 12 13.6 16.1 1:00 7.4 23:30 4.8 0.0 2.6 0.8 7.6 1:00 N 13 10.4 15.1 17:30 5.6 6:00 7.8 0.0 0.2 0.8 8.5 16:00 N 14 10.9 13.6 12:00 7.9 5:00 7.3 0.0 4.6 2.2 13.4 12:30 N 15 12.1 14.2 13:00 5.9 00:00 6.2 0.0 0.0 1.0 9.4 5:30 N 16 11.0 16.9 17:00 4.7 2:00 7.3 0.0 0.2 0.9 8.0 17:00 N 17 14.4 16.1 15:30 12.7 23:00 3.9 0.0 0.0 2.5 13.4 15:00 N 18 12.9 15.7 16:30 8.5 7:00 5.4 0.0 8.2 1.6 10.7 15:30 N 19 11.8 13.8 13:00 9.1 22:30 6.5 0.0 1.2 1.0 8.9 13:00 N 20 10.8 13.3 15:30 7.2 23:30 7.5 0.0 0.4 1.5 9.4 15:00 N 21 8.3 12.9 15:30 4.3 6:30 9.9 0.0 3.0 0.3 6.3 12:00 N 22 9.1 14.7 17:00 5.6 0:30 9.2 0.0 5.4 0.4 7.2 16:00 N 23 8.7 11.3 16:30 6.9 5:00 9.6 0.0 3.8 0.0 4.0 18:00 NW 24 8.6 11.6 16:00 6.7 9:00 9.7 0.0 0.2 0.2 4.9 8:00 NW 25 6.9 10.1 14:00 3.6 7:30 11.4 0.0 0.0 0.0 2.7 14:00 NE 26 7.7 11.4 00:00 5.0 7:30 10.6 0.0 5.8 0.4 5.4 16:00 SE 27 12.9 14.2 9:00 11.1 00:00 5.4 0.0 13.0 1.4 11.2 8:00 SE 28 10.3 11.2 2:30 8.6 00:00 8.0 0.0 2.8 0.0 1.8 0:30 SSW 29 9.7 13.3 16:00 3.7 6:00 8.6 0.0 5.8 0.8 7.6 13:30 N 30 10.0 11.4 0:30 8.7 22:30 8.3 0.0 5.0 0.4 5.8 14:30 N ------------------------------------------------------------------------------------- 11.3 20.6 11 3.5 9 209.1 0.5 113.0 0.8 13.4 14 N Max >= 32.0: 0 Max <= 0.0: 0 Min <= 0.0: 0 Min <= -18.0: 0 Max Rain: 26.19 ON 03.09.12 Days of Rain: 24 (> .2 mm) 16 (> 2 mm) 1 (> 20 mm) Heat Base: 18.3 Cool Base: 18.3 Method: Integration