NOAA-style Climate Reports

2019: Jan | Feb | Mar | Apr | May | Jun | Jul | Aug | Sep | Oct | Nov | Dec 
2018: Jan | Feb | Mar | Apr | May | Jun | Jul | Aug | Sep | Oct | Nov | Dec 
2017: Jan | Feb | Mar | Apr | May | Jun | Jul | Aug | Sep | Oct | Nov | Dec 
2016: Jan | Feb | Mar | Apr | May | Jun | Jul | Aug | Sep | Oct | Nov | Dec 
2015: Jan | Feb | Mar | Apr | May | Jun | Jul | Aug | Sep | Oct | Nov | Dec 
2014: Jan | Feb | Mar | Apr | May | Jun | Jul | Aug | Sep | Oct | Nov | Dec 
2013: Jan | Feb | Mar | Apr | May | Jun | Jul | Aug | Sep | Oct | Nov | Dec 
2012: Jan | Feb | Mar | Apr | May | Jun | Jul | Aug | Sep | Oct | Nov | Dec 
2011: Jan | Feb | Mar | Apr | May | Jun | Jul | Aug | Sep | Oct | Nov | Dec 
2010: Jan | Feb | Mar | Apr | May | Jun | Jul | Aug | Sep | Oct | Nov | Dec 
2009: Jan | Feb | Mar | Apr | May | Jun | Jul | Aug | Sep | Oct | Nov | Dec 
2008: Jan | Feb | Mar | Apr | May | Jun | Jul | Aug | Sep | Oct | Nov | Dec 
2007: Jan | Feb | Mar | Apr | May | Jun | Jul | Aug | Sep | Oct | Nov | Dec 
2006: Jan | Feb | Mar | Apr | May | Jun | Jul | Aug | Sep | Oct | Nov | Dec 

Report for 2012 08
MONTHLY CLIMATOLOGICAL SUMMARY for AUG. 2012 NAME: Station #1 CITY: Rauma STATE: Finland ELEV: 16 m LAT: 61 08' 38" N LONG: 21 31' 26" E TEMPERATURE (C), RAIN (mm), WIND SPEED (m/s) HEAT COOL AVG MEAN DEG DEG WIND DOM DAY TEMP HIGH TIME LOW TIME DAYS DAYS RAIN SPEED HIGH TIME DIR ------------------------------------------------------------------------------------ 1 15.5 19.6 17:00 11.4 5:00 2.9 0.1 0.8 0.8 8.9 12:30 SW 2 17.1 21.9 17:30 11.7 5:30 2.0 0.8 0.0 1.4 10.3 11:00 S 3 18.4 23.0 12:00 14.7 2:00 1.1 1.1 0.0 1.2 7.6 10:30 S 4 17.6 20.1 17:30 15.0 00:00 0.9 0.2 0.0 0.9 9.8 14:30 SW 5 17.9 22.2 18:00 13.5 7:00 1.2 0.8 0.0 1.1 8.5 14:00 SW 6 18.5 23.3 18:00 13.8 5:00 1.4 1.6 0.0 0.4 5.8 15:00 S 7 16.3 17.7 13:00 13.9 00:00 2.0 0.0 12.2 0.7 8.0 9:00 SE 8 14.6 17.2 14:30 10.4 00:00 3.7 0.0 0.8 0.2 7.2 16:00 NW 9 12.6 18.2 15:00 6.0 5:00 5.7 0.0 0.0 0.1 4.5 10:30 NW 10 13.6 17.8 15:30 8.4 6:30 4.7 0.0 0.0 0.1 4.9 11:00 SE 11 13.6 19.7 16:00 5.7 7:00 4.7 0.0 0.0 0.1 4.0 14:00 WSW 12 15.4 18.2 13:30 12.6 6:30 2.9 0.0 1.0 0.1 4.5 10:00 SW 13 16.1 20.3 17:30 12.2 7:00 2.4 0.2 0.0 0.0 3.1 18:30 SE 14 17.2 24.6 17:30 10.8 4:30 2.8 1.7 0.0 0.2 5.8 13:00 SE 15 17.6 23.8 14:30 11.4 7:00 2.2 1.6 0.0 0.0 2.7 16:00 WNW 16 17.6 25.6 13:30 12.6 6:30 2.0 1.2 1.0 0.0 8.0 15:30 ESE 17 17.2 23.7 15:00 10.1 7:00 2.6 1.5 0.2 0.1 3.1 13:30 WNW 18 17.1 22.9 16:00 10.3 6:30 2.4 1.2 0.0 0.4 5.8 14:00 SW 19 17.7 20.0 16:30 15.0 23:30 0.7 0.2 1.6 0.2 5.4 7:00 SW 20 13.7 18.3 17:00 8.1 00:00 4.6 0.0 0.0 0.2 6.3 10:30 SE 21 12.1 17.4 15:30 6.7 2:00 6.2 0.0 1.0 1.0 8.5 16:00 SE 22 15.9 18.4 18:00 13.2 00:00 2.4 0.0 6.2 0.4 5.4 6:00 SSE 23 14.2 17.7 19:00 10.3 3:30 4.1 0.0 0.0 0.1 4.5 14:30 WNW 24 13.3 20.6 13:30 7.0 7:00 5.0 0.1 0.0 0.0 4.0 14:00 WNW 25 12.3 18.2 19:00 4.6 6:30 6.0 0.0 0.0 0.1 2.7 11:00 S 26 14.4 19.4 13:30 10.3 1:30 3.9 0.0 4.0 0.5 6.3 16:30 SE 27 13.7 17.4 13:00 11.6 21:30 4.6 0.0 7.8 0.7 8.9 21:30 SE 28 12.1 13.3 14:30 10.9 00:00 6.2 0.0 0.0 0.2 6.3 0:30 N 29 12.5 17.3 17:30 8.4 3:30 5.8 0.0 0.0 0.2 4.0 17:30 N 30 15.5 20.4 15:00 10.5 4:00 3.1 0.3 0.0 0.9 8.0 17:30 N 31 15.5 19.7 16:30 12.1 00:00 2.9 0.1 1.6 1.1 8.5 16:30 N ------------------------------------------------------------------------------------- 15.4 25.6 16 4.6 25 103.3 12.8 38.1 0.4 10.3 2 SE Max >= 32.0: 0 Max <= 0.0: 0 Min <= 0.0: 0 Min <= -18.0: 0 Max Rain: 12.19 ON 07.08.12 Days of Rain: 12 (> .2 mm) 4 (> 2 mm) 0 (> 20 mm) Heat Base: 18.3 Cool Base: 18.3 Method: Integration