NOAA-style Climate Reports

2019: Jan | Feb | Mar | Apr | May | Jun | Jul | Aug | Sep | Oct | Nov | Dec 
2018: Jan | Feb | Mar | Apr | May | Jun | Jul | Aug | Sep | Oct | Nov | Dec 
2017: Jan | Feb | Mar | Apr | May | Jun | Jul | Aug | Sep | Oct | Nov | Dec 
2016: Jan | Feb | Mar | Apr | May | Jun | Jul | Aug | Sep | Oct | Nov | Dec 
2015: Jan | Feb | Mar | Apr | May | Jun | Jul | Aug | Sep | Oct | Nov | Dec 
2014: Jan | Feb | Mar | Apr | May | Jun | Jul | Aug | Sep | Oct | Nov | Dec 
2013: Jan | Feb | Mar | Apr | May | Jun | Jul | Aug | Sep | Oct | Nov | Dec 
2012: Jan | Feb | Mar | Apr | May | Jun | Jul | Aug | Sep | Oct | Nov | Dec 
2011: Jan | Feb | Mar | Apr | May | Jun | Jul | Aug | Sep | Oct | Nov | Dec 
2010: Jan | Feb | Mar | Apr | May | Jun | Jul | Aug | Sep | Oct | Nov | Dec 
2009: Jan | Feb | Mar | Apr | May | Jun | Jul | Aug | Sep | Oct | Nov | Dec 
2008: Jan | Feb | Mar | Apr | May | Jun | Jul | Aug | Sep | Oct | Nov | Dec 
2007: Jan | Feb | Mar | Apr | May | Jun | Jul | Aug | Sep | Oct | Nov | Dec 
2006: Jan | Feb | Mar | Apr | May | Jun | Jul | Aug | Sep | Oct | Nov | Dec 

Report for 2012 07
MONTHLY CLIMATOLOGICAL SUMMARY for JUL. 2012 NAME: Station #1 CITY: Rauma STATE: Finland ELEV: 16 m LAT: 61 08' 38" N LONG: 21 31' 26" E TEMPERATURE (C), RAIN (mm), WIND SPEED (m/s) HEAT COOL AVG MEAN DEG DEG WIND DOM DAY TEMP HIGH TIME LOW TIME DAYS DAYS RAIN SPEED HIGH TIME DIR ------------------------------------------------------------------------------------ 1 17.5 23.1 18:00 12.8 3:00 1.9 1.1 0.2 1.6 9.4 16:30 SSE 2 16.5 19.0 17:30 14.6 5:30 1.8 0.1 0.0 1.7 10.3 11:30 SW 3 15.8 18.9 16:00 12.2 00:00 2.5 0.0 0.0 0.9 6.3 3:30 SW 4 16.1 23.7 14:30 6.6 5:30 3.6 1.4 0.0 0.1 3.1 12:30 NW 5 19.8 26.3 13:30 12.1 5:00 1.5 3.0 0.0 0.3 6.3 12:30 SE 6 20.7 25.4 16:00 13.9 5:30 1.0 3.4 0.0 0.6 8.0 13:30 SE 7 20.3 24.0 18:00 17.7 7:00 0.0 2.1 4.0 0.3 6.3 13:00 SE 8 19.3 21.8 13:00 18.1 4:30 0.0 1.0 15.0 0.4 4.9 13:00 SE 9 16.6 18.4 0:30 15.0 23:30 1.7 0.0 3.2 0.8 7.2 18:30 S 10 16.7 19.1 19:00 14.7 4:30 1.6 0.0 0.0 1.7 9.8 17:30 S 11 15.4 17.3 17:30 14.0 11:00 2.9 0.0 7.0 1.1 7.6 19:00 SSE 12 16.2 20.7 17:00 12.6 5:30 2.5 0.4 0.6 1.0 7.6 16:00 SE 13 16.1 20.5 17:30 12.9 8:00 2.5 0.2 5.0 0.7 7.2 17:00 SSE 14 16.3 20.4 17:30 12.0 5:00 2.3 0.4 0.0 1.4 9.8 12:30 S 15 15.8 20.4 13:30 13.8 4:00 2.6 0.1 17.2 0.4 6.7 11:30 SE 16 14.2 16.2 11:30 12.5 00:00 4.2 0.0 5.0 0.2 5.4 15:30 WNW 17 15.1 19.0 17:30 10.7 00:00 3.2 0.0 0.0 0.2 4.9 11:30 WNW 18 14.6 20.0 15:00 8.5 2:30 4.0 0.3 0.0 0.2 5.8 17:00 WNW 19 15.7 20.4 15:00 10.4 3:00 3.0 0.4 0.0 0.3 5.8 15:00 WNW 20 14.8 20.2 16:30 7.6 5:00 3.9 0.3 0.0 0.2 5.4 11:00 NW 21 12.8 16.3 14:00 8.7 5:00 5.5 0.0 0.2 0.2 5.8 18:00 NW 22 16.1 21.2 16:00 9.1 2:00 2.8 0.6 0.0 1.3 9.4 20:00 SW 23 15.5 17.1 2:00 13.2 8:30 2.8 0.0 3.4 1.9 10.3 7:00 SW 24 17.7 20.1 14:00 15.9 3:00 0.8 0.2 0.0 1.5 10.3 14:00 SW 25 19.2 24.5 16:00 16.1 00:00 0.6 1.5 5.4 1.1 9.4 16:30 SW 26 16.9 21.0 13:30 12.8 00:00 1.7 0.3 2.4 0.2 4.9 14:00 NW 27 15.4 21.8 16:00 7.7 6:00 3.6 0.7 0.0 0.1 4.0 17:00 NW 28 19.1 27.8 18:00 8.2 6:00 3.1 3.8 0.0 1.0 8.0 17:30 SE 29 21.3 24.3 18:00 17.3 00:00 0.0 3.1 0.0 1.0 7.6 3:30 SE 30 18.3 20.4 19:30 15.0 00:00 0.5 0.5 6.8 0.9 7.6 19:30 SE 31 17.3 21.3 15:00 14.2 1:30 1.6 0.6 0.6 1.4 9.4 18:00 S ------------------------------------------------------------------------------------- 16.9 27.8 28 6.6 4 69.9 25.4 76.0 0.8 10.3 2 SW Max >= 32.0: 0 Max <= 0.0: 0 Min <= 0.0: 0 Min <= -18.0: 0 Max Rain: 17.20 ON 15.07.12 Days of Rain: 15 (> .2 mm) 11 (> 2 mm) 0 (> 20 mm) Heat Base: 18.3 Cool Base: 18.3 Method: Integration