NOAA-style Climate Reports

2019: Jan | Feb | Mar | Apr | May | Jun | Jul | Aug | Sep | Oct | Nov | Dec 
2018: Jan | Feb | Mar | Apr | May | Jun | Jul | Aug | Sep | Oct | Nov | Dec 
2017: Jan | Feb | Mar | Apr | May | Jun | Jul | Aug | Sep | Oct | Nov | Dec 
2016: Jan | Feb | Mar | Apr | May | Jun | Jul | Aug | Sep | Oct | Nov | Dec 
2015: Jan | Feb | Mar | Apr | May | Jun | Jul | Aug | Sep | Oct | Nov | Dec 
2014: Jan | Feb | Mar | Apr | May | Jun | Jul | Aug | Sep | Oct | Nov | Dec 
2013: Jan | Feb | Mar | Apr | May | Jun | Jul | Aug | Sep | Oct | Nov | Dec 
2012: Jan | Feb | Mar | Apr | May | Jun | Jul | Aug | Sep | Oct | Nov | Dec 
2011: Jan | Feb | Mar | Apr | May | Jun | Jul | Aug | Sep | Oct | Nov | Dec 
2010: Jan | Feb | Mar | Apr | May | Jun | Jul | Aug | Sep | Oct | Nov | Dec 
2009: Jan | Feb | Mar | Apr | May | Jun | Jul | Aug | Sep | Oct | Nov | Dec 
2008: Jan | Feb | Mar | Apr | May | Jun | Jul | Aug | Sep | Oct | Nov | Dec 
2007: Jan | Feb | Mar | Apr | May | Jun | Jul | Aug | Sep | Oct | Nov | Dec 
2006: Jan | Feb | Mar | Apr | May | Jun | Jul | Aug | Sep | Oct | Nov | Dec 

Report for 2012 06
MONTHLY CLIMATOLOGICAL SUMMARY for JUN. 2012 NAME: Station #1 CITY: Rauma STATE: Finland ELEV: 16 m LAT: 61 08' 38" N LONG: 21 31' 26" E TEMPERATURE (C), RAIN (mm), WIND SPEED (m/s) HEAT COOL AVG MEAN DEG DEG WIND DOM DAY TEMP HIGH TIME LOW TIME DAYS DAYS RAIN SPEED HIGH TIME DIR ------------------------------------------------------------------------------------ 1 7.5 10.7 14:30 4.9 4:30 10.8 0.0 19.6 0.0 6.7 0:30 NE 2 8.6 11.4 16:30 7.5 2:30 9.7 0.0 10.6 1.0 12.1 19:30 ESE 3 8.1 9.5 15:30 6.9 5:30 10.2 0.0 0.8 2.1 10.3 0:30 SE 4 10.8 15.3 18:00 7.1 5:30 7.5 0.0 0.6 1.3 8.5 18:30 SE 5 10.2 15.4 18:00 4.8 2:00 8.1 0.0 0.4 0.5 5.8 14:30 SE 6 9.6 13.9 14:30 5.3 3:30 8.7 0.0 0.0 0.2 5.4 13:30 SW 7 10.8 15.8 19:00 6.8 4:00 7.5 0.0 0.0 0.2 4.5 17:00 SW 8 12.7 18.9 18:00 3.6 5:00 5.6 0.0 0.0 0.7 6.7 13:30 SW 9 10.2 13.8 10:30 4.7 4:30 8.1 0.0 2.8 0.0 4.0 00:00 SE 10 13.2 17.9 15:30 8.7 4:30 5.2 0.0 0.4 0.8 7.6 15:00 SW 11 14.6 19.8 13:30 9.3 4:30 3.8 0.1 0.0 0.7 6.7 18:00 SSE 12 13.3 18.7 14:30 6.2 5:30 4.9 0.0 0.0 0.2 5.8 16:00 WNW 13 13.7 18.8 16:30 8.3 5:00 4.6 0.0 0.0 0.2 5.4 12:00 WNW 14 14.5 21.8 16:00 6.2 5:00 4.4 0.6 0.0 1.1 8.9 18:30 S 15 13.9 17.4 18:30 10.5 00:00 4.4 0.0 0.0 0.4 4.9 15:30 S 16 13.1 17.9 11:00 7.8 3:00 5.2 0.0 1.2 0.2 4.0 12:00 SW 17 13.2 16.4 17:00 11.2 00:00 5.1 0.0 0.2 0.2 6.3 22:00 SE 18 14.8 18.6 17:00 11.2 0:30 3.5 0.0 0.0 1.2 7.6 12:00 SW 19 12.9 15.6 18:00 11.4 00:00 5.3 0.0 10.6 0.6 7.6 20:30 S 20 12.3 15.7 19:00 9.7 5:00 6.0 0.0 0.2 0.9 8.9 2:30 WNW 21 12.9 17.1 18:00 7.7 3:00 5.3 0.0 0.0 0.2 5.4 15:30 WNW 22 13.9 21.0 16:00 3.7 5:30 4.9 0.5 0.0 0.1 4.9 15:00 NW 23 14.6 20.3 15:30 7.6 4:30 4.0 0.2 0.0 0.2 7.6 14:30 SE 24 14.4 18.3 15:30 10.6 00:00 3.9 0.0 0.0 0.2 5.8 13:00 NW 25 12.3 17.4 13:30 7.6 4:00 6.0 0.0 13.0 0.5 8.5 12:00 SE 26 13.4 17.2 20:00 9.8 5:30 4.9 0.0 7.8 0.0 3.1 1:30 SE 27 13.3 15.6 17:30 11.0 00:00 5.0 0.0 1.2 0.4 9.4 16:00 NW 28 12.3 15.6 13:00 8.2 4:30 6.0 0.0 0.0 0.3 8.0 15:00 WNW 29 14.3 21.3 16:30 4.4 6:00 4.6 0.6 0.0 0.9 8.5 18:30 S 30 14.3 16.8 13:30 13.3 3:00 4.0 0.0 11.8 2.1 12.1 14:30 SSE ------------------------------------------------------------------------------------- 12.5 21.8 14 3.6 8 177.4 2.1 81.2 0.6 12.1 2 SE Max >= 32.0: 0 Max <= 0.0: 0 Min <= 0.0: 0 Min <= -18.0: 0 Max Rain: 19.61 ON 01.06.12 Days of Rain: 15 (> .2 mm) 7 (> 2 mm) 0 (> 20 mm) Heat Base: 18.3 Cool Base: 18.3 Method: Integration