NOAA-style Climate Reports

2019: Jan | Feb | Mar | Apr | May | Jun | Jul | Aug | Sep | Oct | Nov | Dec 
2018: Jan | Feb | Mar | Apr | May | Jun | Jul | Aug | Sep | Oct | Nov | Dec 
2017: Jan | Feb | Mar | Apr | May | Jun | Jul | Aug | Sep | Oct | Nov | Dec 
2016: Jan | Feb | Mar | Apr | May | Jun | Jul | Aug | Sep | Oct | Nov | Dec 
2015: Jan | Feb | Mar | Apr | May | Jun | Jul | Aug | Sep | Oct | Nov | Dec 
2014: Jan | Feb | Mar | Apr | May | Jun | Jul | Aug | Sep | Oct | Nov | Dec 
2013: Jan | Feb | Mar | Apr | May | Jun | Jul | Aug | Sep | Oct | Nov | Dec 
2012: Jan | Feb | Mar | Apr | May | Jun | Jul | Aug | Sep | Oct | Nov | Dec 
2011: Jan | Feb | Mar | Apr | May | Jun | Jul | Aug | Sep | Oct | Nov | Dec 
2010: Jan | Feb | Mar | Apr | May | Jun | Jul | Aug | Sep | Oct | Nov | Dec 
2009: Jan | Feb | Mar | Apr | May | Jun | Jul | Aug | Sep | Oct | Nov | Dec 
2008: Jan | Feb | Mar | Apr | May | Jun | Jul | Aug | Sep | Oct | Nov | Dec 
2007: Jan | Feb | Mar | Apr | May | Jun | Jul | Aug | Sep | Oct | Nov | Dec 
2006: Jan | Feb | Mar | Apr | May | Jun | Jul | Aug | Sep | Oct | Nov | Dec 

Report for 2012 04
MONTHLY CLIMATOLOGICAL SUMMARY for APR. 2012 NAME: Station #1 CITY: Rauma STATE: Finland ELEV: 16 m LAT: 61 08' 38" N LONG: 21 31' 26" E TEMPERATURE (C), RAIN (mm), WIND SPEED (m/s) HEAT COOL AVG MEAN DEG DEG WIND DOM DAY TEMP HIGH TIME LOW TIME DAYS DAYS RAIN SPEED HIGH TIME DIR ------------------------------------------------------------------------------------ 1 -0.6 3.2 12:30 -3.3 8:30 18.8 0.0 0.4 0.4 7.2 14:30 SW 2 -2.1 1.3 19:00 -5.1 4:30 20.4 0.0 2.8 0.0 2.7 16:30 NW 3 -2.1 1.8 17:30 -5.8 7:30 20.4 0.0 0.2 0.2 4.9 15:30 NW 4 0.3 3.6 18:00 -3.2 4:00 18.0 0.0 0.4 0.6 8.5 17:00 NW 5 2.6 5.1 17:30 -1.4 6:00 15.7 0.0 0.0 0.8 8.0 12:00 SW 6 0.6 3.8 0:30 -2.8 00:00 17.7 0.0 0.8 0.7 8.5 2:00 NW 7 -2.1 3.7 14:00 -9.3 7:30 20.4 0.0 0.0 0.3 4.9 16:30 NW 8 -1.2 3.3 13:30 -7.8 8:00 19.5 0.0 0.0 0.2 4.9 17:00 NW 9 1.9 7.1 17:00 -3.5 1:00 16.3 0.0 0.4 1.3 10.3 14:00 S 10 4.2 7.8 15:30 0.9 3:30 14.1 0.0 0.0 3.2 15.2 16:00 SSE 11 5.9 7.8 16:30 2.9 7:00 12.4 0.0 0.8 3.1 14.3 3:30 SSE 12 7.6 11.7 16:30 4.3 23:30 10.7 0.0 1.0 1.3 7.6 0:30 SSE 13 5.1 6.4 17:00 3.7 6:00 13.2 0.0 6.2 0.0 1.8 20:30 NNE 14 3.9 5.0 0:30 1.2 23:00 14.4 0.0 8.2 0.4 5.8 22:00 SE 15 2.9 6.4 17:30 -1.8 00:00 15.4 0.0 0.2 0.6 9.8 1:30 NW 16 3.3 9.6 15:00 -2.4 2:30 15.0 0.0 0.0 0.3 8.0 11:00 ENE 17 2.0 3.9 16:00 0.2 7:30 16.3 0.0 1.0 0.4 7.6 22:30 SW 18 1.3 4.2 16:30 -1.6 00:00 17.0 0.0 3.4 0.8 7.2 11:00 WNW 19 3.8 9.4 16:00 -2.1 5:30 14.5 0.0 0.0 0.4 6.3 13:00 SE 20 2.4 3.7 00:00 0.8 11:30 15.9 0.0 10.4 0.5 8.5 14:30 ENE 21 4.1 5.2 6:30 3.0 12:30 14.2 0.0 0.4 1.3 8.5 11:00 S 22 7.0 15.4 18:30 0.1 5:30 11.3 0.0 2.0 0.2 7.2 18:00 SE 23 7.2 9.9 12:30 3.6 00:00 11.2 0.0 1.6 0.0 3.1 10:00 SE 24 4.8 8.9 19:00 1.3 00:00 13.5 0.0 2.0 0.2 4.5 15:30 SW 25 7.7 15.3 15:00 -1.1 6:00 10.6 0.0 0.2 0.2 5.4 19:00 SE 26 7.3 9.6 0:30 5.8 4:30 11.0 0.0 4.0 1.4 9.4 15:00 SE 27 10.1 15.9 17:00 6.6 4:30 8.3 0.0 2.2 2.4 11.6 16:00 S 28 9.1 12.3 19:00 4.3 00:00 9.3 0.0 0.0 1.7 11.6 11:00 SW 29 6.0 11.4 14:00 0.7 6:30 12.3 0.0 0.0 0.2 4.9 15:00 NW 30 6.7 12.9 12:00 -1.1 6:00 11.6 0.0 0.0 0.3 5.8 23:00 WNW ------------------------------------------------------------------------------------- 3.7 15.9 27 -9.3 7 439.3 0.0 48.6 0.8 15.2 10 NW Max >= 32.0: 0 Max <= 0.0: 0 Min <= 0.0: 15 Min <= -18.0: 0 Max Rain: 10.39 ON 20.04.12 Days of Rain: 21 (> .2 mm) 9 (> 2 mm) 0 (> 20 mm) Heat Base: 18.3 Cool Base: 18.3 Method: Integration