NOAA-style Climate Reports

2019: Jan | Feb | Mar | Apr | May | Jun | Jul | Aug | Sep | Oct | Nov | Dec 
2018: Jan | Feb | Mar | Apr | May | Jun | Jul | Aug | Sep | Oct | Nov | Dec 
2017: Jan | Feb | Mar | Apr | May | Jun | Jul | Aug | Sep | Oct | Nov | Dec 
2016: Jan | Feb | Mar | Apr | May | Jun | Jul | Aug | Sep | Oct | Nov | Dec 
2015: Jan | Feb | Mar | Apr | May | Jun | Jul | Aug | Sep | Oct | Nov | Dec 
2014: Jan | Feb | Mar | Apr | May | Jun | Jul | Aug | Sep | Oct | Nov | Dec 
2013: Jan | Feb | Mar | Apr | May | Jun | Jul | Aug | Sep | Oct | Nov | Dec 
2012: Jan | Feb | Mar | Apr | May | Jun | Jul | Aug | Sep | Oct | Nov | Dec 
2011: Jan | Feb | Mar | Apr | May | Jun | Jul | Aug | Sep | Oct | Nov | Dec 
2010: Jan | Feb | Mar | Apr | May | Jun | Jul | Aug | Sep | Oct | Nov | Dec 
2009: Jan | Feb | Mar | Apr | May | Jun | Jul | Aug | Sep | Oct | Nov | Dec 
2008: Jan | Feb | Mar | Apr | May | Jun | Jul | Aug | Sep | Oct | Nov | Dec 
2007: Jan | Feb | Mar | Apr | May | Jun | Jul | Aug | Sep | Oct | Nov | Dec 
2006: Jan | Feb | Mar | Apr | May | Jun | Jul | Aug | Sep | Oct | Nov | Dec 

Report for 2012 03
MONTHLY CLIMATOLOGICAL SUMMARY for MAR. 2012 NAME: Station #1 CITY: Rauma STATE: Finland ELEV: 16 m LAT: 61 08' 38" N LONG: 21 31' 26" E TEMPERATURE (C), RAIN (mm), WIND SPEED (m/s) HEAT COOL AVG MEAN DEG DEG WIND DOM DAY TEMP HIGH TIME LOW TIME DAYS DAYS RAIN SPEED HIGH TIME DIR ------------------------------------------------------------------------------------ 1 2.6 7.3 17:30 -1.7 0:30 15.8 0.0 0.6 0.1 4.5 23:00 SW 2 1.9 3.4 15:30 0.6 3:30 16.4 0.0 4.2 1.5 9.8 13:00 NW 3 -0.9 1.9 15:00 -4.9 23:30 19.2 0.0 0.0 0.2 4.0 1:00 NW 4 -4.4 1.9 15:30 -10.6 8:00 22.7 0.0 0.0 0.0 1.8 13:00 NW 5 -5.3 1.1 16:30 -10.7 8:00 23.6 0.0 0.0 0.0 2.7 12:30 NW 6 -7.3 0.7 15:30 -14.2 8:00 25.6 0.0 0.0 0.0 2.7 15:00 SE 7 -5.5 -0.4 15:00 -12.1 2:00 23.8 0.0 0.0 1.4 8.9 13:00 SSE 8 -2.3 0.1 15:30 -4.4 7:30 20.6 0.0 0.0 1.7 10.7 14:00 SSE 9 0.8 3.7 23:30 -2.5 0:30 17.5 0.0 0.0 2.6 12.5 14:30 S 10 2.7 4.6 14:00 0.9 8:00 15.6 0.0 0.8 0.4 8.5 1:00 SSE 11 2.1 3.6 13:30 0.7 6:00 16.2 0.0 0.6 0.9 8.5 21:30 NW 12 4.3 5.9 12:00 2.8 20:30 14.0 0.0 0.0 1.5 11.2 17:00 NW 13 3.2 5.8 10:00 1.3 19:30 15.1 0.0 0.0 1.7 11.2 11:30 NW 14 -0.1 1.3 0:30 -3.7 00:00 18.4 0.0 0.0 0.8 6.3 6:30 NW 15 0.2 5.2 15:30 -4.4 3:30 18.1 0.0 0.0 0.9 7.6 15:30 SSE 16 2.2 5.1 16:00 -0.7 00:00 16.1 0.0 0.0 0.6 8.0 14:30 SW 17 2.4 5.4 15:00 -0.9 1:00 15.9 0.0 0.2 1.1 8.9 11:30 SW 18 1.8 6.8 14:30 -4.7 7:30 16.5 0.0 0.4 0.2 5.4 22:00 SSE 19 1.6 3.4 14:00 0.5 18:00 16.8 0.0 0.0 0.6 7.2 00:00 SSE 20 1.1 3.3 13:00 -0.3 23:00 17.2 0.0 2.6 0.4 8.0 1:00 NW 21 3.4 6.4 12:30 0.9 0:30 14.9 0.0 0.4 0.1 3.1 4:30 WNW 22 5.6 9.3 14:00 2.1 2:30 12.7 0.0 0.0 0.5 7.2 13:30 NW 23 3.2 5.6 3:00 -0.9 23:30 15.1 0.0 0.0 0.8 6.3 1:30 NW 24 2.7 5.1 15:30 -0.7 0:30 15.6 0.0 6.0 0.2 6.3 23:30 WNW 25 2.1 3.6 1:00 -0.4 21:30 15.5 0.0 1.6 0.9 8.5 1:00 NW 26 1.6 7.5 23:30 -3.9 7:30 16.8 0.0 0.4 0.5 10.7 23:30 SW 27 4.8 6.7 0:30 2.6 21:00 13.5 0.0 0.0 1.3 9.8 0:30 NW 28 4.5 6.9 11:30 1.9 00:00 13.8 0.0 4.0 0.5 7.2 1:30 NW 29 2.7 4.8 14:00 -0.7 23:00 15.6 0.0 0.0 0.5 5.4 13:00 NW 30 0.8 4.1 13:30 -3.0 5:00 17.5 0.0 2.8 0.0 2.2 15:30 NE 31 -0.1 2.2 17:00 -2.4 00:00 18.4 0.0 3.2 0.1 5.4 20:00 NE ------------------------------------------------------------------------------------- 1.0 9.3 22 -14.2 6 534.4 0.0 27.8 0.7 12.5 9 NW Max >= 32.0: 0 Max <= 0.0: 1 Min <= 0.0: 21 Min <= -18.0: 0 Max Rain: 5.99 ON 24.03.12 Days of Rain: 14 (> .2 mm) 6 (> 2 mm) 0 (> 20 mm) Heat Base: 18.3 Cool Base: 18.3 Method: Integration