NOAA-style Climate Reports

2019: Jan | Feb | Mar | Apr | May | Jun | Jul | Aug | Sep | Oct | Nov | Dec 
2018: Jan | Feb | Mar | Apr | May | Jun | Jul | Aug | Sep | Oct | Nov | Dec 
2017: Jan | Feb | Mar | Apr | May | Jun | Jul | Aug | Sep | Oct | Nov | Dec 
2016: Jan | Feb | Mar | Apr | May | Jun | Jul | Aug | Sep | Oct | Nov | Dec 
2015: Jan | Feb | Mar | Apr | May | Jun | Jul | Aug | Sep | Oct | Nov | Dec 
2014: Jan | Feb | Mar | Apr | May | Jun | Jul | Aug | Sep | Oct | Nov | Dec 
2013: Jan | Feb | Mar | Apr | May | Jun | Jul | Aug | Sep | Oct | Nov | Dec 
2012: Jan | Feb | Mar | Apr | May | Jun | Jul | Aug | Sep | Oct | Nov | Dec 
2011: Jan | Feb | Mar | Apr | May | Jun | Jul | Aug | Sep | Oct | Nov | Dec 
2010: Jan | Feb | Mar | Apr | May | Jun | Jul | Aug | Sep | Oct | Nov | Dec 
2009: Jan | Feb | Mar | Apr | May | Jun | Jul | Aug | Sep | Oct | Nov | Dec 
2008: Jan | Feb | Mar | Apr | May | Jun | Jul | Aug | Sep | Oct | Nov | Dec 
2007: Jan | Feb | Mar | Apr | May | Jun | Jul | Aug | Sep | Oct | Nov | Dec 
2006: Jan | Feb | Mar | Apr | May | Jun | Jul | Aug | Sep | Oct | Nov | Dec 

Report for 2012 01
MONTHLY CLIMATOLOGICAL SUMMARY for JAN. 2012 NAME: Station #1 CITY: Rauma STATE: Finland ELEV: 16 m LAT: 61 08' 38" N LONG: 21 31' 26" E TEMPERATURE (C), RAIN (mm), WIND SPEED (m/s) HEAT COOL AVG MEAN DEG DEG WIND DOM DAY TEMP HIGH TIME LOW TIME DAYS DAYS RAIN SPEED HIGH TIME DIR ------------------------------------------------------------------------------------ 1 -1.9 0.2 00:00 -3.1 17:00 20.2 0.0 0.0 0.6 8.5 23:30 SE 2 0.7 1.3 9:30 -0.1 1:00 17.7 0.0 1.4 2.3 9.4 9:30 SE 3 2.4 3.7 12:00 0.6 20:00 15.8 0.0 2.2 1.3 8.9 7:30 S 4 2.2 3.4 17:00 0.7 8:30 16.1 0.0 9.0 1.9 11.6 6:00 SE 5 1.1 2.1 0:30 -0.1 23:00 17.2 0.0 2.0 1.3 10.7 0:30 SW 6 -0.7 0.2 0:30 -1.6 18:30 19.0 0.0 0.2 0.3 4.9 12:00 NW 7 -4.3 -0.4 0:30 -10.5 23:30 22.6 0.0 0.0 0.0 4.0 5:30 WNW 8 -9.9 -6.2 14:30 -13.1 8:30 28.2 0.0 0.0 0.0 0.4 5:00 SE 9 -10.2 -7.7 0:30 -12.3 20:00 28.5 0.0 0.0 0.0 0.0 --- --- 10 -5.2 0.1 23:30 -10.7 0:30 23.5 0.0 0.0 0.1 4.5 23:30 SSE 11 0.8 1.8 15:30 -0.2 0:30 17.5 0.0 0.8 0.4 6.7 19:30 SW 12 1.0 1.9 9:30 0.2 8:00 17.3 0.0 1.6 0.4 5.8 1:00 NW 13 -1.6 0.9 0:30 -3.2 18:00 19.9 0.0 0.0 1.8 8.5 8:00 NW 14 -3.5 -2.3 8:00 -5.8 00:00 21.8 0.0 0.0 0.9 7.2 5:00 NW 15 -9.2 -5.8 1:00 -14.6 22:30 27.5 0.0 0.0 0.0 2.7 2:00 NW 16 -7.8 -4.2 22:30 -13.9 0:30 26.1 0.0 0.0 0.2 4.0 18:00 SE 17 -2.5 -1.3 15:00 -4.3 0:30 20.8 0.0 0.0 0.0 2.7 2:00 SE 18 -2.9 -2.1 0:30 -3.7 19:00 21.3 0.0 0.0 0.4 9.4 00:00 SE 19 -0.5 0.7 15:30 -2.3 0:30 18.8 0.0 0.0 1.2 9.8 2:30 SE 20 -0.5 0.7 13:00 -2.2 5:30 18.8 0.0 0.2 0.1 4.0 14:30 SE 21 -2.4 -0.9 0:30 -3.4 19:30 20.7 0.0 0.0 0.3 4.9 3:00 SE 22 -2.3 -1.1 13:00 -4.7 19:00 20.7 0.0 0.0 0.0 4.9 16:30 SE 23 -4.1 -2.9 19:30 -5.9 9:30 22.4 0.0 0.0 0.0 2.2 2:00 NE 24 -7.2 -3.9 0:30 -11.8 23:30 25.5 0.0 0.0 0.0 2.2 6:00 SE 25 -8.6 -7.4 15:00 -11.1 0:30 26.9 0.0 0.0 0.0 2.7 13:00 SE 26 -6.4 -4.5 23:30 -9.5 0:30 24.7 0.0 0.0 0.6 7.2 23:30 SE 27 -8.2 -4.3 1:00 -11.2 23:00 26.5 0.0 0.0 0.5 6.7 2:00 SE 28 -8.8 -6.8 15:30 -10.9 1:30 27.1 0.0 0.0 0.3 6.3 10:30 SE 29 -9.2 -6.8 14:30 -10.6 22:00 27.5 0.0 0.0 0.2 4.9 0:30 SE 30 -9.6 -6.3 15:00 -13.4 00:00 27.8 0.0 0.0 0.1 4.0 14:30 SE 31 -12.8 -8.3 14:30 -16.4 00:00 31.1 0.0 0.0 0.1 4.0 15:30 ESE ------------------------------------------------------------------------------------- -4.3 3.7 3 -16.4 31 699.5 0.0 17.4 0.5 11.6 4 SE Max >= 32.0: 0 Max <= 0.0: 19 Min <= 0.0: 28 Min <= -18.0: 0 Max Rain: 8.99 ON 04.01.12 Days of Rain: 8 (> .2 mm) 3 (> 2 mm) 0 (> 20 mm) Heat Base: 18.3 Cool Base: 18.3 Method: Integration