NOAA-style Climate Reports

2019: Jan | Feb | Mar | Apr | May | Jun | Jul | Aug | Sep | Oct | Nov | Dec 
2018: Jan | Feb | Mar | Apr | May | Jun | Jul | Aug | Sep | Oct | Nov | Dec 
2017: Jan | Feb | Mar | Apr | May | Jun | Jul | Aug | Sep | Oct | Nov | Dec 
2016: Jan | Feb | Mar | Apr | May | Jun | Jul | Aug | Sep | Oct | Nov | Dec 
2015: Jan | Feb | Mar | Apr | May | Jun | Jul | Aug | Sep | Oct | Nov | Dec 
2014: Jan | Feb | Mar | Apr | May | Jun | Jul | Aug | Sep | Oct | Nov | Dec 
2013: Jan | Feb | Mar | Apr | May | Jun | Jul | Aug | Sep | Oct | Nov | Dec 
2012: Jan | Feb | Mar | Apr | May | Jun | Jul | Aug | Sep | Oct | Nov | Dec 
2011: Jan | Feb | Mar | Apr | May | Jun | Jul | Aug | Sep | Oct | Nov | Dec 
2010: Jan | Feb | Mar | Apr | May | Jun | Jul | Aug | Sep | Oct | Nov | Dec 
2009: Jan | Feb | Mar | Apr | May | Jun | Jul | Aug | Sep | Oct | Nov | Dec 
2008: Jan | Feb | Mar | Apr | May | Jun | Jul | Aug | Sep | Oct | Nov | Dec 
2007: Jan | Feb | Mar | Apr | May | Jun | Jul | Aug | Sep | Oct | Nov | Dec 
2006: Jan | Feb | Mar | Apr | May | Jun | Jul | Aug | Sep | Oct | Nov | Dec 

Report for 2011 12
MONTHLY CLIMATOLOGICAL SUMMARY for DEC. 2011 NAME: Station #1 CITY: Rauma STATE: Finland ELEV: 16 m LAT: 61 08' 38" N LONG: 21 31' 26" E TEMPERATURE (C), RAIN (mm), WIND SPEED (m/s) HEAT COOL AVG MEAN DEG DEG WIND DOM DAY TEMP HIGH TIME LOW TIME DAYS DAYS RAIN SPEED HIGH TIME DIR ------------------------------------------------------------------------------------ 1 5.4 8.1 20:30 2.9 8:00 12.9 0.0 5.2 2.6 16.5 20:00 S 2 4.8 6.3 6:30 2.3 20:30 13.5 0.0 0.6 1.5 11.6 1:30 SW 3 3.1 5.1 21:00 1.3 15:00 15.2 0.0 4.0 1.3 13.0 00:00 SSE 4 4.1 5.2 12:00 1.4 20:00 14.2 0.0 8.0 1.8 10.3 0:30 S 5 1.8 3.8 1:30 -1.4 19:30 16.5 0.0 0.0 1.4 11.2 8:30 SW 6 2.3 3.6 12:00 0.6 2:00 16.1 0.0 0.6 0.6 6.7 14:00 NW 7 0.6 2.2 5:00 -1.6 9:30 17.7 0.0 0.8 0.6 6.7 17:00 SE 8 0.6 1.4 1:00 -1.9 00:00 17.7 0.0 1.0 0.6 5.8 1:30 S 9 0.4 1.8 21:00 -2.3 2:00 17.9 0.0 6.2 2.5 14.8 12:30 SE 10 1.7 2.4 3:30 0.7 11:00 16.6 0.0 8.0 0.6 7.6 0:30 SE 11 1.3 2.2 1:00 0.3 00:00 17.0 0.0 2.2 0.2 8.0 5:00 NW 12 1.2 3.6 14:30 -2.2 3:30 17.1 0.0 1.8 0.7 8.0 14:30 SSE 13 3.6 4.9 22:30 2.6 1:00 14.7 0.0 5.2 1.7 10.7 23:30 SSE 14 4.2 5.5 15:30 2.7 3:30 14.1 0.0 4.0 2.3 13.4 1:00 S 15 2.9 4.3 3:00 1.7 21:30 15.3 0.0 4.6 0.7 7.2 3:30 S 16 3.2 4.9 7:30 1.9 00:00 15.1 0.0 1.0 0.8 6.7 7:30 SE 17 1.3 2.2 9:30 0.5 23:00 17.0 0.0 0.0 0.4 6.3 2:00 SE 18 1.7 3.0 15:30 0.6 0:30 16.6 0.0 10.0 0.1 5.8 20:30 ENE 19 1.9 2.3 0:30 1.4 8:30 16.4 0.0 1.6 0.2 5.4 1:00 SE 20 1.9 2.8 7:00 0.6 16:00 16.4 0.0 6.2 0.9 8.5 21:30 SW 21 1.2 2.5 4:00 -0.7 10:00 17.1 0.0 0.2 0.4 6.7 1:00 S 22 0.7 1.4 14:30 0.3 16:00 17.6 0.0 0.0 0.5 5.4 3:30 SW 23 3.4 5.7 23:30 0.8 1:30 14.9 0.0 6.6 2.1 12.1 15:30 S 24 3.1 5.9 1:30 -0.9 23:30 15.2 0.0 0.0 0.4 8.0 0:30 WNW 25 2.8 5.1 22:30 -1.2 0:30 15.5 0.0 2.8 1.7 13.9 00:00 S 26 5.8 7.8 7:30 4.3 16:30 12.4 0.0 0.2 2.7 15.2 0:30 NW 27 5.4 8.1 5:00 2.9 22:30 12.9 0.0 1.2 2.7 14.8 19:00 NW 28 2.6 4.0 00:00 0.7 18:00 15.8 0.0 1.8 1.2 10.3 2:00 NW 29 4.3 5.2 12:30 2.7 00:00 14.0 0.0 11.6 2.5 12.5 4:00 S 30 1.3 3.3 2:00 -0.8 23:30 17.0 0.0 2.6 0.4 6.3 1:30 NW 31 -0.5 0.6 9:30 -2.5 22:30 18.8 0.0 0.0 0.1 5.8 8:30 NW ------------------------------------------------------------------------------------- 2.5 8.1 1 -2.5 31 489.3 0.0 98.0 1.2 16.5 1 S Max >= 32.0: 0 Max <= 0.0: 0 Min <= 0.0: 10 Min <= -18.0: 0 Max Rain: 11.61 ON 29.12.11 Days of Rain: 26 (> .2 mm) 15 (> 2 mm) 0 (> 20 mm) Heat Base: 18.3 Cool Base: 18.3 Method: Integration