NOAA-style Climate Reports

2019: Jan | Feb | Mar | Apr | May | Jun | Jul | Aug | Sep | Oct | Nov | Dec 
2018: Jan | Feb | Mar | Apr | May | Jun | Jul | Aug | Sep | Oct | Nov | Dec 
2017: Jan | Feb | Mar | Apr | May | Jun | Jul | Aug | Sep | Oct | Nov | Dec 
2016: Jan | Feb | Mar | Apr | May | Jun | Jul | Aug | Sep | Oct | Nov | Dec 
2015: Jan | Feb | Mar | Apr | May | Jun | Jul | Aug | Sep | Oct | Nov | Dec 
2014: Jan | Feb | Mar | Apr | May | Jun | Jul | Aug | Sep | Oct | Nov | Dec 
2013: Jan | Feb | Mar | Apr | May | Jun | Jul | Aug | Sep | Oct | Nov | Dec 
2012: Jan | Feb | Mar | Apr | May | Jun | Jul | Aug | Sep | Oct | Nov | Dec 
2011: Jan | Feb | Mar | Apr | May | Jun | Jul | Aug | Sep | Oct | Nov | Dec 
2010: Jan | Feb | Mar | Apr | May | Jun | Jul | Aug | Sep | Oct | Nov | Dec 
2009: Jan | Feb | Mar | Apr | May | Jun | Jul | Aug | Sep | Oct | Nov | Dec 
2008: Jan | Feb | Mar | Apr | May | Jun | Jul | Aug | Sep | Oct | Nov | Dec 
2007: Jan | Feb | Mar | Apr | May | Jun | Jul | Aug | Sep | Oct | Nov | Dec 
2006: Jan | Feb | Mar | Apr | May | Jun | Jul | Aug | Sep | Oct | Nov | Dec 

Report for 2011 11
MONTHLY CLIMATOLOGICAL SUMMARY for NOV. 2011 NAME: Station #1 CITY: Rauma STATE: Finland ELEV: 16 m LAT: 61 08' 38" N LONG: 21 31' 26" E TEMPERATURE (C), RAIN (mm), WIND SPEED (m/s) HEAT COOL AVG MEAN DEG DEG WIND DOM DAY TEMP HIGH TIME LOW TIME DAYS DAYS RAIN SPEED HIGH TIME DIR ------------------------------------------------------------------------------------ 1 9.6 12.0 22:30 6.4 1:00 8.7 0.0 0.0 1.4 9.8 15:30 SW 2 10.2 11.8 0:30 8.8 00:00 8.1 0.0 0.0 1.5 9.8 7:30 SW 3 9.1 9.7 12:30 6.5 00:00 9.3 0.0 0.0 0.1 3.1 10:30 SW 4 7.6 8.9 15:30 5.8 0:30 10.8 0.0 0.0 0.3 5.4 22:00 SE 5 6.9 7.6 3:00 6.4 11:00 11.4 0.0 0.0 0.8 7.6 8:00 SE 6 7.6 8.5 11:30 6.4 0:30 10.7 0.0 0.0 0.6 8.5 11:30 SE 7 7.3 8.3 7:00 6.1 21:30 11.0 0.0 0.2 0.2 4.9 20:30 SW 8 7.4 11.0 12:00 2.7 00:00 10.9 0.0 0.0 0.4 6.7 12:00 SW 9 2.4 4.5 14:00 -0.1 22:30 15.9 0.0 0.2 0.0 2.2 17:30 SE 10 4.9 7.9 16:00 0.0 0:30 13.3 0.0 0.0 0.4 5.8 15:30 SW 11 5.8 7.5 0:30 4.6 00:00 12.5 0.0 0.2 0.3 6.3 1:30 SW 12 4.3 5.6 22:30 3.3 7:30 14.0 0.0 0.6 0.4 5.8 20:30 SE 13 4.6 6.9 00:00 2.9 19:30 13.8 0.0 0.2 1.2 8.0 13:00 SW 14 6.9 8.9 13:00 2.9 00:00 11.4 0.0 4.2 0.6 8.5 6:00 NW 15 0.8 5.3 16:00 -2.1 00:00 17.5 0.0 0.2 0.0 2.7 15:30 WNW 16 5.1 7.1 14:00 -2.0 0:30 13.2 0.0 0.2 0.4 6.7 10:30 NW 17 5.7 6.9 13:30 3.7 9:00 12.6 0.0 0.2 0.0 5.4 1:00 WSW 18 5.3 6.1 0:30 3.8 19:30 13.0 0.0 0.0 0.4 8.5 23:30 SW 19 3.3 6.4 14:30 -1.8 00:00 15.0 0.0 4.4 0.1 8.0 1:30 NW 20 -2.7 -0.2 00:00 -4.7 8:00 21.0 0.0 0.0 0.2 5.4 23:30 SE 21 2.1 3.3 15:00 -0.2 0:30 16.3 0.0 0.6 0.4 5.8 5:00 SSE 22 2.4 4.1 2:30 1.3 20:00 15.9 0.0 0.8 0.0 2.7 16:00 SE 23 4.7 6.8 18:30 2.2 0:30 13.6 0.0 1.6 1.5 12.1 18:30 S 24 6.2 7.7 12:30 2.9 00:00 12.1 0.0 3.6 1.7 13.0 3:30 S 25 6.9 8.8 11:00 3.1 0:30 11.4 0.0 2.2 2.5 14.8 19:00 S 26 5.6 6.8 0:30 4.9 21:00 12.7 0.0 0.0 1.9 11.6 2:30 SW 27 4.7 8.7 16:00 1.6 23:30 13.6 0.0 16.4 0.9 12.5 16:30 NW 28 4.4 5.8 21:00 2.2 0:30 13.9 0.0 0.8 2.1 15.6 7:00 NW 29 3.6 6.4 21:00 -1.7 6:30 14.7 0.0 0.4 0.9 11.6 22:00 S 30 6.5 8.1 14:30 5.4 00:00 11.8 0.0 0.8 2.5 17.0 14:00 S ------------------------------------------------------------------------------------- 5.3 12.0 1 -4.7 20 390.0 0.0 37.8 0.8 17.0 30 SE Max >= 32.0: 0 Max <= 0.0: 1 Min <= 0.0: 8 Min <= -18.0: 0 Max Rain: 16.41 ON 27.11.11 Days of Rain: 19 (> .2 mm) 5 (> 2 mm) 0 (> 20 mm) Heat Base: 18.3 Cool Base: 18.3 Method: Integration