NOAA-style Climate Reports

2019: Jan | Feb | Mar | Apr | May | Jun | Jul | Aug | Sep | Oct | Nov | Dec 
2018: Jan | Feb | Mar | Apr | May | Jun | Jul | Aug | Sep | Oct | Nov | Dec 
2017: Jan | Feb | Mar | Apr | May | Jun | Jul | Aug | Sep | Oct | Nov | Dec 
2016: Jan | Feb | Mar | Apr | May | Jun | Jul | Aug | Sep | Oct | Nov | Dec 
2015: Jan | Feb | Mar | Apr | May | Jun | Jul | Aug | Sep | Oct | Nov | Dec 
2014: Jan | Feb | Mar | Apr | May | Jun | Jul | Aug | Sep | Oct | Nov | Dec 
2013: Jan | Feb | Mar | Apr | May | Jun | Jul | Aug | Sep | Oct | Nov | Dec 
2012: Jan | Feb | Mar | Apr | May | Jun | Jul | Aug | Sep | Oct | Nov | Dec 
2011: Jan | Feb | Mar | Apr | May | Jun | Jul | Aug | Sep | Oct | Nov | Dec 
2010: Jan | Feb | Mar | Apr | May | Jun | Jul | Aug | Sep | Oct | Nov | Dec 
2009: Jan | Feb | Mar | Apr | May | Jun | Jul | Aug | Sep | Oct | Nov | Dec 
2008: Jan | Feb | Mar | Apr | May | Jun | Jul | Aug | Sep | Oct | Nov | Dec 
2007: Jan | Feb | Mar | Apr | May | Jun | Jul | Aug | Sep | Oct | Nov | Dec 
2006: Jan | Feb | Mar | Apr | May | Jun | Jul | Aug | Sep | Oct | Nov | Dec 

Report for 2011 08
MONTHLY CLIMATOLOGICAL SUMMARY for AUG. 2011 NAME: Station #1 CITY: Rauma STATE: Finland ELEV: 16 m LAT: 61 08' 38" N LONG: 21 31' 26" E TEMPERATURE (C), RAIN (mm), WIND SPEED (m/s) HEAT COOL AVG MEAN DEG DEG WIND DOM DAY TEMP HIGH TIME LOW TIME DAYS DAYS RAIN SPEED HIGH TIME DIR ------------------------------------------------------------------------------------ 1 17.8 23.1 12:30 12.1 6:00 1.8 1.3 0.0 0.1 5.4 13:30 NW 2 15.1 22.3 17:00 7.7 5:30 3.8 0.6 0.0 0.1 4.9 16:00 SE 3 16.0 22.3 17:30 7.4 6:30 3.4 1.1 0.0 0.4 5.8 16:30 SW 4 17.6 23.4 15:30 9.4 4:30 2.5 1.8 0.0 0.8 8.0 12:00 SW 5 18.0 23.4 16:30 11.7 5:00 1.8 1.5 0.0 0.8 7.2 17:30 S 6 18.6 22.1 19:00 15.6 5:30 0.9 1.1 1.4 0.5 6.7 20:00 S 7 18.2 21.9 14:30 15.7 21:30 1.0 0.8 9.4 0.7 8.0 15:30 SW 8 17.8 20.4 17:30 15.9 9:00 0.9 0.3 2.4 2.2 12.5 15:00 SW 9 16.1 20.2 15:30 11.6 6:00 2.4 0.2 0.0 0.6 7.2 13:30 S 10 13.9 18.6 16:00 8.6 5:00 4.4 0.0 0.0 0.1 4.5 15:00 NW 11 12.5 18.1 13:00 5.3 6:00 5.8 0.0 0.0 0.0 4.9 17:00 NW 12 13.2 20.0 14:30 6.2 5:30 5.2 0.1 0.0 0.1 5.4 17:00 NW 13 15.4 23.1 14:30 7.1 5:00 4.0 1.1 0.0 0.1 4.9 14:00 SE 14 16.6 23.7 17:00 9.4 6:30 3.2 1.5 0.0 0.4 7.6 19:00 SE 15 17.8 23.0 15:00 14.0 4:00 1.3 0.8 0.0 1.1 8.5 19:30 SE 16 17.6 19.8 13:30 15.4 22:00 0.8 0.1 11.6 0.5 6.3 20:00 SE 17 16.3 20.8 15:30 12.3 00:00 2.3 0.3 0.2 0.2 4.9 12:30 SW 18 15.5 20.6 17:00 10.3 6:30 3.2 0.4 0.0 0.3 7.6 15:00 SW 19 15.8 21.3 17:30 8.9 7:00 3.2 0.7 0.0 0.2 4.0 12:30 SW 20 17.1 22.4 16:00 13.0 1:00 2.1 0.9 0.0 0.2 8.0 12:00 SE 21 16.1 19.3 16:00 12.9 00:00 2.3 0.1 1.6 0.6 7.6 8:00 SE 22 15.7 19.8 12:00 12.2 1:00 2.8 0.2 0.0 0.4 7.2 13:00 SE 23 15.8 20.3 16:30 12.8 1:30 2.7 0.1 0.2 0.3 6.3 18:00 SE 24 15.7 21.9 17:00 9.3 6:30 3.4 0.8 0.0 0.0 5.4 12:30 SE 25 15.6 20.9 15:30 9.0 6:30 3.2 0.5 0.2 0.2 5.4 15:30 SE 26 19.2 23.6 15:00 16.7 2:00 0.5 1.4 2.0 0.9 8.5 15:30 SE 27 21.8 26.8 17:30 17.6 7:30 0.1 3.5 0.0 1.3 10.3 13:00 SE 28 19.6 22.7 11:30 16.7 00:00 0.2 1.5 0.2 2.0 12.1 15:00 SE 29 15.8 18.6 13:00 11.8 7:30 2.5 0.0 0.8 1.0 8.0 15:00 SSE 30 14.0 18.9 16:30 8.9 00:00 4.3 0.0 1.8 0.2 6.7 3:00 SE 31 12.3 18.6 16:00 6.5 5:00 6.0 0.0 0.0 0.0 4.0 14:30 NW ------------------------------------------------------------------------------------- 16.4 26.8 27 5.3 11 82.0 22.9 31.8 0.5 12.5 8 SE Max >= 32.0: 0 Max <= 0.0: 0 Min <= 0.0: 0 Min <= -18.0: 0 Max Rain: 11.61 ON 16.08.11 Days of Rain: 12 (> .2 mm) 4 (> 2 mm) 0 (> 20 mm) Heat Base: 18.3 Cool Base: 18.3 Method: Integration