NOAA-style Climate Reports

2019: Jan | Feb | Mar | Apr | May | Jun | Jul | Aug | Sep | Oct | Nov | Dec 
2018: Jan | Feb | Mar | Apr | May | Jun | Jul | Aug | Sep | Oct | Nov | Dec 
2017: Jan | Feb | Mar | Apr | May | Jun | Jul | Aug | Sep | Oct | Nov | Dec 
2016: Jan | Feb | Mar | Apr | May | Jun | Jul | Aug | Sep | Oct | Nov | Dec 
2015: Jan | Feb | Mar | Apr | May | Jun | Jul | Aug | Sep | Oct | Nov | Dec 
2014: Jan | Feb | Mar | Apr | May | Jun | Jul | Aug | Sep | Oct | Nov | Dec 
2013: Jan | Feb | Mar | Apr | May | Jun | Jul | Aug | Sep | Oct | Nov | Dec 
2012: Jan | Feb | Mar | Apr | May | Jun | Jul | Aug | Sep | Oct | Nov | Dec 
2011: Jan | Feb | Mar | Apr | May | Jun | Jul | Aug | Sep | Oct | Nov | Dec 
2010: Jan | Feb | Mar | Apr | May | Jun | Jul | Aug | Sep | Oct | Nov | Dec 
2009: Jan | Feb | Mar | Apr | May | Jun | Jul | Aug | Sep | Oct | Nov | Dec 
2008: Jan | Feb | Mar | Apr | May | Jun | Jul | Aug | Sep | Oct | Nov | Dec 
2007: Jan | Feb | Mar | Apr | May | Jun | Jul | Aug | Sep | Oct | Nov | Dec 
2006: Jan | Feb | Mar | Apr | May | Jun | Jul | Aug | Sep | Oct | Nov | Dec 

Report for 2011 07
MONTHLY CLIMATOLOGICAL SUMMARY for JUL. 2011 NAME: Station #1 CITY: Rauma STATE: Finland ELEV: 16 m LAT: 61 08' 38" N LONG: 21 31' 26" E TEMPERATURE (C), RAIN (mm), WIND SPEED (m/s) HEAT COOL AVG MEAN DEG DEG WIND DOM DAY TEMP HIGH TIME LOW TIME DAYS DAYS RAIN SPEED HIGH TIME DIR ------------------------------------------------------------------------------------ 1 21.9 29.1 16:00 17.7 3:30 0.0 3.6 12.4 0.3 7.6 15:30 SE 2 22.7 29.4 12:30 17.8 2:30 0.1 4.5 0.2 0.1 4.0 18:00 SE 3 19.8 24.2 16:30 16.6 00:00 0.2 1.7 28.0 0.1 4.9 17:30 N 4 15.6 17.1 16:30 14.2 10:30 2.7 0.0 1.8 0.0 4.0 0:30 SE 5 17.2 20.6 14:00 15.3 3:00 1.3 0.2 0.0 0.1 3.1 14:30 SE 6 17.7 21.6 17:00 15.0 00:00 1.2 0.6 0.0 0.1 2.7 16:00 NW 7 20.6 27.4 16:00 11.7 4:30 1.5 3.8 0.0 0.1 4.0 13:00 SE 8 21.6 28.1 15:00 13.7 5:00 0.9 4.2 0.0 0.4 5.4 10:30 SE 9 21.2 26.3 13:00 15.9 5:00 0.3 3.2 0.0 0.3 4.9 15:30 SW 10 20.9 25.9 15:00 14.4 5:30 0.7 3.3 0.0 0.4 6.7 18:30 SW 11 19.6 23.3 14:00 15.0 5:30 0.5 1.8 0.0 0.3 5.4 14:00 SW 12 17.6 21.2 13:30 13.9 6:30 1.5 0.8 1.2 0.6 7.2 17:30 SE 13 14.7 16.6 16:30 10.4 00:00 3.6 0.0 0.2 0.3 6.3 13:00 NW 14 14.3 19.6 17:00 7.7 5:30 4.1 0.1 0.0 0.1 4.5 12:30 WNW 15 14.9 18.6 15:00 10.3 2:30 3.4 0.0 0.4 0.5 6.3 18:30 SE 16 16.1 19.8 17:30 13.8 3:00 2.3 0.1 5.2 0.4 5.8 0:30 SE 17 17.3 21.7 17:30 12.0 4:30 1.9 0.8 0.2 0.4 5.4 15:30 SW 18 20.4 25.9 15:30 14.3 1:30 1.0 3.2 0.0 1.7 10.7 15:30 SE 19 19.4 23.1 19:30 16.2 4:30 0.4 1.6 0.6 0.7 7.6 0:30 SW 20 19.4 24.2 15:00 13.6 2:30 1.3 2.4 0.0 0.3 4.9 14:30 SSE 21 20.2 24.5 16:30 16.5 5:00 0.5 2.3 5.4 0.1 4.5 15:00 SE 22 24.7 31.9 16:30 18.8 4:30 0.0 6.4 7.6 0.4 7.6 17:00 SE 23 21.2 26.7 17:00 17.8 00:00 0.0 2.9 19.0 0.3 12.5 18:00 SE 24 18.8 20.9 16:00 15.3 00:00 0.2 0.8 0.2 1.5 10.7 15:00 S 25 18.2 23.0 18:30 12.7 4:00 1.6 1.5 0.0 0.7 6.7 17:30 SE 26 20.7 26.9 15:00 13.9 6:00 0.8 3.2 0.0 0.1 4.0 15:00 SE 27 20.8 25.8 15:30 17.3 4:00 0.2 2.7 0.0 0.0 2.2 16:00 WNW 28 21.7 28.2 15:00 18.0 4:30 0.0 3.4 3.2 0.0 4.0 18:30 SE 29 21.9 28.9 16:30 15.8 6:30 0.4 4.0 0.0 0.1 3.1 14:30 WNW 30 20.8 25.9 14:00 16.5 00:00 0.2 2.7 0.0 0.1 5.8 13:30 SE 31 18.4 24.3 14:30 12.2 6:00 1.8 1.9 0.0 0.0 4.9 13:00 SE ------------------------------------------------------------------------------------- 19.4 31.9 22 7.7 14 34.7 67.7 85.6 0.3 12.5 23 SE Max >= 32.0: 0 Max <= 0.0: 0 Min <= 0.0: 0 Min <= -18.0: 0 Max Rain: 27.99 ON 03.07.11 Days of Rain: 15 (> .2 mm) 7 (> 2 mm) 1 (> 20 mm) Heat Base: 18.3 Cool Base: 18.3 Method: Integration