NOAA-style Climate Reports

2019: Jan | Feb | Mar | Apr | May | Jun | Jul | Aug | Sep | Oct | Nov | Dec 
2018: Jan | Feb | Mar | Apr | May | Jun | Jul | Aug | Sep | Oct | Nov | Dec 
2017: Jan | Feb | Mar | Apr | May | Jun | Jul | Aug | Sep | Oct | Nov | Dec 
2016: Jan | Feb | Mar | Apr | May | Jun | Jul | Aug | Sep | Oct | Nov | Dec 
2015: Jan | Feb | Mar | Apr | May | Jun | Jul | Aug | Sep | Oct | Nov | Dec 
2014: Jan | Feb | Mar | Apr | May | Jun | Jul | Aug | Sep | Oct | Nov | Dec 
2013: Jan | Feb | Mar | Apr | May | Jun | Jul | Aug | Sep | Oct | Nov | Dec 
2012: Jan | Feb | Mar | Apr | May | Jun | Jul | Aug | Sep | Oct | Nov | Dec 
2011: Jan | Feb | Mar | Apr | May | Jun | Jul | Aug | Sep | Oct | Nov | Dec 
2010: Jan | Feb | Mar | Apr | May | Jun | Jul | Aug | Sep | Oct | Nov | Dec 
2009: Jan | Feb | Mar | Apr | May | Jun | Jul | Aug | Sep | Oct | Nov | Dec 
2008: Jan | Feb | Mar | Apr | May | Jun | Jul | Aug | Sep | Oct | Nov | Dec 
2007: Jan | Feb | Mar | Apr | May | Jun | Jul | Aug | Sep | Oct | Nov | Dec 
2006: Jan | Feb | Mar | Apr | May | Jun | Jul | Aug | Sep | Oct | Nov | Dec 

Report for 2011 06
MONTHLY CLIMATOLOGICAL SUMMARY for JUN. 2011 NAME: Station #1 CITY: Rauma STATE: Finland ELEV: 16 m LAT: 61 08' 38" N LONG: 21 31' 26" E TEMPERATURE (C), RAIN (mm), WIND SPEED (m/s) HEAT COOL AVG MEAN DEG DEG WIND DOM DAY TEMP HIGH TIME LOW TIME DAYS DAYS RAIN SPEED HIGH TIME DIR ------------------------------------------------------------------------------------ 1 15.2 19.7 0:30 8.4 00:00 3.2 0.1 2.2 1.1 8.5 5:30 SSE 2 11.8 16.9 19:30 6.9 5:30 6.5 0.0 0.0 0.8 8.0 14:30 SW 3 12.2 17.8 19:30 5.7 3:30 6.1 0.0 0.0 0.4 6.7 10:30 WNW 4 15.6 24.6 16:30 6.8 5:30 4.3 1.5 0.2 1.3 11.6 16:00 NW 5 13.6 18.7 20:00 8.2 5:30 4.8 0.0 0.0 0.1 4.0 10:00 NW 6 18.7 26.3 18:30 7.1 4:30 2.9 3.3 0.0 1.1 8.0 14:00 SE 7 23.7 29.6 16:30 16.6 4:30 0.2 5.6 0.0 2.3 11.2 16:00 SE 8 24.7 30.5 15:00 18.0 5:00 0.0 6.4 0.0 1.4 8.0 12:30 SE 9 23.1 28.4 16:30 16.1 5:30 0.3 5.1 0.0 1.0 7.6 11:30 SE 10 22.4 30.9 14:30 13.4 5:00 0.9 5.0 0.0 0.3 5.4 12:30 SE 11 23.6 31.9 14:00 16.7 5:30 0.1 5.4 0.2 0.3 8.5 14:30 SE 12 20.9 27.2 11:30 14.7 6:00 0.6 3.3 0.0 0.4 5.4 19:30 SW 13 13.6 16.4 0:30 11.8 00:00 4.7 0.0 8.6 0.7 7.6 9:00 SW 14 12.3 15.7 17:30 10.3 5:30 6.0 0.0 1.2 0.3 6.7 0:30 SE 15 12.1 13.3 19:00 10.9 3:30 6.2 0.0 11.2 0.0 2.2 8:30 SE 16 14.0 19.6 16:30 7.3 5:30 4.4 0.1 0.2 0.2 6.3 14:30 WNW 17 14.0 21.4 13:30 5.8 5:30 4.7 0.4 9.4 0.3 6.7 13:30 SE 18 13.1 16.7 13:00 11.1 4:00 5.2 0.0 7.6 0.1 4.5 18:00 SE 19 13.2 17.9 13:30 10.9 7:00 5.1 0.0 6.4 0.0 2.7 11:00 SE 20 13.2 17.9 17:30 10.9 4:00 5.1 0.0 0.4 0.1 5.4 17:00 WNW 21 14.1 17.2 18:30 10.8 3:30 4.3 0.0 0.0 1.1 8.9 17:30 SW 22 15.6 20.1 18:00 11.8 6:30 2.8 0.2 0.0 1.1 7.6 13:00 SW 23 13.9 16.4 15:00 12.6 23:00 4.3 0.0 7.4 0.8 7.6 15:30 SE 24 15.2 19.5 18:30 11.7 4:00 3.1 0.0 0.2 1.0 7.6 1:00 SW 25 13.1 17.9 12:30 8.3 5:00 5.2 0.0 7.2 0.1 5.8 13:30 WSW 26 14.2 18.1 14:30 11.6 1:30 4.1 0.0 0.0 0.4 5.4 13:30 SW 27 15.3 19.8 17:30 10.1 4:30 3.1 0.1 0.0 0.3 6.3 17:30 NW 28 18.2 25.6 18:00 8.6 5:30 2.7 2.6 0.0 0.2 4.0 14:00 NW 29 20.3 26.3 14:30 11.4 4:30 1.7 3.7 0.0 0.3 4.5 10:30 WNW 30 20.4 27.9 17:30 11.2 4:30 1.5 3.6 0.0 0.6 6.7 12:30 SE ------------------------------------------------------------------------------------- 16.4 31.9 11 5.7 3 104.4 46.5 62.4 0.6 11.6 4 SE Max >= 32.0: 0 Max <= 0.0: 0 Min <= 0.0: 0 Min <= -18.0: 0 Max Rain: 11.20 ON 15.06.11 Days of Rain: 14 (> .2 mm) 8 (> 2 mm) 0 (> 20 mm) Heat Base: 18.3 Cool Base: 18.3 Method: Integration