NOAA-style Climate Reports

2019: Jan | Feb | Mar | Apr | May | Jun | Jul | Aug | Sep | Oct | Nov | Dec 
2018: Jan | Feb | Mar | Apr | May | Jun | Jul | Aug | Sep | Oct | Nov | Dec 
2017: Jan | Feb | Mar | Apr | May | Jun | Jul | Aug | Sep | Oct | Nov | Dec 
2016: Jan | Feb | Mar | Apr | May | Jun | Jul | Aug | Sep | Oct | Nov | Dec 
2015: Jan | Feb | Mar | Apr | May | Jun | Jul | Aug | Sep | Oct | Nov | Dec 
2014: Jan | Feb | Mar | Apr | May | Jun | Jul | Aug | Sep | Oct | Nov | Dec 
2013: Jan | Feb | Mar | Apr | May | Jun | Jul | Aug | Sep | Oct | Nov | Dec 
2012: Jan | Feb | Mar | Apr | May | Jun | Jul | Aug | Sep | Oct | Nov | Dec 
2011: Jan | Feb | Mar | Apr | May | Jun | Jul | Aug | Sep | Oct | Nov | Dec 
2010: Jan | Feb | Mar | Apr | May | Jun | Jul | Aug | Sep | Oct | Nov | Dec 
2009: Jan | Feb | Mar | Apr | May | Jun | Jul | Aug | Sep | Oct | Nov | Dec 
2008: Jan | Feb | Mar | Apr | May | Jun | Jul | Aug | Sep | Oct | Nov | Dec 
2007: Jan | Feb | Mar | Apr | May | Jun | Jul | Aug | Sep | Oct | Nov | Dec 
2006: Jan | Feb | Mar | Apr | May | Jun | Jul | Aug | Sep | Oct | Nov | Dec 

Report for 2011 05
MONTHLY CLIMATOLOGICAL SUMMARY for MAY. 2011 NAME: Station #1 CITY: Rauma STATE: Finland ELEV: 16 m LAT: 61 08' 38" N LONG: 21 31' 26" E TEMPERATURE (C), RAIN (mm), WIND SPEED (m/s) HEAT COOL AVG MEAN DEG DEG WIND DOM DAY TEMP HIGH TIME LOW TIME DAYS DAYS RAIN SPEED HIGH TIME DIR ------------------------------------------------------------------------------------ 1 4.3 10.1 13:30 -1.4 5:30 14.0 0.0 0.0 0.3 6.3 12:30 NW 2 3.9 8.6 13:30 -0.1 6:30 14.4 0.0 0.0 0.4 6.3 16:00 NW 3 4.5 9.0 14:30 -1.3 6:30 13.8 0.0 0.0 0.1 5.8 12:00 SE 4 5.9 9.1 15:30 3.2 6:30 12.3 0.0 0.0 0.1 4.5 9:00 SE 5 6.0 10.1 13:00 0.4 00:00 12.3 0.0 0.0 0.3 5.8 16:30 NW 6 5.7 12.6 14:30 -3.5 6:00 12.6 0.0 0.0 0.9 7.6 20:00 SW 7 7.7 13.9 17:30 -0.7 6:30 10.6 0.0 0.0 0.2 3.1 13:30 NW 8 9.6 19.2 12:30 -1.6 5:30 8.7 0.0 0.0 0.3 4.0 14:00 NW 9 11.1 17.9 18:30 1.3 6:30 7.3 0.0 0.0 0.4 5.4 15:30 SW 10 11.7 19.8 14:00 2.6 6:00 6.7 0.1 0.0 0.3 4.5 13:30 SW 11 12.4 19.7 13:00 3.0 6:00 5.9 0.1 0.0 0.3 4.0 13:30 SW 12 14.5 21.7 17:00 7.2 3:00 4.2 0.4 0.6 0.5 5.8 17:30 S 13 11.3 13.4 19:30 9.2 8:30 7.0 0.0 6.2 0.2 5.8 4:30 SE 14 8.1 11.1 0:30 6.1 13:00 10.2 0.0 5.6 0.3 8.0 8:00 SE 15 9.2 12.2 17:00 7.0 0:30 9.2 0.0 0.0 0.6 7.2 17:30 SE 16 9.4 13.6 14:00 7.6 00:00 8.9 0.0 6.6 1.1 8.0 18:00 SSE 17 10.2 14.9 15:30 6.2 6:30 8.1 0.0 1.8 1.9 10.3 13:30 S 18 8.7 13.4 20:00 4.7 5:30 9.6 0.0 0.0 0.8 8.0 0:30 WNW 19 12.1 16.9 15:30 8.3 2:30 6.2 0.0 2.2 2.0 12.5 13:00 SSE 20 10.8 15.0 16:30 7.5 00:00 7.4 0.0 0.0 0.9 8.0 16:00 SW 21 11.3 15.7 17:00 5.3 5:30 7.0 0.0 0.0 1.1 9.8 13:00 SW 22 13.2 19.5 16:30 6.4 4:30 5.2 0.0 0.0 1.3 9.8 17:30 SW 23 12.2 15.7 10:00 8.1 13:00 6.1 0.0 4.8 1.6 9.4 10:00 SE 24 12.3 17.0 11:30 9.4 00:00 6.0 0.0 0.6 2.7 14.3 12:30 S 25 10.7 14.4 18:00 7.2 3:00 7.6 0.0 0.8 1.6 10.3 6:30 SW 26 9.4 12.6 18:30 4.7 00:00 8.9 0.0 0.0 0.7 8.0 7:30 NW 27 9.4 14.1 16:00 2.8 2:00 8.9 0.0 0.0 1.7 12.1 17:00 SE 28 11.1 15.0 16:30 8.9 2:30 7.2 0.0 3.0 1.6 9.4 20:00 S 29 9.6 11.3 19:30 8.2 2:30 8.7 0.0 6.4 2.1 9.8 13:30 SSE 30 11.9 17.4 20:00 8.0 0:30 6.3 0.0 4.2 1.7 10.3 12:00 SW 31 17.0 24.2 17:30 8.2 5:00 3.3 2.0 0.0 2.3 14.8 15:00 SSE ------------------------------------------------------------------------------------- 9.8 24.2 31 -3.5 6 264.9 2.7 42.8 1.0 14.8 31 SW Max >= 32.0: 0 Max <= 0.0: 0 Min <= 0.0: 6 Min <= -18.0: 0 Max Rain: 6.60 ON 16.05.11 Days of Rain: 12 (> .2 mm) 8 (> 2 mm) 0 (> 20 mm) Heat Base: 18.3 Cool Base: 18.3 Method: Integration