NOAA-style Climate Reports

2019: Jan | Feb | Mar | Apr | May | Jun | Jul | Aug | Sep | Oct | Nov | Dec 
2018: Jan | Feb | Mar | Apr | May | Jun | Jul | Aug | Sep | Oct | Nov | Dec 
2017: Jan | Feb | Mar | Apr | May | Jun | Jul | Aug | Sep | Oct | Nov | Dec 
2016: Jan | Feb | Mar | Apr | May | Jun | Jul | Aug | Sep | Oct | Nov | Dec 
2015: Jan | Feb | Mar | Apr | May | Jun | Jul | Aug | Sep | Oct | Nov | Dec 
2014: Jan | Feb | Mar | Apr | May | Jun | Jul | Aug | Sep | Oct | Nov | Dec 
2013: Jan | Feb | Mar | Apr | May | Jun | Jul | Aug | Sep | Oct | Nov | Dec 
2012: Jan | Feb | Mar | Apr | May | Jun | Jul | Aug | Sep | Oct | Nov | Dec 
2011: Jan | Feb | Mar | Apr | May | Jun | Jul | Aug | Sep | Oct | Nov | Dec 
2010: Jan | Feb | Mar | Apr | May | Jun | Jul | Aug | Sep | Oct | Nov | Dec 
2009: Jan | Feb | Mar | Apr | May | Jun | Jul | Aug | Sep | Oct | Nov | Dec 
2008: Jan | Feb | Mar | Apr | May | Jun | Jul | Aug | Sep | Oct | Nov | Dec 
2007: Jan | Feb | Mar | Apr | May | Jun | Jul | Aug | Sep | Oct | Nov | Dec 
2006: Jan | Feb | Mar | Apr | May | Jun | Jul | Aug | Sep | Oct | Nov | Dec 

Report for 2011 04
MONTHLY CLIMATOLOGICAL SUMMARY for APR. 2011 NAME: Station #1 CITY: Rauma STATE: Finland ELEV: 16 m LAT: 61 08' 38" N LONG: 21 31' 26" E TEMPERATURE (C), RAIN (mm), WIND SPEED (m/s) HEAT COOL AVG MEAN DEG DEG WIND DOM DAY TEMP HIGH TIME LOW TIME DAYS DAYS RAIN SPEED HIGH TIME DIR ------------------------------------------------------------------------------------ 1 1.3 4.7 14:30 -1.4 2:30 17.0 0.0 0.0 0.7 7.2 11:00 SE 2 1.9 3.8 19:00 0.4 2:00 16.4 0.0 0.0 1.3 11.6 23:00 S 3 3.9 5.0 15:30 3.0 23:00 14.4 0.0 3.2 1.9 9.4 13:00 S 4 3.1 4.3 16:00 2.2 7:30 15.2 0.0 0.4 0.9 8.9 23:30 SSE 5 4.7 8.3 17:00 1.8 5:30 13.6 0.0 0.0 1.2 8.9 16:30 SW 6 3.7 5.5 16:00 -0.6 00:00 14.6 0.0 2.4 0.7 6.3 8:00 SW 7 1.9 4.8 12:30 -1.8 3:30 16.3 0.0 8.4 0.7 8.9 14:30 SE 8 1.9 5.1 15:30 -0.7 23:30 16.4 0.0 0.6 0.4 6.3 13:00 NW 9 2.2 5.0 14:00 -1.4 3:30 16.1 0.0 0.0 1.1 7.2 13:30 NW 10 2.1 4.0 18:00 0.2 7:00 16.2 0.0 0.0 1.0 6.3 12:00 NW 11 2.8 6.8 16:00 0.6 3:30 15.5 0.0 3.0 0.1 3.1 8:30 S 12 3.6 5.4 15:00 2.7 00:00 14.7 0.0 0.0 0.1 4.0 12:30 SE 13 2.8 6.0 17:30 2.1 8:30 15.5 0.0 0.6 0.0 2.7 18:30 W 14 4.2 10.9 14:30 -1.4 00:00 14.1 0.0 0.0 0.2 3.1 15:30 NW 15 3.7 10.6 17:00 -2.8 5:30 14.6 0.0 0.0 0.5 6.7 14:30 SW 16 5.4 10.9 15:30 1.3 3:00 12.9 0.0 0.0 0.4 5.4 14:30 SW 17 6.7 11.8 15:30 -0.7 7:00 11.6 0.0 0.0 0.7 8.0 15:00 SW 18 6.3 10.9 3:00 0.7 00:00 12.0 0.0 0.0 1.5 9.4 12:30 NW 19 2.7 6.8 15:30 -1.4 5:00 15.6 0.0 0.0 0.2 4.9 14:00 NW 20 5.2 8.9 19:30 1.5 0:30 13.1 0.0 0.8 1.1 8.5 10:30 S 21 4.6 12.6 18:00 -2.2 6:30 13.7 0.0 0.0 0.0 2.7 13:30 SW 22 6.6 12.5 16:30 1.0 00:00 11.7 0.0 0.8 0.3 3.1 13:00 NW 23 4.8 11.8 14:30 -2.7 6:30 13.5 0.0 0.0 0.2 4.5 16:30 SW 24 8.8 16.7 18:00 -0.3 6:00 9.5 0.0 0.0 0.6 6.7 17:00 SW 25 10.6 18.1 13:30 2.4 7:00 7.7 0.0 0.0 0.2 4.0 16:00 SW 26 6.8 12.3 11:00 3.4 5:00 11.5 0.0 0.4 0.3 5.4 8:30 NW 27 7.2 11.8 14:00 1.9 00:00 11.1 0.0 0.0 0.4 5.8 14:00 NW 28 5.8 12.7 15:30 -1.8 6:30 12.5 0.0 0.0 0.3 6.3 17:00 NW 29 4.2 8.9 16:30 -2.6 6:00 14.1 0.0 0.0 0.4 5.4 17:00 NW 30 6.4 12.0 12:00 0.8 4:30 11.9 0.0 0.4 0.3 5.8 14:30 NW ------------------------------------------------------------------------------------- 4.5 18.1 25 -2.8 15 413.0 0.0 21.0 0.6 11.6 2 NW Max >= 32.0: 0 Max <= 0.0: 0 Min <= 0.0: 14 Min <= -18.0: 0 Max Rain: 8.41 ON 07.04.11 Days of Rain: 11 (> .2 mm) 4 (> 2 mm) 0 (> 20 mm) Heat Base: 18.3 Cool Base: 18.3 Method: Integration