NOAA-style Climate Reports

2019: Jan | Feb | Mar | Apr | May | Jun | Jul | Aug | Sep | Oct | Nov | Dec 
2018: Jan | Feb | Mar | Apr | May | Jun | Jul | Aug | Sep | Oct | Nov | Dec 
2017: Jan | Feb | Mar | Apr | May | Jun | Jul | Aug | Sep | Oct | Nov | Dec 
2016: Jan | Feb | Mar | Apr | May | Jun | Jul | Aug | Sep | Oct | Nov | Dec 
2015: Jan | Feb | Mar | Apr | May | Jun | Jul | Aug | Sep | Oct | Nov | Dec 
2014: Jan | Feb | Mar | Apr | May | Jun | Jul | Aug | Sep | Oct | Nov | Dec 
2013: Jan | Feb | Mar | Apr | May | Jun | Jul | Aug | Sep | Oct | Nov | Dec 
2012: Jan | Feb | Mar | Apr | May | Jun | Jul | Aug | Sep | Oct | Nov | Dec 
2011: Jan | Feb | Mar | Apr | May | Jun | Jul | Aug | Sep | Oct | Nov | Dec 
2010: Jan | Feb | Mar | Apr | May | Jun | Jul | Aug | Sep | Oct | Nov | Dec 
2009: Jan | Feb | Mar | Apr | May | Jun | Jul | Aug | Sep | Oct | Nov | Dec 
2008: Jan | Feb | Mar | Apr | May | Jun | Jul | Aug | Sep | Oct | Nov | Dec 
2007: Jan | Feb | Mar | Apr | May | Jun | Jul | Aug | Sep | Oct | Nov | Dec 
2006: Jan | Feb | Mar | Apr | May | Jun | Jul | Aug | Sep | Oct | Nov | Dec 

Report for 2011 03
MONTHLY CLIMATOLOGICAL SUMMARY for MAR. 2011 NAME: Station #1 CITY: Rauma STATE: Finland ELEV: 16 m LAT: 61 08' 38" N LONG: 21 31' 26" E TEMPERATURE (C), RAIN (mm), WIND SPEED (m/s) HEAT COOL AVG MEAN DEG DEG WIND DOM DAY TEMP HIGH TIME LOW TIME DAYS DAYS RAIN SPEED HIGH TIME DIR ------------------------------------------------------------------------------------ 1 -3.4 -2.8 12:30 -5.3 10:30 21.7 0.0 0.0 0.7 5.8 13:00 S 2 0.0 4.6 15:00 -5.2 6:30 18.3 0.0 1.2 1.2 12.1 21:30 SW 3 0.7 3.0 12:30 -1.9 00:00 17.6 0.0 0.4 1.6 11.2 1:30 NW 4 1.0 2.9 23:30 -2.4 1:30 17.3 0.0 0.2 1.1 8.5 19:30 WSW 5 0.3 3.2 0:30 -1.8 23:30 18.0 0.0 0.0 1.8 11.6 1:00 NW 6 -3.6 -1.3 14:30 -9.1 00:00 21.9 0.0 0.0 0.7 6.3 17:00 NW 7 -2.6 0.7 21:30 -10.5 2:30 20.9 0.0 0.0 1.2 10.3 9:30 S 8 1.0 3.8 14:30 -1.4 1:00 17.3 0.0 0.0 2.0 10.3 21:30 S 9 1.4 4.0 13:30 -1.3 8:00 16.9 0.0 0.0 3.6 16.1 16:00 S 10 1.2 2.6 15:00 0.4 20:00 17.1 0.0 4.0 3.0 12.1 5:30 S 11 0.3 1.5 7:00 -1.1 00:00 18.0 0.0 6.8 1.7 9.8 7:00 NW 12 0.0 1.9 17:00 -2.6 3:30 18.3 0.0 1.2 0.9 7.6 14:30 SW 13 0.2 4.8 14:30 -5.4 7:00 18.1 0.0 0.0 0.3 4.5 15:00 S 14 0.1 1.8 9:30 -6.3 00:00 18.2 0.0 2.0 0.5 6.3 17:00 NW 15 -5.1 2.2 14:00 -9.8 8:00 23.4 0.0 0.0 0.1 2.2 9:30 NW 16 -4.3 3.7 16:00 -12.2 7:00 22.6 0.0 0.0 0.3 5.4 12:30 SSE 17 -2.2 2.2 16:30 -7.0 6:30 20.5 0.0 0.0 0.8 7.6 20:30 SE 18 1.5 4.7 13:00 -0.7 0:30 16.8 0.0 0.0 1.9 11.6 12:00 SE 19 -0.3 1.0 16:30 -2.3 21:00 18.6 0.0 1.2 0.3 4.5 0:30 SSE 20 0.5 4.8 16:30 -3.4 8:00 17.8 0.0 0.0 0.4 6.7 22:30 NW 21 2.7 5.7 15:30 -0.2 3:30 15.6 0.0 0.0 1.7 9.8 13:30 S 22 3.5 6.4 16:00 1.8 7:00 14.8 0.0 0.0 0.7 8.9 00:00 SW 23 2.2 4.3 17:00 -0.1 00:00 16.1 0.0 0.0 1.8 16.1 5:00 NW 24 0.0 1.6 10:00 -2.8 00:00 18.3 0.0 0.0 1.7 10.7 20:30 NW 25 -3.8 -1.4 14:00 -10.3 00:00 22.1 0.0 0.0 0.8 7.2 9:00 NW 26 -3.5 0.3 17:30 -11.4 1:30 21.8 0.0 0.2 0.7 8.9 11:30 NW 27 -0.4 1.8 17:00 -3.2 3:00 18.0 0.0 0.0 1.2 10.3 14:30 SW 28 -1.7 0.7 2:00 -6.8 00:00 20.0 0.0 0.6 1.3 8.9 5:30 NW 29 -1.8 3.1 13:30 -8.4 8:00 20.1 0.0 0.2 0.1 4.5 12:00 S 30 -3.1 1.3 16:30 -8.8 8:30 21.4 0.0 0.2 0.1 4.5 14:00 NW 31 -1.6 4.3 17:00 -7.4 6:00 19.8 0.0 0.0 1.1 8.5 19:00 S ------------------------------------------------------------------------------------- -0.7 6.4 22 -12.2 16 587.3 0.0 18.2 1.1 16.1 9 NW Max >= 32.0: 0 Max <= 0.0: 3 Min <= 0.0: 29 Min <= -18.0: 0 Max Rain: 6.81 ON 11.03.11 Days of Rain: 12 (> .2 mm) 3 (> 2 mm) 0 (> 20 mm) Heat Base: 18.3 Cool Base: 18.3 Method: Integration