NOAA-style Climate Reports

2019: Jan | Feb | Mar | Apr | May | Jun | Jul | Aug | Sep | Oct | Nov | Dec 
2018: Jan | Feb | Mar | Apr | May | Jun | Jul | Aug | Sep | Oct | Nov | Dec 
2017: Jan | Feb | Mar | Apr | May | Jun | Jul | Aug | Sep | Oct | Nov | Dec 
2016: Jan | Feb | Mar | Apr | May | Jun | Jul | Aug | Sep | Oct | Nov | Dec 
2015: Jan | Feb | Mar | Apr | May | Jun | Jul | Aug | Sep | Oct | Nov | Dec 
2014: Jan | Feb | Mar | Apr | May | Jun | Jul | Aug | Sep | Oct | Nov | Dec 
2013: Jan | Feb | Mar | Apr | May | Jun | Jul | Aug | Sep | Oct | Nov | Dec 
2012: Jan | Feb | Mar | Apr | May | Jun | Jul | Aug | Sep | Oct | Nov | Dec 
2011: Jan | Feb | Mar | Apr | May | Jun | Jul | Aug | Sep | Oct | Nov | Dec 
2010: Jan | Feb | Mar | Apr | May | Jun | Jul | Aug | Sep | Oct | Nov | Dec 
2009: Jan | Feb | Mar | Apr | May | Jun | Jul | Aug | Sep | Oct | Nov | Dec 
2008: Jan | Feb | Mar | Apr | May | Jun | Jul | Aug | Sep | Oct | Nov | Dec 
2007: Jan | Feb | Mar | Apr | May | Jun | Jul | Aug | Sep | Oct | Nov | Dec 
2006: Jan | Feb | Mar | Apr | May | Jun | Jul | Aug | Sep | Oct | Nov | Dec 

Report for 2011 02
MONTHLY CLIMATOLOGICAL SUMMARY for FEB. 2011 NAME: Station #1 CITY: Rauma STATE: Finland ELEV: 16 m LAT: 61 08' 38" N LONG: 21 31' 26" E TEMPERATURE (C), RAIN (mm), WIND SPEED (m/s) HEAT COOL AVG MEAN DEG DEG WIND DOM DAY TEMP HIGH TIME LOW TIME DAYS DAYS RAIN SPEED HIGH TIME DIR ------------------------------------------------------------------------------------ 1 0.7 2.3 3:00 -2.3 9:00 17.6 0.0 0.0 0.4 7.2 22:30 S 2 0.2 1.7 14:00 -2.2 22:00 18.1 0.0 0.8 0.1 3.1 1:00 SW 3 -0.5 2.1 18:00 -3.4 4:00 18.8 0.0 0.2 1.2 9.4 18:00 SSE 4 -0.1 0.8 6:00 -1.3 9:30 18.4 0.0 0.0 0.5 8.5 1:30 NW 5 -1.6 -0.2 0:30 -2.4 21:00 19.9 0.0 0.0 0.0 0.4 0:30 W 6 -1.6 1.1 13:30 -6.7 00:00 19.9 0.0 0.4 0.2 4.5 12:00 WSW 7 -5.3 -0.3 00:00 -9.0 4:30 23.6 0.0 0.0 0.4 5.8 17:30 S 8 -0.2 0.3 12:30 -0.9 19:00 18.5 0.0 0.0 0.5 5.8 18:00 NW 9 -6.2 0.4 4:30 -14.3 00:00 24.5 0.0 0.0 1.0 8.5 11:30 NW 10 -10.3 -5.1 15:00 -17.9 6:00 28.6 0.0 0.0 0.4 6.7 22:30 ESE 11 -9.2 -5.7 0:30 -14.2 21:00 27.5 0.0 0.0 0.3 7.2 0:30 ENE 12 -9.1 -4.4 1:30 -17.5 23:30 27.4 0.0 0.0 0.3 5.4 0:30 NW 13 -16.8 -11.7 14:30 -20.9 9:30 35.1 0.0 0.0 0.0 1.8 12:30 NE 14 -18.7 -12.9 15:00 -23.3 8:00 37.0 0.0 0.0 0.0 2.2 11:00 ENE 15 -17.7 -9.5 16:00 -24.4 8:00 36.0 0.0 0.0 0.0 2.2 14:00 SE 16 -13.3 -7.4 16:00 -18.5 3:30 31.6 0.0 0.0 0.1 2.7 21:00 SE 17 -14.3 -11.9 14:00 -18.4 00:00 32.6 0.0 0.0 0.4 5.8 10:30 ESE 18 -18.6 -12.2 16:30 -23.1 00:00 36.8 0.0 0.0 0.1 3.1 13:00 SE 19 -18.8 -10.8 15:00 -24.3 8:30 37.1 0.0 0.0 0.0 1.8 13:00 SE 20 -11.8 -6.9 15:00 -21.8 0:30 30.1 0.0 0.0 0.6 6.3 12:00 SE 21 -11.1 -7.6 16:00 -17.2 23:30 29.4 0.0 0.0 0.5 4.9 0:30 SE 22 -12.7 -7.6 14:00 -17.1 2:00 31.0 0.0 0.0 0.0 4.0 14:30 ESE 23 -14.5 -10.8 15:00 -22.1 00:00 32.8 0.0 0.0 0.1 3.1 10:30 SE 24 -16.0 -9.9 16:00 -22.7 1:30 34.3 0.0 0.0 0.3 4.0 13:30 SE 25 -6.0 -0.6 00:00 -14.9 0:30 24.3 0.0 0.0 2.7 12.5 14:30 S 26 -0.3 0.7 15:30 -1.6 00:00 18.6 0.0 0.0 2.6 13.0 1:00 S 27 -1.9 0.5 15:00 -6.6 00:00 20.2 0.0 0.0 1.7 8.9 12:00 SSE 28 -5.2 -2.3 15:30 -9.3 7:30 23.5 0.0 0.0 0.4 6.3 12:00 SW ------------------------------------------------------------------------------------- -8.6 2.3 1 -24.4 15 753.2 0.0 1.4 0.5 13.0 26 SE Max >= 32.0: 0 Max <= 0.0: 19 Min <= 0.0: 28 Min <= -18.0: 10 Max Rain: 0.79 ON 02.02.11 Days of Rain: 3 (> .2 mm) 0 (> 2 mm) 0 (> 20 mm) Heat Base: 18.3 Cool Base: 18.3 Method: Integration