NOAA-style Climate Reports

2019: Jan | Feb | Mar | Apr | May | Jun | Jul | Aug | Sep | Oct | Nov | Dec 
2018: Jan | Feb | Mar | Apr | May | Jun | Jul | Aug | Sep | Oct | Nov | Dec 
2017: Jan | Feb | Mar | Apr | May | Jun | Jul | Aug | Sep | Oct | Nov | Dec 
2016: Jan | Feb | Mar | Apr | May | Jun | Jul | Aug | Sep | Oct | Nov | Dec 
2015: Jan | Feb | Mar | Apr | May | Jun | Jul | Aug | Sep | Oct | Nov | Dec 
2014: Jan | Feb | Mar | Apr | May | Jun | Jul | Aug | Sep | Oct | Nov | Dec 
2013: Jan | Feb | Mar | Apr | May | Jun | Jul | Aug | Sep | Oct | Nov | Dec 
2012: Jan | Feb | Mar | Apr | May | Jun | Jul | Aug | Sep | Oct | Nov | Dec 
2011: Jan | Feb | Mar | Apr | May | Jun | Jul | Aug | Sep | Oct | Nov | Dec 
2010: Jan | Feb | Mar | Apr | May | Jun | Jul | Aug | Sep | Oct | Nov | Dec 
2009: Jan | Feb | Mar | Apr | May | Jun | Jul | Aug | Sep | Oct | Nov | Dec 
2008: Jan | Feb | Mar | Apr | May | Jun | Jul | Aug | Sep | Oct | Nov | Dec 
2007: Jan | Feb | Mar | Apr | May | Jun | Jul | Aug | Sep | Oct | Nov | Dec 
2006: Jan | Feb | Mar | Apr | May | Jun | Jul | Aug | Sep | Oct | Nov | Dec 

Report for 2010 08
MONTHLY CLIMATOLOGICAL SUMMARY for AUG. 2010 NAME: Station #1 CITY: Rauma STATE: Finland ELEV: 16 m LAT: 61 08' 38" N LONG: 21 31' 26" E TEMPERATURE (C), RAIN (mm), WIND SPEED (m/s) HEAT COOL AVG MEAN DEG DEG WIND DOM DAY TEMP HIGH TIME LOW TIME DAYS DAYS RAIN SPEED HIGH TIME DIR ------------------------------------------------------------------------------------ 1 19.4 24.3 17:30 14.1 6:00 1.0 2.1 0.0 1.7 10.7 17:00 S 2 18.8 21.9 16:30 16.7 23:30 0.4 0.9 2.0 0.8 7.2 1:00 SSE 3 17.9 21.4 16:30 14.1 7:00 1.0 0.6 0.6 0.3 4.5 10:00 SW 4 17.5 21.2 16:00 15.7 20:00 1.2 0.5 20.4 1.1 13.4 19:00 SE 5 17.7 22.1 17:30 12.8 00:00 1.7 1.1 0.0 0.7 6.3 16:00 S 6 17.0 24.3 13:00 8.8 6:00 2.9 1.6 0.0 0.1 4.0 12:00 WNW 7 18.8 24.7 12:00 13.0 6:00 1.3 1.9 0.2 0.0 3.1 12:30 WNW 8 20.9 25.9 11:30 17.6 1:30 0.1 2.7 10.8 0.1 5.4 4:00 SW 9 19.2 22.3 14:00 17.2 2:30 0.1 1.1 7.4 0.8 6.7 15:00 S 10 18.2 20.2 16:30 16.9 3:30 0.4 0.4 2.4 0.9 6.3 15:30 SW 11 19.0 22.6 18:30 15.6 00:00 0.5 1.2 1.0 1.1 7.6 13:00 SW 12 19.6 26.4 16:00 13.9 6:00 1.3 2.6 0.0 0.5 6.3 12:30 SE 13 21.0 29.2 16:00 14.6 4:00 1.0 3.7 2.0 0.2 5.4 12:30 SE 14 22.2 29.2 15:30 15.9 6:30 0.5 4.4 0.0 0.6 7.2 18:00 S 15 19.4 20.9 11:30 14.9 00:00 0.3 1.3 0.0 0.4 6.7 17:00 NW 16 16.4 23.3 17:30 9.3 7:00 3.2 1.3 0.0 0.2 6.3 10:30 SE 17 17.0 24.2 16:00 9.1 6:00 3.0 1.7 0.0 0.3 5.4 12:00 SE 18 17.8 23.6 17:30 14.1 23:30 1.4 0.9 0.0 0.3 8.5 13:30 ENE 19 16.2 22.1 16:00 9.5 00:00 3.1 1.0 0.0 0.1 5.8 13:00 SE 20 13.1 20.3 12:00 4.6 7:00 5.5 0.2 0.0 0.3 5.4 17:30 WNW 21 16.8 21.2 17:30 11.3 0:30 2.0 0.5 1.8 1.0 7.6 14:00 S 22 17.4 19.8 18:00 16.3 9:30 1.0 0.1 0.0 1.5 8.5 18:30 SW 23 16.2 19.1 14:30 9.6 00:00 2.1 0.0 0.2 0.5 6.7 1:00 WNW 24 11.4 15.0 22:00 7.0 3:30 6.9 0.0 3.6 0.4 6.3 21:30 SE 25 14.2 18.6 13:00 10.3 7:30 4.1 0.0 1.4 0.2 5.4 12:00 S 26 12.4 16.9 11:30 8.9 4:00 5.9 0.0 0.2 0.1 4.9 17:00 WNW 27 11.2 15.0 13:30 8.8 7:30 7.1 0.0 0.2 0.0 4.9 13:30 SE 28 10.6 15.4 13:30 5.9 5:00 7.7 0.0 0.0 0.0 4.0 13:30 ENE 29 10.2 13.0 13:00 7.4 8:00 8.1 0.0 5.4 0.0 4.9 11:00 SE 30 11.1 15.4 15:00 6.1 7:30 7.2 0.0 0.0 0.0 4.5 14:00 SE 31 11.2 13.9 10:00 9.1 8:00 7.2 0.0 11.2 0.4 5.8 9:00 SE ------------------------------------------------------------------------------------- 16.4 29.2 14 4.6 20 89.0 31.7 70.8 0.5 13.4 4 SE Max >= 32.0: 0 Max <= 0.0: 0 Min <= 0.0: 0 Min <= -18.0: 0 Max Rain: 20.40 ON 04.08.10 Days of Rain: 17 (> .2 mm) 9 (> 2 mm) 1 (> 20 mm) Heat Base: 18.3 Cool Base: 18.3 Method: Integration