NOAA-style Climate Reports

2019: Jan | Feb | Mar | Apr | May | Jun | Jul | Aug | Sep | Oct | Nov | Dec 
2018: Jan | Feb | Mar | Apr | May | Jun | Jul | Aug | Sep | Oct | Nov | Dec 
2017: Jan | Feb | Mar | Apr | May | Jun | Jul | Aug | Sep | Oct | Nov | Dec 
2016: Jan | Feb | Mar | Apr | May | Jun | Jul | Aug | Sep | Oct | Nov | Dec 
2015: Jan | Feb | Mar | Apr | May | Jun | Jul | Aug | Sep | Oct | Nov | Dec 
2014: Jan | Feb | Mar | Apr | May | Jun | Jul | Aug | Sep | Oct | Nov | Dec 
2013: Jan | Feb | Mar | Apr | May | Jun | Jul | Aug | Sep | Oct | Nov | Dec 
2012: Jan | Feb | Mar | Apr | May | Jun | Jul | Aug | Sep | Oct | Nov | Dec 
2011: Jan | Feb | Mar | Apr | May | Jun | Jul | Aug | Sep | Oct | Nov | Dec 
2010: Jan | Feb | Mar | Apr | May | Jun | Jul | Aug | Sep | Oct | Nov | Dec 
2009: Jan | Feb | Mar | Apr | May | Jun | Jul | Aug | Sep | Oct | Nov | Dec 
2008: Jan | Feb | Mar | Apr | May | Jun | Jul | Aug | Sep | Oct | Nov | Dec 
2007: Jan | Feb | Mar | Apr | May | Jun | Jul | Aug | Sep | Oct | Nov | Dec 
2006: Jan | Feb | Mar | Apr | May | Jun | Jul | Aug | Sep | Oct | Nov | Dec 

Report for 2010 07
MONTHLY CLIMATOLOGICAL SUMMARY for JUL. 2010 NAME: Station #1 CITY: Rauma STATE: Finland ELEV: 16 m LAT: 61 08' 38" N LONG: 21 31' 26" E TEMPERATURE (C), RAIN (mm), WIND SPEED (m/s) HEAT COOL AVG MEAN DEG DEG WIND DOM DAY TEMP HIGH TIME LOW TIME DAYS DAYS RAIN SPEED HIGH TIME DIR ------------------------------------------------------------------------------------ 1 16.1 18.8 14:30 14.1 00:00 2.2 0.0 0.0 1.2 8.0 11:00 SW 2 16.1 20.1 15:00 10.6 4:30 2.5 0.3 0.0 0.3 5.4 15:00 NW 3 18.7 26.5 15:30 7.2 5:00 2.8 3.2 0.0 1.4 11.2 18:30 S 4 21.9 26.8 15:00 16.3 5:00 0.3 3.9 0.0 2.0 10.3 12:30 S 5 21.0 26.2 15:30 15.2 5:30 0.6 3.3 0.0 1.7 10.7 11:00 S 6 19.7 25.8 13:30 15.0 4:30 0.8 2.3 1.2 0.3 5.4 13:30 S 7 17.8 22.4 18:00 13.9 00:00 1.1 0.6 4.6 0.2 5.4 16:30 NW 8 17.9 23.8 12:30 9.1 6:00 2.5 2.1 0.0 0.3 5.4 17:00 SW 9 18.8 23.4 19:00 13.6 4:00 1.1 1.7 0.0 0.9 8.9 16:00 SW 10 20.2 25.7 19:00 13.3 5:00 1.1 3.0 0.4 1.0 8.9 13:00 S 11 23.1 30.7 19:00 14.2 5:30 0.8 5.5 0.0 0.2 5.4 00:00 WNW 12 25.1 30.4 17:00 20.5 5:30 0.0 6.8 0.0 1.7 8.5 16:30 S 13 26.5 32.3 15:00 19.3 6:00 0.0 8.2 0.0 1.6 10.7 17:30 SSE 14 23.0 25.7 14:00 18.3 00:00 0.0 4.7 0.0 0.6 7.6 14:00 S 15 20.8 28.7 15:00 13.8 6:00 0.9 3.4 7.2 0.2 4.9 18:30 SE 16 19.2 23.8 11:00 15.0 5:30 0.6 1.5 0.0 0.5 6.3 16:30 WNW 17 21.2 28.1 16:30 12.2 5:30 1.4 4.3 0.0 0.4 6.3 17:00 SW 18 20.7 23.0 15:00 15.8 00:00 0.0 2.5 0.0 0.7 6.7 17:30 SE 19 18.6 23.1 18:30 11.0 5:30 1.8 2.1 0.0 0.8 7.2 13:00 SW 20 20.3 23.4 18:00 15.7 2:00 0.2 2.2 0.0 1.3 9.8 9:00 SW 21 22.0 26.6 16:00 18.0 5:00 0.0 3.7 0.0 1.7 10.7 14:30 S 22 22.6 27.7 15:30 17.6 3:30 0.1 4.3 0.0 2.4 13.9 15:30 S 23 16.6 21.8 0:30 14.0 00:00 2.0 0.3 0.0 0.6 7.2 13:00 NW 24 17.0 23.3 16:00 10.8 6:30 2.5 1.2 0.2 0.4 8.9 16:30 ESE 25 20.6 29.3 17:30 13.3 3:00 1.7 4.0 1.8 0.9 8.5 15:30 SE 26 22.2 28.4 15:00 18.2 7:00 0.0 3.9 1.2 0.4 6.7 14:00 SE 27 19.6 22.6 17:30 16.7 00:00 0.1 1.4 0.2 0.8 6.7 5:30 SW 28 17.6 23.3 19:00 12.7 5:00 1.8 1.1 2.2 0.1 2.7 15:00 SE 29 23.2 30.8 14:00 17.6 5:00 0.0 5.0 0.4 1.1 11.2 15:30 SE 30 20.1 23.6 13:30 17.3 6:30 0.1 1.9 0.4 2.2 11.6 20:30 S 31 17.6 20.3 15:00 15.8 9:00 0.8 0.1 0.0 2.5 12.1 14:00 S ------------------------------------------------------------------------------------- 20.2 32.3 13 7.2 3 30.1 88.5 19.8 1.0 13.9 22 S Max >= 32.0: 1 Max <= 0.0: 0 Min <= 0.0: 0 Min <= -18.0: 0 Max Rain: 7.19 ON 15.07.10 Days of Rain: 11 (> .2 mm) 3 (> 2 mm) 0 (> 20 mm) Heat Base: 18.3 Cool Base: 18.3 Method: Integration