NOAA-style Climate Reports

2019: Jan | Feb | Mar | Apr | May | Jun | Jul | Aug | Sep | Oct | Nov | Dec 
2018: Jan | Feb | Mar | Apr | May | Jun | Jul | Aug | Sep | Oct | Nov | Dec 
2017: Jan | Feb | Mar | Apr | May | Jun | Jul | Aug | Sep | Oct | Nov | Dec 
2016: Jan | Feb | Mar | Apr | May | Jun | Jul | Aug | Sep | Oct | Nov | Dec 
2015: Jan | Feb | Mar | Apr | May | Jun | Jul | Aug | Sep | Oct | Nov | Dec 
2014: Jan | Feb | Mar | Apr | May | Jun | Jul | Aug | Sep | Oct | Nov | Dec 
2013: Jan | Feb | Mar | Apr | May | Jun | Jul | Aug | Sep | Oct | Nov | Dec 
2012: Jan | Feb | Mar | Apr | May | Jun | Jul | Aug | Sep | Oct | Nov | Dec 
2011: Jan | Feb | Mar | Apr | May | Jun | Jul | Aug | Sep | Oct | Nov | Dec 
2010: Jan | Feb | Mar | Apr | May | Jun | Jul | Aug | Sep | Oct | Nov | Dec 
2009: Jan | Feb | Mar | Apr | May | Jun | Jul | Aug | Sep | Oct | Nov | Dec 
2008: Jan | Feb | Mar | Apr | May | Jun | Jul | Aug | Sep | Oct | Nov | Dec 
2007: Jan | Feb | Mar | Apr | May | Jun | Jul | Aug | Sep | Oct | Nov | Dec 
2006: Jan | Feb | Mar | Apr | May | Jun | Jul | Aug | Sep | Oct | Nov | Dec 

Report for 2010 06
MONTHLY CLIMATOLOGICAL SUMMARY for JUN. 2010 NAME: Station #1 CITY: Rauma STATE: Finland ELEV: 16 m LAT: 61 08' 38" N LONG: 21 31' 26" E TEMPERATURE (C), RAIN (mm), WIND SPEED (m/s) HEAT COOL AVG MEAN DEG DEG WIND DOM DAY TEMP HIGH TIME LOW TIME DAYS DAYS RAIN SPEED HIGH TIME DIR ------------------------------------------------------------------------------------ 1 10.9 18.0 13:00 1.6 5:30 7.3 0.0 0.0 0.4 5.4 18:30 NW 2 15.0 22.1 15:30 6.2 5:00 4.2 0.9 0.0 0.4 5.4 16:00 NW 3 12.6 17.4 17:30 6.0 5:00 5.7 0.0 0.0 0.7 7.6 10:30 SW 4 10.7 14.0 17:30 8.2 23:30 7.6 0.0 0.0 0.9 8.5 10:00 NW 5 9.1 11.8 17:30 5.7 00:00 9.2 0.0 0.0 0.6 7.6 6:00 NW 6 10.5 17.7 15:30 0.9 5:00 7.8 0.0 0.0 0.4 7.6 12:00 S 7 12.8 18.3 12:30 6.1 6:00 5.5 0.0 0.0 0.2 5.8 14:00 NW 8 14.3 19.6 13:30 8.1 5:00 4.1 0.1 0.0 0.4 5.4 11:30 SE 9 13.4 18.7 12:00 6.1 5:00 4.9 0.0 0.0 0.6 7.6 13:30 SW 10 13.2 18.8 13:30 4.4 5:30 5.1 0.0 0.0 0.2 4.5 15:00 NW 11 13.3 18.9 10:00 6.9 4:00 5.0 0.0 3.4 0.7 6.7 14:00 SE 12 12.4 13.9 17:00 11.5 00:00 5.9 0.0 11.0 1.7 14.8 17:00 SE 13 11.1 14.1 20:30 7.9 00:00 7.2 0.0 0.6 0.4 6.3 17:30 NW 14 9.3 13.4 18:00 4.1 5:00 9.0 0.0 2.0 0.1 3.1 16:30 WNW 15 10.5 13.7 14:30 7.1 2:00 7.8 0.0 0.0 0.5 7.6 17:30 NW 16 10.6 14.0 14:30 6.9 00:00 7.7 0.0 0.0 0.4 6.3 12:30 NW 17 11.1 16.3 14:00 3.4 4:00 7.2 0.0 0.0 0.4 5.8 16:00 WNW 18 13.6 18.3 12:30 10.3 4:30 4.7 0.0 1.8 2.5 13.9 18:30 SE 19 13.1 15.7 17:30 11.2 3:00 5.3 0.0 14.4 0.7 7.2 6:30 SE 20 12.8 17.2 13:30 9.4 4:30 5.5 0.0 0.0 1.1 8.9 20:30 S 21 10.5 14.2 14:00 5.1 5:30 7.8 0.0 0.0 0.3 7.2 15:30 NW 22 12.0 17.7 14:30 3.6 5:30 6.3 0.0 0.0 0.3 4.9 15:00 WNW 23 13.2 17.3 13:00 6.8 5:30 5.2 0.0 0.0 0.3 6.3 17:00 WNW 24 13.4 20.0 17:30 3.6 5:00 5.2 0.3 0.0 0.2 4.5 17:30 NW 25 15.7 20.8 15:30 7.0 5:00 3.3 0.7 0.0 0.3 4.5 20:30 SW 26 15.0 19.4 11:30 11.7 00:00 3.3 0.0 0.0 0.8 7.6 20:00 SSE 27 12.4 14.6 20:30 9.4 00:00 5.9 0.0 0.0 0.7 8.0 8:30 NW 28 14.9 18.9 12:30 9.4 0:30 3.4 0.0 0.0 0.5 5.8 7:30 NW 29 17.6 25.9 16:00 6.6 3:30 3.4 2.7 0.0 1.3 7.6 13:00 S 30 19.6 24.9 14:00 13.5 5:30 1.2 2.5 0.0 2.1 10.7 18:00 SSE ------------------------------------------------------------------------------------- 12.8 25.9 29 0.9 6 171.8 7.2 33.2 0.7 14.8 12 NW Max >= 32.0: 0 Max <= 0.0: 0 Min <= 0.0: 0 Min <= -18.0: 0 Max Rain: 14.40 ON 19.06.10 Days of Rain: 6 (> .2 mm) 4 (> 2 mm) 0 (> 20 mm) Heat Base: 18.3 Cool Base: 18.3 Method: Integration