NOAA-style Climate Reports

2019: Jan | Feb | Mar | Apr | May | Jun | Jul | Aug | Sep | Oct | Nov | Dec 
2018: Jan | Feb | Mar | Apr | May | Jun | Jul | Aug | Sep | Oct | Nov | Dec 
2017: Jan | Feb | Mar | Apr | May | Jun | Jul | Aug | Sep | Oct | Nov | Dec 
2016: Jan | Feb | Mar | Apr | May | Jun | Jul | Aug | Sep | Oct | Nov | Dec 
2015: Jan | Feb | Mar | Apr | May | Jun | Jul | Aug | Sep | Oct | Nov | Dec 
2014: Jan | Feb | Mar | Apr | May | Jun | Jul | Aug | Sep | Oct | Nov | Dec 
2013: Jan | Feb | Mar | Apr | May | Jun | Jul | Aug | Sep | Oct | Nov | Dec 
2012: Jan | Feb | Mar | Apr | May | Jun | Jul | Aug | Sep | Oct | Nov | Dec 
2011: Jan | Feb | Mar | Apr | May | Jun | Jul | Aug | Sep | Oct | Nov | Dec 
2010: Jan | Feb | Mar | Apr | May | Jun | Jul | Aug | Sep | Oct | Nov | Dec 
2009: Jan | Feb | Mar | Apr | May | Jun | Jul | Aug | Sep | Oct | Nov | Dec 
2008: Jan | Feb | Mar | Apr | May | Jun | Jul | Aug | Sep | Oct | Nov | Dec 
2007: Jan | Feb | Mar | Apr | May | Jun | Jul | Aug | Sep | Oct | Nov | Dec 
2006: Jan | Feb | Mar | Apr | May | Jun | Jul | Aug | Sep | Oct | Nov | Dec 

Report for 2010 04
MONTHLY CLIMATOLOGICAL SUMMARY for APR. 2010 NAME: Station #1 CITY: Rauma STATE: Finland ELEV: 16 m LAT: 61 08' 38" N LONG: 21 31' 26" E TEMPERATURE (C), RAIN (mm), WIND SPEED (m/s) HEAT COOL AVG MEAN DEG DEG WIND DOM DAY TEMP HIGH TIME LOW TIME DAYS DAYS RAIN SPEED HIGH TIME DIR ------------------------------------------------------------------------------------ 1 6.6 11.6 15:30 3.0 23:30 11.7 0.0 0.2 1.7 10.3 16:00 SE 2 3.6 9.6 18:00 -0.8 00:00 14.8 0.0 0.0 0.8 5.4 9:00 SE 3 2.1 7.7 15:00 -2.6 8:00 16.2 0.0 0.0 0.3 2.7 15:00 NW 4 2.0 4.4 19:30 -1.8 3:00 16.3 0.0 2.4 0.1 4.5 20:30 WNW 5 3.3 5.0 16:30 2.2 6:30 15.0 0.0 0.4 0.2 5.4 17:00 SE 6 1.5 3.7 0:30 0.5 20:30 16.8 0.0 0.0 0.5 5.8 15:30 SW 7 2.2 6.4 14:30 -0.8 7:00 16.2 0.0 0.2 0.6 5.4 22:00 SSE 8 5.5 10.4 16:30 2.1 5:30 12.8 0.0 0.0 1.3 7.6 18:00 SSE 9 4.2 6.5 17:30 3.0 5:00 14.1 0.0 2.6 1.2 6.7 4:00 SE 10 4.3 8.7 16:00 1.6 00:00 14.0 0.0 0.6 0.2 4.0 17:30 NW 11 4.1 7.8 13:30 0.9 2:00 14.2 0.0 0.0 0.4 4.5 15:30 NW 12 5.5 14.4 15:30 -1.3 4:30 12.8 0.0 0.0 0.3 4.5 13:00 SE 13 3.6 8.4 16:00 -0.4 5:00 14.7 0.0 0.0 0.4 4.5 16:00 NW 14 2.3 6.7 15:00 -2.4 4:30 15.9 0.0 0.0 0.4 6.7 16:00 NW 15 3.4 9.2 15:00 -2.6 4:30 14.9 0.0 2.4 0.5 6.7 18:30 S 16 3.1 6.6 18:00 -1.7 00:00 15.2 0.0 0.8 0.6 4.9 16:00 NW 17 1.9 6.9 12:30 -3.5 5:30 16.3 0.0 2.4 1.4 11.2 13:00 S 18 2.6 5.0 18:30 0.7 5:30 15.8 0.0 0.0 1.2 10.3 12:30 NW 19 1.4 5.7 16:30 -3.2 7:00 16.9 0.0 0.0 0.5 7.2 14:30 WNW 20 1.8 8.0 18:00 -5.2 6:30 16.5 0.0 0.2 0.3 4.5 12:00 NW 21 4.3 10.0 12:30 -1.9 1:30 14.0 0.0 0.0 0.6 7.2 13:00 ESE 22 2.5 6.6 2:00 0.7 8:30 15.8 0.0 13.2 0.2 8.9 2:30 ESE 23 2.2 5.7 14:30 -0.5 23:00 16.1 0.0 0.6 0.3 6.3 17:30 NW 24 1.9 5.3 18:00 -1.7 00:00 16.3 0.0 0.2 0.8 8.0 15:00 NW 25 4.4 10.2 17:00 -3.2 7:00 13.9 0.0 0.0 0.4 5.4 11:30 SW 26 6.7 12.9 18:30 -1.3 6:30 11.6 0.0 0.0 1.9 13.0 17:00 S 27 6.8 9.7 13:30 -0.7 00:00 11.5 0.0 0.2 1.7 9.8 1:30 S 28 2.9 6.1 15:00 -2.2 2:30 15.4 0.0 0.0 0.6 7.2 15:30 NW 29 5.4 7.6 19:00 3.1 3:00 12.9 0.0 2.2 0.5 4.5 1:00 SSE 30 10.0 16.3 17:30 6.8 3:30 8.3 0.0 0.2 0.8 5.8 20:00 SSE ------------------------------------------------------------------------------------- 3.7 16.3 30 -5.2 20 436.8 0.0 28.8 0.7 13.0 26 NW Max >= 32.0: 0 Max <= 0.0: 0 Min <= 0.0: 19 Min <= -18.0: 0 Max Rain: 13.21 ON 22.04.10 Days of Rain: 16 (> .2 mm) 6 (> 2 mm) 0 (> 20 mm) Heat Base: 18.3 Cool Base: 18.3 Method: Integration