NOAA-style Climate Reports

2019: Jan | Feb | Mar | Apr | May | Jun | Jul | Aug | Sep | Oct | Nov | Dec 
2018: Jan | Feb | Mar | Apr | May | Jun | Jul | Aug | Sep | Oct | Nov | Dec 
2017: Jan | Feb | Mar | Apr | May | Jun | Jul | Aug | Sep | Oct | Nov | Dec 
2016: Jan | Feb | Mar | Apr | May | Jun | Jul | Aug | Sep | Oct | Nov | Dec 
2015: Jan | Feb | Mar | Apr | May | Jun | Jul | Aug | Sep | Oct | Nov | Dec 
2014: Jan | Feb | Mar | Apr | May | Jun | Jul | Aug | Sep | Oct | Nov | Dec 
2013: Jan | Feb | Mar | Apr | May | Jun | Jul | Aug | Sep | Oct | Nov | Dec 
2012: Jan | Feb | Mar | Apr | May | Jun | Jul | Aug | Sep | Oct | Nov | Dec 
2011: Jan | Feb | Mar | Apr | May | Jun | Jul | Aug | Sep | Oct | Nov | Dec 
2010: Jan | Feb | Mar | Apr | May | Jun | Jul | Aug | Sep | Oct | Nov | Dec 
2009: Jan | Feb | Mar | Apr | May | Jun | Jul | Aug | Sep | Oct | Nov | Dec 
2008: Jan | Feb | Mar | Apr | May | Jun | Jul | Aug | Sep | Oct | Nov | Dec 
2007: Jan | Feb | Mar | Apr | May | Jun | Jul | Aug | Sep | Oct | Nov | Dec 
2006: Jan | Feb | Mar | Apr | May | Jun | Jul | Aug | Sep | Oct | Nov | Dec 

Report for 2009 12
MONTHLY CLIMATOLOGICAL SUMMARY for DEC. 2009 NAME: Station #1 CITY: Rauma STATE: Finland ELEV: 16 m LAT: 61 08' 38" N LONG: 21 31' 26" E TEMPERATURE (C), RAIN (mm), WIND SPEED (m/s) HEAT COOL AVG MEAN DEG DEG WIND DOM DAY TEMP HIGH TIME LOW TIME DAYS DAYS RAIN SPEED HIGH TIME DIR ------------------------------------------------------------------------------------ 1 3.6 6.7 5:30 -2.5 00:00 14.7 0.0 0.8 0.8 8.0 0:30 NW 2 -2.8 3.4 14:30 -5.7 00:00 21.1 0.0 0.2 0.0 1.8 14:30 ESE 3 -5.1 -2.8 14:30 -6.5 23:00 23.4 0.0 0.0 0.0 1.8 13:30 ENE 4 -2.4 0.6 23:30 -6.8 4:30 20.8 0.0 0.0 0.4 4.9 21:00 ESE 5 1.6 2.3 22:00 0.6 0:30 16.7 0.0 0.2 0.8 7.2 23:00 SE 6 1.8 2.7 15:00 0.8 23:00 16.5 0.0 0.0 0.9 7.6 15:30 SE 7 1.6 2.3 21:30 0.8 0:30 16.7 0.0 0.0 1.2 6.7 3:00 SE 8 2.1 2.6 13:30 0.9 7:00 16.2 0.0 0.0 0.4 5.4 3:00 SE 9 1.1 1.8 1:00 0.5 20:30 17.2 0.0 0.2 0.1 4.0 5:00 SE 10 0.3 0.6 0:30 0.2 17:00 18.0 0.0 0.0 0.1 2.7 0:30 SE 11 -0.1 0.6 4:00 -1.4 00:00 18.3 0.0 0.0 0.0 1.8 5:30 ENE 12 -2.3 -1.3 0:30 -3.4 16:30 20.6 0.0 0.0 0.0 1.8 12:00 WNW 13 -1.8 0.4 14:30 -7.4 00:00 20.1 0.0 0.0 0.0 4.0 22:00 ENE 14 -11.3 -7.4 0:30 -12.7 9:00 29.6 0.0 0.0 0.1 4.5 1:30 SE 15 -9.3 -7.9 14:30 -12.3 0:30 27.6 0.0 0.0 0.3 4.5 13:00 SE 16 -12.6 -9.5 0:30 -14.7 22:30 30.9 0.0 0.0 0.0 2.2 0:30 SE 17 -15.2 -13.9 14:00 -17.5 00:00 33.5 0.0 0.0 0.0 2.2 3:00 ENE 18 -12.3 -2.2 00:00 -19.9 6:30 30.7 0.0 0.2 0.4 5.4 00:00 SSE 19 -5.0 -1.7 3:30 -8.2 00:00 23.3 0.0 0.0 1.3 8.0 1:00 SE 20 -6.8 -5.1 11:30 -8.6 4:00 25.1 0.0 0.0 0.6 8.5 11:00 ESE 21 -12.6 -8.3 0:30 -14.4 18:30 30.8 0.0 0.0 0.0 6.7 0:30 ESE 22 -5.8 -2.8 00:00 -12.7 0:30 24.1 0.0 0.0 0.9 8.9 14:00 S 23 -6.6 -2.7 0:30 -12.4 23:00 24.9 0.0 0.0 0.3 6.7 1:30 ENE 24 -3.2 -1.2 11:30 -7.4 0:30 21.5 0.0 0.0 0.3 5.8 9:30 NW 25 -5.6 -2.8 5:00 -9.2 18:30 23.8 0.0 0.0 0.6 6.7 19:30 E 26 -6.6 -5.6 12:00 -8.7 0:30 24.9 0.0 0.0 0.7 8.0 20:30 ENE 27 -7.1 -2.7 21:00 -8.9 13:00 25.4 0.0 0.0 0.1 6.3 1:30 SE 28 0.6 2.7 14:30 -3.6 0:30 17.7 0.0 9.4 1.2 6.7 18:00 SE 29 -0.9 1.2 5:00 -4.5 00:00 19.3 0.0 2.6 0.9 7.2 0:30 NW 30 -4.3 -3.6 21:30 -4.9 7:30 22.7 0.0 0.0 0.4 4.9 19:30 NW 31 -10.8 -4.2 0:30 -14.1 21:00 29.1 0.0 0.0 0.0 2.2 1:30 NNE ------------------------------------------------------------------------------------- -4.4 6.7 1 -19.9 18 705.0 0.0 13.6 0.4 8.9 22 SE Max >= 32.0: 0 Max <= 0.0: 18 Min <= 0.0: 25 Min <= -18.0: 1 Max Rain: 9.40 ON 28.12.09 Days of Rain: 7 (> .2 mm) 2 (> 2 mm) 0 (> 20 mm) Heat Base: 18.3 Cool Base: 18.3 Method: Integration