NOAA-style Climate Reports

2019: Jan | Feb | Mar | Apr | May | Jun | Jul | Aug | Sep | Oct | Nov | Dec 
2018: Jan | Feb | Mar | Apr | May | Jun | Jul | Aug | Sep | Oct | Nov | Dec 
2017: Jan | Feb | Mar | Apr | May | Jun | Jul | Aug | Sep | Oct | Nov | Dec 
2016: Jan | Feb | Mar | Apr | May | Jun | Jul | Aug | Sep | Oct | Nov | Dec 
2015: Jan | Feb | Mar | Apr | May | Jun | Jul | Aug | Sep | Oct | Nov | Dec 
2014: Jan | Feb | Mar | Apr | May | Jun | Jul | Aug | Sep | Oct | Nov | Dec 
2013: Jan | Feb | Mar | Apr | May | Jun | Jul | Aug | Sep | Oct | Nov | Dec 
2012: Jan | Feb | Mar | Apr | May | Jun | Jul | Aug | Sep | Oct | Nov | Dec 
2011: Jan | Feb | Mar | Apr | May | Jun | Jul | Aug | Sep | Oct | Nov | Dec 
2010: Jan | Feb | Mar | Apr | May | Jun | Jul | Aug | Sep | Oct | Nov | Dec 
2009: Jan | Feb | Mar | Apr | May | Jun | Jul | Aug | Sep | Oct | Nov | Dec 
2008: Jan | Feb | Mar | Apr | May | Jun | Jul | Aug | Sep | Oct | Nov | Dec 
2007: Jan | Feb | Mar | Apr | May | Jun | Jul | Aug | Sep | Oct | Nov | Dec 
2006: Jan | Feb | Mar | Apr | May | Jun | Jul | Aug | Sep | Oct | Nov | Dec 

Report for 2009 11
MONTHLY CLIMATOLOGICAL SUMMARY for NOV. 2009 NAME: Station #1 CITY: Rauma STATE: Finland ELEV: 16 m LAT: 61 08' 38" N LONG: 21 31' 26" E TEMPERATURE (C), RAIN (mm), WIND SPEED (m/s) HEAT COOL AVG MEAN DEG DEG WIND DOM DAY TEMP HIGH TIME LOW TIME DAYS DAYS RAIN SPEED HIGH TIME DIR ------------------------------------------------------------------------------------ 1 1.6 3.7 15:30 -1.7 0:30 16.7 0.0 0.0 0.4 3.1 14:30 SE 2 3.4 5.4 13:30 0.3 8:00 14.9 0.0 0.0 1.5 8.9 12:30 SE 3 3.9 5.4 14:30 1.1 00:00 14.4 0.0 0.0 1.6 9.8 3:30 SE 4 0.1 1.1 0:30 -1.1 7:00 18.2 0.0 0.0 1.0 8.9 11:30 SE 5 0.0 1.3 00:00 -0.9 6:30 18.3 0.0 0.0 1.6 10.7 12:00 ESE 6 1.4 2.2 13:00 0.5 23:00 16.8 0.0 1.4 0.8 8.5 1:00 SE 7 2.6 4.3 14:30 0.4 2:30 15.8 0.0 3.4 0.6 6.3 12:00 SE 8 2.0 2.7 14:00 1.4 00:00 16.3 0.0 0.0 0.1 3.1 23:30 SE 9 0.5 1.7 3:00 -1.9 00:00 17.8 0.0 0.0 0.2 3.1 8:30 SE 10 -1.2 0.1 14:30 -2.6 5:00 19.5 0.0 0.0 0.0 3.1 3:30 SE 11 0.5 1.3 14:00 -0.1 00:00 17.8 0.0 0.0 0.0 1.8 6:30 ENE 12 -0.8 0.3 13:30 -2.2 22:00 19.1 0.0 0.0 0.0 1.8 15:00 ENE 13 -4.1 -1.3 12:00 -6.9 00:00 22.4 0.0 0.0 0.1 4.9 12:00 SE 14 -1.6 2.1 00:00 -6.8 0:30 19.9 0.0 0.2 1.0 7.6 22:30 ESE 15 4.7 6.3 23:00 2.1 0:30 13.6 0.0 1.2 2.2 10.7 16:30 SE 16 5.2 6.4 3:30 3.8 20:30 13.1 0.0 0.6 1.3 8.5 3:30 SE 17 4.7 5.2 20:00 4.1 0:30 13.6 0.0 2.0 1.3 7.6 7:30 SE 18 4.9 6.6 15:00 3.4 4:30 13.4 0.0 3.4 0.7 7.6 16:00 SE 19 4.9 5.4 21:00 3.7 0:30 13.4 0.0 0.4 0.0 2.7 00:00 ESE 20 7.1 9.5 19:00 4.3 1:00 11.3 0.0 2.6 1.6 10.7 19:30 SE 21 7.4 9.6 5:00 4.9 23:30 10.9 0.0 1.8 1.2 8.9 2:30 SW 22 4.8 7.0 00:00 3.5 6:00 13.5 0.0 3.2 1.3 10.3 22:00 SSE 23 7.1 8.1 2:30 5.9 9:30 11.2 0.0 3.6 2.3 10.3 3:00 S 24 6.7 7.1 0:30 6.1 00:00 11.6 0.0 0.8 0.5 5.8 0:30 SE 25 5.7 6.8 00:00 5.2 4:30 12.6 0.0 2.2 1.1 10.3 23:30 SE 26 6.8 8.2 2:30 5.7 7:30 11.5 0.0 4.8 2.0 9.4 19:30 S 27 6.6 6.9 0:30 6.2 6:00 11.8 0.0 0.8 2.3 9.8 17:00 SSW 28 5.2 6.2 0:30 3.7 00:00 13.1 0.0 0.8 0.9 7.2 12:00 S 29 4.9 5.7 13:30 3.6 1:00 13.4 0.0 0.4 0.4 4.5 10:00 SSE 30 5.3 6.9 15:00 2.9 3:00 13.0 0.0 3.0 2.3 10.3 14:30 SE ------------------------------------------------------------------------------------- 3.3 9.6 21 -6.9 13 448.8 0.0 36.6 1.0 10.7 5 SE Max >= 32.0: 0 Max <= 0.0: 1 Min <= 0.0: 9 Min <= -18.0: 0 Max Rain: 4.80 ON 26.11.09 Days of Rain: 19 (> .2 mm) 9 (> 2 mm) 0 (> 20 mm) Heat Base: 18.3 Cool Base: 18.3 Method: Integration