NOAA-style Climate Reports

2019: Jan | Feb | Mar | Apr | May | Jun | Jul | Aug | Sep | Oct | Nov | Dec 
2018: Jan | Feb | Mar | Apr | May | Jun | Jul | Aug | Sep | Oct | Nov | Dec 
2017: Jan | Feb | Mar | Apr | May | Jun | Jul | Aug | Sep | Oct | Nov | Dec 
2016: Jan | Feb | Mar | Apr | May | Jun | Jul | Aug | Sep | Oct | Nov | Dec 
2015: Jan | Feb | Mar | Apr | May | Jun | Jul | Aug | Sep | Oct | Nov | Dec 
2014: Jan | Feb | Mar | Apr | May | Jun | Jul | Aug | Sep | Oct | Nov | Dec 
2013: Jan | Feb | Mar | Apr | May | Jun | Jul | Aug | Sep | Oct | Nov | Dec 
2012: Jan | Feb | Mar | Apr | May | Jun | Jul | Aug | Sep | Oct | Nov | Dec 
2011: Jan | Feb | Mar | Apr | May | Jun | Jul | Aug | Sep | Oct | Nov | Dec 
2010: Jan | Feb | Mar | Apr | May | Jun | Jul | Aug | Sep | Oct | Nov | Dec 
2009: Jan | Feb | Mar | Apr | May | Jun | Jul | Aug | Sep | Oct | Nov | Dec 
2008: Jan | Feb | Mar | Apr | May | Jun | Jul | Aug | Sep | Oct | Nov | Dec 
2007: Jan | Feb | Mar | Apr | May | Jun | Jul | Aug | Sep | Oct | Nov | Dec 
2006: Jan | Feb | Mar | Apr | May | Jun | Jul | Aug | Sep | Oct | Nov | Dec 

Report for 2009 10
MONTHLY CLIMATOLOGICAL SUMMARY for OCT. 2009 NAME: Station #1 CITY: Rauma STATE: Finland ELEV: 16 m LAT: 61 08' 38" N LONG: 21 31' 26" E TEMPERATURE (C), RAIN (mm), WIND SPEED (m/s) HEAT COOL AVG MEAN DEG DEG WIND DOM DAY TEMP HIGH TIME LOW TIME DAYS DAYS RAIN SPEED HIGH TIME DIR ------------------------------------------------------------------------------------ 1 3.3 8.9 13:00 -0.8 8:00 15.0 0.0 1.4 0.0 4.9 13:00 SE 2 2.1 9.0 13:00 -2.8 8:30 16.2 0.0 11.4 0.0 4.5 13:30 SE 3 5.4 10.7 15:00 0.8 6:00 12.9 0.0 2.8 1.0 10.3 23:30 SE 4 8.4 10.5 15:00 5.9 0:30 9.9 0.0 13.4 1.3 10.7 1:30 SSE 5 5.9 7.5 0:30 4.6 4:30 12.4 0.0 7.2 1.1 10.3 10:00 NW 6 6.5 8.9 13:30 4.7 20:30 11.8 0.0 1.0 0.6 8.0 3:30 NW 7 10.1 12.3 14:30 5.9 2:00 8.2 0.0 17.6 3.1 14.8 4:00 SW 8 6.8 10.3 0:30 -1.3 23:00 11.5 0.0 0.0 0.8 12.1 4:30 NW 9 4.2 8.7 14:00 -0.9 0:30 14.1 0.0 0.0 0.3 6.7 15:30 NW 10 5.0 8.1 15:00 -2.1 00:00 13.3 0.0 0.0 0.3 5.8 14:30 WNW 11 2.3 7.7 14:00 -2.9 4:00 16.0 0.0 0.0 0.3 5.8 15:30 SE 12 2.7 5.2 14:30 1.4 1:30 15.6 0.0 0.0 0.0 4.0 14:30 NW 13 2.3 5.8 16:00 0.4 00:00 16.0 0.0 0.0 0.2 4.9 16:30 NW 14 0.8 5.1 16:00 -2.2 8:30 17.5 0.0 0.0 0.1 4.0 17:00 N 15 0.9 9.2 16:00 -4.3 9:00 17.3 0.0 0.0 0.0 2.7 11:30 ENE 16 2.1 6.3 15:30 -3.4 5:00 16.2 0.0 1.6 0.1 3.1 7:30 SE 17 3.2 4.7 15:30 1.8 8:30 15.1 0.0 1.4 0.1 3.1 16:30 ENE 18 1.9 3.2 12:30 0.3 00:00 16.4 0.0 0.4 0.0 2.7 11:00 NW 19 0.3 5.7 14:30 -3.1 7:30 18.0 0.0 0.2 0.0 1.8 12:30 SE 20 3.8 6.8 15:30 -1.6 0:30 14.5 0.0 0.2 0.2 3.1 15:30 SE 21 5.1 7.7 15:30 2.4 9:30 13.3 0.0 0.0 0.2 4.9 23:00 SE 22 5.0 7.1 15:00 3.5 9:30 13.3 0.0 0.0 0.4 4.9 2:30 ENE 23 4.2 5.1 15:30 3.4 22:30 14.1 0.0 0.0 0.0 3.1 6:00 ENE 24 3.2 3.9 23:30 2.1 9:30 15.1 0.0 0.0 0.2 3.1 12:30 SE 25 4.6 5.6 16:00 3.6 0:30 13.7 0.0 0.2 0.8 6.3 13:00 SE 26 7.2 8.6 13:00 5.3 0:30 11.1 0.0 1.4 0.4 4.5 14:30 SE 27 5.9 7.3 5:30 2.9 00:00 12.4 0.0 2.8 0.1 2.2 13:00 NW 28 3.3 4.8 10:30 1.3 23:00 15.0 0.0 0.0 0.2 2.7 11:30 NW 29 0.4 2.7 14:00 -5.4 00:00 17.9 0.0 0.0 0.2 4.5 12:00 NW 30 -2.3 1.7 14:30 -7.8 5:30 20.6 0.0 0.6 0.1 5.4 13:00 SSE 31 0.2 2.6 12:00 -2.1 00:00 18.1 0.0 0.0 0.0 1.8 6:00 ENE ------------------------------------------------------------------------------------- 3.7 12.3 7 -7.8 30 452.4 0.0 63.6 0.4 14.8 7 SE Max >= 32.0: 0 Max <= 0.0: 0 Min <= 0.0: 14 Min <= -18.0: 0 Max Rain: 17.60 ON 07.10.09 Days of Rain: 16 (> .2 mm) 6 (> 2 mm) 0 (> 20 mm) Heat Base: 18.3 Cool Base: 18.3 Method: Integration