NOAA-style Climate Reports

2019: Jan | Feb | Mar | Apr | May | Jun | Jul | Aug | Sep | Oct | Nov | Dec 
2018: Jan | Feb | Mar | Apr | May | Jun | Jul | Aug | Sep | Oct | Nov | Dec 
2017: Jan | Feb | Mar | Apr | May | Jun | Jul | Aug | Sep | Oct | Nov | Dec 
2016: Jan | Feb | Mar | Apr | May | Jun | Jul | Aug | Sep | Oct | Nov | Dec 
2015: Jan | Feb | Mar | Apr | May | Jun | Jul | Aug | Sep | Oct | Nov | Dec 
2014: Jan | Feb | Mar | Apr | May | Jun | Jul | Aug | Sep | Oct | Nov | Dec 
2013: Jan | Feb | Mar | Apr | May | Jun | Jul | Aug | Sep | Oct | Nov | Dec 
2012: Jan | Feb | Mar | Apr | May | Jun | Jul | Aug | Sep | Oct | Nov | Dec 
2011: Jan | Feb | Mar | Apr | May | Jun | Jul | Aug | Sep | Oct | Nov | Dec 
2010: Jan | Feb | Mar | Apr | May | Jun | Jul | Aug | Sep | Oct | Nov | Dec 
2009: Jan | Feb | Mar | Apr | May | Jun | Jul | Aug | Sep | Oct | Nov | Dec 
2008: Jan | Feb | Mar | Apr | May | Jun | Jul | Aug | Sep | Oct | Nov | Dec 
2007: Jan | Feb | Mar | Apr | May | Jun | Jul | Aug | Sep | Oct | Nov | Dec 
2006: Jan | Feb | Mar | Apr | May | Jun | Jul | Aug | Sep | Oct | Nov | Dec 

Report for 2009 09
MONTHLY CLIMATOLOGICAL SUMMARY for SEP. 2009 NAME: Station #1 CITY: Rauma STATE: Finland ELEV: 16 m LAT: 61 08' 38" N LONG: 21 31' 26" E TEMPERATURE (C), RAIN (mm), WIND SPEED (m/s) HEAT COOL AVG MEAN DEG DEG WIND DOM DAY TEMP HIGH TIME LOW TIME DAYS DAYS RAIN SPEED HIGH TIME DIR ------------------------------------------------------------------------------------ 1 17.3 20.7 18:30 14.5 3:30 1.5 0.4 2.4 2.4 11.2 16:00 S 2 16.9 19.5 12:00 14.2 00:00 1.5 0.1 1.0 2.4 10.7 11:00 S 3 16.6 21.4 14:30 11.0 7:30 2.4 0.6 0.0 1.0 5.8 13:00 S 4 16.8 19.0 16:00 15.4 23:30 1.5 0.0 4.6 3.0 13.4 13:00 S 5 16.1 19.8 15:00 9.8 00:00 2.4 0.2 0.0 2.2 13.4 11:30 S 6 12.9 17.3 13:30 9.5 0:30 5.4 0.0 0.0 0.1 4.9 17:30 WNW 7 13.6 16.8 13:00 8.0 7:00 4.8 0.0 0.0 0.8 8.0 13:00 SW 8 15.8 18.1 17:30 13.3 0:30 2.4 0.0 0.6 2.0 10.3 4:30 SW 9 18.5 22.1 14:30 16.1 00:00 0.7 1.0 0.0 2.6 12.5 10:30 S 10 12.4 16.1 0:30 5.8 00:00 5.9 0.0 0.0 0.3 7.2 14:30 NW 11 10.1 16.4 15:00 3.7 6:30 8.2 0.0 0.0 0.4 6.7 11:00 WNW 12 12.2 17.2 16:00 6.7 3:00 6.1 0.0 3.8 0.4 6.3 12:30 SW 13 12.7 17.4 13:00 9.3 8:00 5.6 0.0 4.0 0.1 4.0 11:00 SE 14 11.4 18.6 15:00 4.5 7:30 6.9 0.0 0.2 0.1 4.5 16:30 NW 15 10.6 18.3 16:00 2.9 7:30 7.7 0.0 0.0 0.2 4.0 14:30 SW 16 11.3 15.7 13:30 6.7 1:30 7.0 0.0 0.2 1.0 8.9 14:00 S 17 11.8 13.7 15:30 10.6 7:00 6.5 0.0 0.0 0.8 8.9 19:30 NW 18 12.2 14.9 15:00 9.2 6:30 6.1 0.0 1.0 0.4 6.7 19:00 WNW 19 14.7 17.7 16:30 12.8 00:00 3.6 0.0 0.0 0.4 6.3 3:30 WNW 20 14.7 18.6 16:30 10.5 8:00 3.6 0.0 0.0 1.1 9.8 16:30 SW 21 13.0 15.8 16:00 10.8 6:30 5.3 0.0 0.0 0.3 4.9 00:00 S 22 13.7 15.1 14:00 12.1 0:30 4.6 0.0 1.4 2.1 9.8 13:00 SW 23 13.8 15.0 14:30 11.7 00:00 4.5 0.0 1.0 1.2 9.8 17:00 NW 24 9.3 13.2 13:00 4.6 5:30 9.0 0.0 0.0 0.2 8.9 12:00 WNW 25 9.1 12.6 15:00 2.7 5:30 9.3 0.0 2.8 0.4 7.2 16:00 SW 26 12.2 15.8 14:00 8.2 1:00 6.1 0.0 0.2 0.8 8.5 11:00 SW 27 13.3 16.0 16:00 8.7 1:30 5.0 0.0 1.4 1.6 11.6 11:30 SW 28 9.6 13.2 14:00 5.7 19:30 8.7 0.0 11.2 0.6 9.4 19:00 SW 29 7.2 8.9 00:00 5.7 8:00 11.2 0.0 3.8 0.5 9.8 10:30 NW 30 8.1 10.0 15:00 6.3 00:00 10.2 0.0 1.2 0.9 8.5 11:30 NW ------------------------------------------------------------------------------------- 12.9 22.1 9 2.7 25 163.8 2.4 40.8 1.0 13.4 4 S Max >= 32.0: 0 Max <= 0.0: 0 Min <= 0.0: 0 Min <= -18.0: 0 Max Rain: 11.20 ON 28.09.09 Days of Rain: 17 (> .2 mm) 7 (> 2 mm) 0 (> 20 mm) Heat Base: 18.3 Cool Base: 18.3 Method: Integration