NOAA-style Climate Reports

2019: Jan | Feb | Mar | Apr | May | Jun | Jul | Aug | Sep | Oct | Nov | Dec 
2018: Jan | Feb | Mar | Apr | May | Jun | Jul | Aug | Sep | Oct | Nov | Dec 
2017: Jan | Feb | Mar | Apr | May | Jun | Jul | Aug | Sep | Oct | Nov | Dec 
2016: Jan | Feb | Mar | Apr | May | Jun | Jul | Aug | Sep | Oct | Nov | Dec 
2015: Jan | Feb | Mar | Apr | May | Jun | Jul | Aug | Sep | Oct | Nov | Dec 
2014: Jan | Feb | Mar | Apr | May | Jun | Jul | Aug | Sep | Oct | Nov | Dec 
2013: Jan | Feb | Mar | Apr | May | Jun | Jul | Aug | Sep | Oct | Nov | Dec 
2012: Jan | Feb | Mar | Apr | May | Jun | Jul | Aug | Sep | Oct | Nov | Dec 
2011: Jan | Feb | Mar | Apr | May | Jun | Jul | Aug | Sep | Oct | Nov | Dec 
2010: Jan | Feb | Mar | Apr | May | Jun | Jul | Aug | Sep | Oct | Nov | Dec 
2009: Jan | Feb | Mar | Apr | May | Jun | Jul | Aug | Sep | Oct | Nov | Dec 
2008: Jan | Feb | Mar | Apr | May | Jun | Jul | Aug | Sep | Oct | Nov | Dec 
2007: Jan | Feb | Mar | Apr | May | Jun | Jul | Aug | Sep | Oct | Nov | Dec 
2006: Jan | Feb | Mar | Apr | May | Jun | Jul | Aug | Sep | Oct | Nov | Dec 

Report for 2009 08
MONTHLY CLIMATOLOGICAL SUMMARY for AUG. 2009 NAME: Station #1 CITY: Rauma STATE: Finland ELEV: 16 m LAT: 61 08' 38" N LONG: 21 31' 26" E TEMPERATURE (C), RAIN (mm), WIND SPEED (m/s) HEAT COOL AVG MEAN DEG DEG WIND DOM DAY TEMP HIGH TIME LOW TIME DAYS DAYS RAIN SPEED HIGH TIME DIR ------------------------------------------------------------------------------------ 1 15.5 19.8 19:30 12.0 5:00 2.9 0.1 0.0 0.1 4.9 15:00 SSE 2 15.6 21.9 13:00 8.2 6:00 3.5 0.8 0.2 0.2 5.4 14:30 NW 3 17.0 22.4 15:30 10.8 6:30 2.2 0.9 0.0 0.3 4.5 18:00 NW 4 18.6 26.4 15:30 11.2 6:00 1.9 2.2 0.0 0.4 5.4 17:30 SE 5 18.9 25.2 13:00 13.7 6:00 1.3 1.9 0.0 0.2 4.0 17:00 NW 6 18.8 25.7 13:30 10.5 6:30 2.2 2.6 0.0 0.2 4.0 13:30 NW 7 18.2 25.0 17:30 9.8 6:00 2.5 2.4 0.0 0.2 4.0 15:30 NW 8 18.4 24.4 17:30 9.8 5:30 2.5 2.6 0.0 0.3 4.9 14:00 NW 9 18.7 25.0 16:00 11.9 5:00 2.0 2.3 0.0 0.9 7.6 20:30 SW 10 19.0 24.3 14:30 13.3 4:30 1.5 2.2 0.0 1.4 9.4 12:00 S 11 19.2 24.7 16:30 13.3 6:00 1.4 2.3 0.0 1.3 9.4 16:00 S 12 15.9 17.8 18:30 14.6 00:00 2.4 0.0 10.0 0.4 9.8 2:00 NW 13 14.8 18.2 13:00 8.8 00:00 3.5 0.0 0.0 0.3 6.7 15:30 NW 14 12.1 16.8 15:30 6.6 4:00 6.2 0.0 2.6 0.2 6.3 14:00 NW 15 14.2 17.6 16:30 8.7 6:30 4.1 0.0 0.0 0.4 7.2 14:00 WNW 16 15.0 19.8 16:00 9.6 0:30 3.4 0.1 10.0 2.1 11.2 13:00 SW 17 14.2 17.6 18:00 8.8 00:00 4.1 0.0 5.0 0.5 8.0 2:00 WNW 18 11.2 15.0 17:00 7.3 3:30 7.1 0.0 1.2 0.2 5.8 16:00 ENE 19 11.6 15.6 14:00 6.6 4:00 6.8 0.0 0.4 0.4 7.6 15:00 NW 20 12.1 20.3 17:30 1.3 6:00 6.5 0.2 0.0 1.1 7.2 19:00 SSE 21 17.1 21.8 16:30 12.9 5:00 2.2 1.0 0.0 2.1 11.2 14:00 SE 22 16.4 21.6 15:30 11.6 4:30 2.6 0.7 2.0 1.8 10.3 16:00 SE 23 15.3 18.4 13:30 9.5 00:00 3.0 0.0 0.0 0.7 6.3 14:00 SW 24 13.1 19.8 16:30 4.7 7:00 5.5 0.2 0.2 0.4 5.8 18:00 SW 25 14.7 21.0 16:30 6.8 6:30 4.2 0.6 0.0 0.6 6.3 16:00 S 26 15.3 18.6 15:00 13.6 1:00 3.0 0.0 6.4 0.7 5.4 9:00 SE 27 15.1 15.9 10:30 13.2 00:00 3.2 0.0 0.4 0.7 7.6 21:00 SW 28 16.8 21.8 16:00 11.6 3:30 2.2 0.7 0.0 1.2 7.6 14:30 SE 29 17.1 19.9 15:00 14.3 00:00 1.4 0.2 4.6 1.6 9.8 15:00 SSE 30 14.6 18.2 17:00 10.0 6:30 3.7 0.0 0.0 1.5 10.3 17:00 S 31 14.7 17.2 19:00 11.9 2:00 3.6 0.0 0.0 1.9 10.7 11:00 SW ------------------------------------------------------------------------------------- 15.8 26.4 4 1.3 20 102.4 24.0 43.0 0.8 11.2 16 SE Max >= 32.0: 0 Max <= 0.0: 0 Min <= 0.0: 0 Min <= -18.0: 0 Max Rain: 10.01 ON 12.08.09 Days of Rain: 12 (> .2 mm) 7 (> 2 mm) 0 (> 20 mm) Heat Base: 18.3 Cool Base: 18.3 Method: Integration