NOAA-style Climate Reports

2019: Jan | Feb | Mar | Apr | May | Jun | Jul | Aug | Sep | Oct | Nov | Dec 
2018: Jan | Feb | Mar | Apr | May | Jun | Jul | Aug | Sep | Oct | Nov | Dec 
2017: Jan | Feb | Mar | Apr | May | Jun | Jul | Aug | Sep | Oct | Nov | Dec 
2016: Jan | Feb | Mar | Apr | May | Jun | Jul | Aug | Sep | Oct | Nov | Dec 
2015: Jan | Feb | Mar | Apr | May | Jun | Jul | Aug | Sep | Oct | Nov | Dec 
2014: Jan | Feb | Mar | Apr | May | Jun | Jul | Aug | Sep | Oct | Nov | Dec 
2013: Jan | Feb | Mar | Apr | May | Jun | Jul | Aug | Sep | Oct | Nov | Dec 
2012: Jan | Feb | Mar | Apr | May | Jun | Jul | Aug | Sep | Oct | Nov | Dec 
2011: Jan | Feb | Mar | Apr | May | Jun | Jul | Aug | Sep | Oct | Nov | Dec 
2010: Jan | Feb | Mar | Apr | May | Jun | Jul | Aug | Sep | Oct | Nov | Dec 
2009: Jan | Feb | Mar | Apr | May | Jun | Jul | Aug | Sep | Oct | Nov | Dec 
2008: Jan | Feb | Mar | Apr | May | Jun | Jul | Aug | Sep | Oct | Nov | Dec 
2007: Jan | Feb | Mar | Apr | May | Jun | Jul | Aug | Sep | Oct | Nov | Dec 
2006: Jan | Feb | Mar | Apr | May | Jun | Jul | Aug | Sep | Oct | Nov | Dec 

Report for 2009 07
MONTHLY CLIMATOLOGICAL SUMMARY for JUL. 2009 NAME: Station #1 CITY: Rauma STATE: Finland ELEV: 16 m LAT: 61 08' 38" N LONG: 21 31' 26" E TEMPERATURE (C), RAIN (mm), WIND SPEED (m/s) HEAT COOL AVG MEAN DEG DEG WIND DOM DAY TEMP HIGH TIME LOW TIME DAYS DAYS RAIN SPEED HIGH TIME DIR ------------------------------------------------------------------------------------ 1 19.8 25.8 17:00 11.6 4:30 1.5 3.0 0.0 0.8 6.7 12:00 SW 2 20.6 26.1 15:00 12.8 5:00 1.0 3.3 0.0 0.4 6.3 17:00 NW 3 16.4 21.8 16:00 13.6 8:30 2.2 0.3 0.2 0.4 7.6 11:00 NW 4 12.7 16.3 14:30 8.4 5:00 5.6 0.0 0.8 0.0 4.0 17:00 WNW 5 10.8 15.7 17:00 6.4 5:00 7.5 0.0 0.0 0.3 5.4 13:30 NW 6 11.8 17.8 17:00 2.2 5:30 6.5 0.0 0.0 0.4 6.7 13:00 WNW 7 11.8 18.7 13:30 4.1 4:30 6.5 0.0 3.6 1.0 9.4 12:30 SE 8 16.2 23.6 18:00 11.1 5:30 3.0 0.9 0.4 0.3 5.4 17:30 SE 9 15.6 18.8 15:30 13.5 00:00 2.7 0.0 6.0 1.3 9.8 13:00 ESE 10 15.1 19.2 16:30 12.9 4:30 3.2 0.0 3.8 3.3 14.3 16:30 SE 11 15.4 22.4 14:30 10.1 5:00 3.4 0.5 0.4 0.6 6.3 13:30 SE 12 15.0 20.3 16:00 7.4 6:00 3.6 0.2 0.2 1.1 8.9 20:00 S 13 16.4 20.8 17:00 12.3 6:30 2.3 0.3 0.2 0.8 5.8 9:30 SE 14 16.1 21.4 16:00 8.0 5:30 2.9 0.6 0.0 0.6 4.9 16:00 S 15 18.9 23.4 17:30 14.4 5:30 1.2 1.8 0.0 1.3 7.2 15:30 S 16 19.0 24.6 16:00 15.1 4:30 1.0 1.8 0.6 1.1 7.6 12:30 S 17 16.7 19.6 17:00 13.0 00:00 1.7 0.1 0.0 0.7 6.7 13:30 SW 18 17.0 24.0 17:30 8.7 5:00 2.9 1.6 0.0 0.3 4.5 14:00 WNW 19 18.0 23.7 15:00 12.6 5:30 1.7 1.5 0.2 0.4 5.8 14:30 ENE 20 18.1 21.4 13:00 15.3 15:00 0.7 0.4 1.6 1.3 8.0 14:00 SW 21 17.4 21.1 13:30 13.4 4:00 1.6 0.6 0.2 1.9 10.3 12:00 S 22 15.0 17.7 12:30 12.2 00:00 3.3 0.0 0.6 0.4 5.8 14:30 SE 23 16.9 22.7 16:00 10.0 4:30 2.7 1.3 0.0 1.3 7.6 14:00 SE 24 18.0 20.2 10:30 15.3 4:30 0.7 0.4 13.2 1.4 8.0 15:30 SE 25 16.8 18.9 18:00 15.2 6:30 1.5 0.0 2.4 0.9 8.0 13:30 S 26 16.0 19.2 16:00 12.5 5:30 2.3 0.0 1.2 0.7 7.6 11:30 S 27 16.1 20.2 17:00 12.3 00:00 2.5 0.2 0.8 0.7 6.7 11:00 SW 28 17.2 20.8 14:30 11.2 2:30 1.9 0.8 0.0 1.1 7.6 15:00 SSE 29 18.1 21.7 17:00 13.6 5:30 1.2 0.9 0.0 0.6 6.7 15:00 SW 30 17.3 22.2 17:00 11.2 6:00 2.0 1.1 0.0 0.3 4.5 13:30 SW 31 15.2 17.9 15:00 11.8 5:30 3.1 0.0 5.0 0.3 5.4 16:30 SE ------------------------------------------------------------------------------------- 16.3 26.1 2 2.2 6 83.8 21.8 41.4 0.8 14.3 10 SE Max >= 32.0: 0 Max <= 0.0: 0 Min <= 0.0: 0 Min <= -18.0: 0 Max Rain: 13.21 ON 24.07.09 Days of Rain: 19 (> .2 mm) 6 (> 2 mm) 0 (> 20 mm) Heat Base: 18.3 Cool Base: 18.3 Method: Integration