NOAA-style Climate Reports

2019: Jan | Feb | Mar | Apr | May | Jun | Jul | Aug | Sep | Oct | Nov | Dec 
2018: Jan | Feb | Mar | Apr | May | Jun | Jul | Aug | Sep | Oct | Nov | Dec 
2017: Jan | Feb | Mar | Apr | May | Jun | Jul | Aug | Sep | Oct | Nov | Dec 
2016: Jan | Feb | Mar | Apr | May | Jun | Jul | Aug | Sep | Oct | Nov | Dec 
2015: Jan | Feb | Mar | Apr | May | Jun | Jul | Aug | Sep | Oct | Nov | Dec 
2014: Jan | Feb | Mar | Apr | May | Jun | Jul | Aug | Sep | Oct | Nov | Dec 
2013: Jan | Feb | Mar | Apr | May | Jun | Jul | Aug | Sep | Oct | Nov | Dec 
2012: Jan | Feb | Mar | Apr | May | Jun | Jul | Aug | Sep | Oct | Nov | Dec 
2011: Jan | Feb | Mar | Apr | May | Jun | Jul | Aug | Sep | Oct | Nov | Dec 
2010: Jan | Feb | Mar | Apr | May | Jun | Jul | Aug | Sep | Oct | Nov | Dec 
2009: Jan | Feb | Mar | Apr | May | Jun | Jul | Aug | Sep | Oct | Nov | Dec 
2008: Jan | Feb | Mar | Apr | May | Jun | Jul | Aug | Sep | Oct | Nov | Dec 
2007: Jan | Feb | Mar | Apr | May | Jun | Jul | Aug | Sep | Oct | Nov | Dec 
2006: Jan | Feb | Mar | Apr | May | Jun | Jul | Aug | Sep | Oct | Nov | Dec 

Report for 2009 06
MONTHLY CLIMATOLOGICAL SUMMARY for JUN. 2009 NAME: Station #1 CITY: Rauma STATE: Finland ELEV: 16 m LAT: 61 08' 38" N LONG: 21 31' 26" E TEMPERATURE (C), RAIN (mm), WIND SPEED (m/s) HEAT COOL AVG MEAN DEG DEG WIND DOM DAY TEMP HIGH TIME LOW TIME DAYS DAYS RAIN SPEED HIGH TIME DIR ------------------------------------------------------------------------------------ 1 15.2 20.3 10:30 10.6 4:00 3.2 0.1 0.0 0.6 8.5 16:30 NW 2 11.4 13.9 9:30 7.8 5:30 6.9 0.0 0.0 0.4 5.4 13:00 NW 3 9.7 12.4 15:30 5.3 5:30 8.6 0.0 0.0 0.6 8.9 18:30 NW 4 6.7 9.4 0:30 5.6 00:00 11.6 0.0 14.2 0.4 7.6 13:30 NW 5 7.6 10.9 16:30 4.9 5:30 10.7 0.0 0.2 0.3 6.3 10:30 NW 6 7.4 10.6 17:30 3.4 00:00 10.9 0.0 0.0 0.4 5.4 15:00 NW 7 8.3 16.0 15:00 -1.3 5:00 10.0 0.0 0.0 0.4 5.4 18:00 NW 8 10.6 16.4 15:00 2.3 5:00 7.7 0.0 0.0 0.2 5.4 15:00 SE 9 11.1 15.0 12:30 5.3 5:00 7.2 0.0 0.2 0.4 7.6 12:30 SE 10 12.9 17.9 17:30 8.8 3:30 5.4 0.0 0.0 0.4 5.8 16:30 SE 11 12.8 14.2 17:00 11.8 11:00 5.4 0.0 0.0 1.3 8.0 13:30 SSE 12 15.8 22.8 14:00 11.2 4:30 3.2 0.7 1.6 0.4 5.8 10:30 SE 13 15.1 19.2 16:00 9.7 3:30 3.3 0.0 0.0 0.1 4.0 20:30 NW 14 15.0 17.6 9:30 12.7 00:00 3.3 0.0 4.8 1.4 9.4 17:30 SE 15 9.8 12.9 0:30 8.4 20:00 8.5 0.0 8.2 0.8 8.5 13:00 SW 16 8.5 9.2 21:00 7.8 14:00 9.8 0.0 0.6 0.6 7.2 6:00 WNW 17 9.8 12.7 17:00 5.7 4:30 8.5 0.0 0.0 0.7 7.2 16:00 NW 18 10.9 17.4 17:00 1.6 5:30 7.4 0.0 0.2 0.5 8.0 18:30 S 19 10.6 12.9 16:30 9.2 6:00 7.7 0.0 6.0 0.3 4.9 4:00 SE 20 9.2 11.4 15:30 8.3 8:00 9.1 0.0 2.4 0.5 6.3 4:30 WNW 21 12.5 17.5 17:30 5.1 5:30 5.8 0.0 0.0 0.4 4.5 14:30 SW 22 13.2 18.3 11:30 5.2 5:00 5.1 0.0 0.0 0.4 5.4 17:30 WNW 23 15.1 21.3 20:00 4.8 5:00 4.1 0.9 0.0 0.5 4.9 13:00 WNW 24 15.2 20.3 13:30 8.4 3:00 3.2 0.1 0.0 0.3 5.4 15:30 NW 25 19.1 26.7 14:00 10.8 5:30 2.1 2.9 0.0 0.4 4.9 12:00 SE 26 19.2 24.8 16:00 10.1 4:30 1.8 2.7 0.0 0.4 4.5 12:00 NW 27 20.0 27.6 12:00 11.2 5:00 1.7 3.4 0.0 0.5 6.3 18:30 SE 28 17.9 24.6 14:00 9.7 5:30 2.2 1.8 0.0 0.4 4.9 15:30 SW 29 21.3 28.7 16:00 12.3 6:00 1.3 4.4 0.0 0.3 5.8 17:00 NE 30 20.1 25.9 13:30 14.7 4:30 0.8 2.5 0.0 0.6 4.9 14:30 SE ------------------------------------------------------------------------------------- 13.1 28.7 29 -1.3 7 176.6 19.5 38.4 0.5 9.4 14 NW Max >= 32.0: 0 Max <= 0.0: 0 Min <= 0.0: 1 Min <= -18.0: 0 Max Rain: 14.20 ON 04.06.09 Days of Rain: 10 (> .2 mm) 5 (> 2 mm) 0 (> 20 mm) Heat Base: 18.3 Cool Base: 18.3 Method: Integration