NOAA-style Climate Reports

2019: Jan | Feb | Mar | Apr | May | Jun | Jul | Aug | Sep | Oct | Nov | Dec 
2018: Jan | Feb | Mar | Apr | May | Jun | Jul | Aug | Sep | Oct | Nov | Dec 
2017: Jan | Feb | Mar | Apr | May | Jun | Jul | Aug | Sep | Oct | Nov | Dec 
2016: Jan | Feb | Mar | Apr | May | Jun | Jul | Aug | Sep | Oct | Nov | Dec 
2015: Jan | Feb | Mar | Apr | May | Jun | Jul | Aug | Sep | Oct | Nov | Dec 
2014: Jan | Feb | Mar | Apr | May | Jun | Jul | Aug | Sep | Oct | Nov | Dec 
2013: Jan | Feb | Mar | Apr | May | Jun | Jul | Aug | Sep | Oct | Nov | Dec 
2012: Jan | Feb | Mar | Apr | May | Jun | Jul | Aug | Sep | Oct | Nov | Dec 
2011: Jan | Feb | Mar | Apr | May | Jun | Jul | Aug | Sep | Oct | Nov | Dec 
2010: Jan | Feb | Mar | Apr | May | Jun | Jul | Aug | Sep | Oct | Nov | Dec 
2009: Jan | Feb | Mar | Apr | May | Jun | Jul | Aug | Sep | Oct | Nov | Dec 
2008: Jan | Feb | Mar | Apr | May | Jun | Jul | Aug | Sep | Oct | Nov | Dec 
2007: Jan | Feb | Mar | Apr | May | Jun | Jul | Aug | Sep | Oct | Nov | Dec 
2006: Jan | Feb | Mar | Apr | May | Jun | Jul | Aug | Sep | Oct | Nov | Dec 

Report for 2009 05
MONTHLY CLIMATOLOGICAL SUMMARY for MAY. 2009 NAME: Station #1 CITY: Rauma STATE: Finland ELEV: 16 m LAT: 61 08' 38" N LONG: 21 31' 26" E TEMPERATURE (C), RAIN (mm), WIND SPEED (m/s) HEAT COOL AVG MEAN DEG DEG WIND DOM DAY TEMP HIGH TIME LOW TIME DAYS DAYS RAIN SPEED HIGH TIME DIR ------------------------------------------------------------------------------------ 1 7.3 14.8 18:30 -1.7 5:30 11.0 0.0 0.0 0.9 7.2 16:00 SW 2 11.2 19.1 16:30 4.1 2:30 7.1 0.0 0.0 1.3 8.5 17:30 S 3 8.5 13.2 17:30 4.8 6:00 9.8 0.0 0.0 0.8 7.2 9:30 SW 4 5.7 9.3 15:30 2.9 6:00 12.6 0.0 3.0 1.1 10.3 16:30 SE 5 6.8 12.7 12:30 1.3 6:00 11.5 0.0 0.4 1.8 10.3 19:00 SSE 6 9.2 14.3 16:00 5.4 00:00 9.1 0.0 2.0 1.3 7.2 18:30 S 7 8.9 15.6 16:30 2.1 2:30 9.4 0.0 2.0 1.6 10.3 18:00 S 8 10.1 15.8 15:30 6.4 6:30 8.2 0.0 0.0 2.2 10.7 19:00 SW 9 9.2 13.1 20:00 6.2 14:00 9.1 0.0 19.4 1.7 8.9 13:30 SW 10 10.4 14.8 14:30 7.1 00:00 7.9 0.0 0.2 2.5 10.7 12:00 SW 11 7.3 10.2 15:00 4.5 00:00 11.0 0.0 0.2 0.7 6.7 18:00 NW 12 6.9 9.6 18:00 2.7 2:30 11.4 0.0 0.0 1.0 7.6 14:30 NW 13 9.0 13.5 17:00 1.8 5:30 9.3 0.0 0.0 0.9 5.8 13:30 NW 14 10.2 15.9 18:30 5.4 6:00 8.1 0.0 0.0 0.7 6.7 15:30 N 15 11.5 18.1 16:30 4.1 5:30 6.8 0.0 0.0 0.4 5.8 14:00 NNE 16 12.4 18.1 15:30 5.7 00:00 5.8 0.0 0.0 0.6 5.8 13:30 NW 17 10.1 17.2 12:00 2.3 4:30 8.2 0.0 0.0 0.5 6.3 14:00 NW 18 9.7 16.1 15:00 0.9 5:30 8.6 0.0 0.0 0.3 4.0 10:00 WNW 19 10.1 13.2 12:00 7.3 00:00 8.2 0.0 0.0 0.3 5.4 14:00 WNW 20 11.3 17.7 17:30 4.2 5:00 7.0 0.0 0.0 0.8 6.7 16:30 SSE 21 11.8 16.2 18:30 7.2 4:30 6.5 0.0 0.0 0.8 6.7 17:30 SSE 22 11.5 17.4 11:30 7.2 6:00 6.8 0.0 1.0 0.3 5.4 11:30 SE 23 11.8 16.8 15:00 9.3 23:00 6.5 0.0 6.0 0.5 6.7 16:30 NW 24 10.1 13.4 12:00 6.3 00:00 8.2 0.0 0.0 0.5 6.7 15:30 NW 25 12.4 19.2 16:30 0.9 5:30 6.0 0.1 0.0 0.5 4.5 16:00 SW 26 15.3 21.5 17:30 9.3 6:00 3.5 0.5 0.0 1.7 9.8 16:30 S 27 13.6 18.4 12:00 9.9 23:00 4.7 0.0 0.0 2.3 12.5 13:00 SW 28 11.9 15.9 16:00 9.3 5:30 6.4 0.0 0.0 1.5 9.8 8:00 SW 29 12.9 17.9 12:30 4.9 6:00 5.4 0.0 0.0 0.4 5.4 18:30 WNW 30 13.7 19.4 19:00 4.5 5:00 4.7 0.1 0.0 0.3 5.8 16:00 NW 31 17.1 24.8 16:00 6.1 5:30 3.6 2.3 0.0 0.4 4.5 13:00 SW ------------------------------------------------------------------------------------- 10.6 24.8 31 -1.7 1 242.6 3.0 34.2 1.0 12.5 27 SW Max >= 32.0: 0 Max <= 0.0: 0 Min <= 0.0: 1 Min <= -18.0: 0 Max Rain: 19.41 ON 09.05.09 Days of Rain: 9 (> .2 mm) 5 (> 2 mm) 0 (> 20 mm) Heat Base: 18.3 Cool Base: 18.3 Method: Integration