NOAA-style Climate Reports

2019: Jan | Feb | Mar | Apr | May | Jun | Jul | Aug | Sep | Oct | Nov | Dec 
2018: Jan | Feb | Mar | Apr | May | Jun | Jul | Aug | Sep | Oct | Nov | Dec 
2017: Jan | Feb | Mar | Apr | May | Jun | Jul | Aug | Sep | Oct | Nov | Dec 
2016: Jan | Feb | Mar | Apr | May | Jun | Jul | Aug | Sep | Oct | Nov | Dec 
2015: Jan | Feb | Mar | Apr | May | Jun | Jul | Aug | Sep | Oct | Nov | Dec 
2014: Jan | Feb | Mar | Apr | May | Jun | Jul | Aug | Sep | Oct | Nov | Dec 
2013: Jan | Feb | Mar | Apr | May | Jun | Jul | Aug | Sep | Oct | Nov | Dec 
2012: Jan | Feb | Mar | Apr | May | Jun | Jul | Aug | Sep | Oct | Nov | Dec 
2011: Jan | Feb | Mar | Apr | May | Jun | Jul | Aug | Sep | Oct | Nov | Dec 
2010: Jan | Feb | Mar | Apr | May | Jun | Jul | Aug | Sep | Oct | Nov | Dec 
2009: Jan | Feb | Mar | Apr | May | Jun | Jul | Aug | Sep | Oct | Nov | Dec 
2008: Jan | Feb | Mar | Apr | May | Jun | Jul | Aug | Sep | Oct | Nov | Dec 
2007: Jan | Feb | Mar | Apr | May | Jun | Jul | Aug | Sep | Oct | Nov | Dec 
2006: Jan | Feb | Mar | Apr | May | Jun | Jul | Aug | Sep | Oct | Nov | Dec 

Report for 2009 04
MONTHLY CLIMATOLOGICAL SUMMARY for APR. 2009 NAME: Station #1 CITY: Rauma STATE: Finland ELEV: 16 m LAT: 61 08' 38" N LONG: 21 31' 26" E TEMPERATURE (C), RAIN (mm), WIND SPEED (m/s) HEAT COOL AVG MEAN DEG DEG WIND DOM DAY TEMP HIGH TIME LOW TIME DAYS DAYS RAIN SPEED HIGH TIME DIR ------------------------------------------------------------------------------------ 1 1.4 3.4 14:00 -2.7 00:00 16.8 0.0 0.0 1.0 7.6 18:00 NW 2 2.0 5.3 15:30 -3.7 3:00 16.3 0.0 0.0 0.7 5.8 12:00 SW 3 5.2 8.7 16:30 2.1 00:00 13.1 0.0 0.0 0.6 5.8 9:30 NW 4 3.8 6.8 17:30 0.3 4:30 14.5 0.0 1.8 0.2 4.5 18:00 S 5 3.5 5.9 17:00 0.1 6:30 14.8 0.0 0.4 0.5 4.9 12:30 SE 6 1.2 3.1 0:30 -0.1 22:30 17.1 0.0 0.2 0.6 6.3 11:00 NW 7 1.4 2.8 15:00 0.1 0:30 16.9 0.0 0.0 0.1 2.2 15:30 NW 8 3.8 8.9 18:00 -0.5 1:00 14.5 0.0 0.2 1.3 7.6 13:30 SE 9 4.0 6.7 16:00 2.2 00:00 14.3 0.0 6.8 2.1 8.9 16:00 ESE 10 4.2 8.7 18:30 -0.1 00:00 14.1 0.0 1.0 0.6 4.5 13:00 S 11 6.2 15.0 17:30 -0.7 1:30 12.1 0.0 0.0 0.3 4.9 16:00 SE 12 7.9 15.6 16:00 2.7 7:30 10.4 0.0 0.0 1.6 7.6 13:30 SE 13 5.4 9.7 17:30 1.1 4:00 12.9 0.0 0.4 1.5 8.0 11:30 SE 14 3.6 6.3 15:00 -0.6 00:00 14.7 0.0 0.0 0.2 3.1 14:00 WNW 15 2.9 9.0 13:00 -1.9 6:00 15.4 0.0 0.2 0.6 6.3 14:00 NW 16 1.1 6.8 14:00 -4.2 6:30 17.2 0.0 0.0 0.9 7.2 14:30 S 17 3.2 5.3 16:00 0.9 0:30 15.1 0.0 0.0 1.4 8.0 13:30 NW 18 1.2 4.3 0:30 -2.8 00:00 17.1 0.0 0.0 2.0 11.6 3:30 NW 19 1.8 7.2 17:00 -5.7 5:00 16.5 0.0 0.0 1.6 13.4 14:00 SW 20 2.0 5.2 0:30 -1.4 00:00 16.3 0.0 0.0 1.2 9.4 15:00 NW 21 1.4 8.0 17:00 -6.8 6:00 16.9 0.0 0.0 1.0 7.6 15:00 S 22 3.2 8.6 16:30 -2.1 5:00 15.1 0.0 0.0 0.7 6.3 13:30 SSE 23 3.1 8.9 16:30 -3.7 5:30 15.2 0.0 0.0 0.4 4.9 17:30 NW 24 7.8 15.8 18:30 -2.4 6:30 10.5 0.0 0.0 1.2 7.6 13:30 S 25 10.0 16.8 18:30 2.3 6:00 8.3 0.0 0.0 1.0 6.7 19:30 SW 26 11.7 17.6 15:30 6.4 6:30 6.6 0.0 0.0 2.1 13.0 16:00 S 27 13.1 20.8 14:30 6.8 5:30 5.5 0.3 0.0 2.0 13.4 17:30 SSE 28 9.4 15.7 16:00 2.5 00:00 8.9 0.0 0.0 0.8 5.8 0:30 SSE 29 6.1 10.7 15:00 2.7 0:30 12.2 0.0 0.0 0.4 5.4 14:00 NW 30 6.8 15.0 15:30 -0.1 6:30 11.5 0.0 0.0 0.5 5.4 11:00 NW ------------------------------------------------------------------------------------- 4.6 20.8 27 -6.8 21 410.9 0.3 11.0 1.0 13.4 19 NW Max >= 32.0: 0 Max <= 0.0: 0 Min <= 0.0: 17 Min <= -18.0: 0 Max Rain: 6.81 ON 09.04.09 Days of Rain: 8 (> .2 mm) 1 (> 2 mm) 0 (> 20 mm) Heat Base: 18.3 Cool Base: 18.3 Method: Integration