NOAA-style Climate Reports

2019: Jan | Feb | Mar | Apr | May | Jun | Jul | Aug | Sep | Oct | Nov | Dec 
2018: Jan | Feb | Mar | Apr | May | Jun | Jul | Aug | Sep | Oct | Nov | Dec 
2017: Jan | Feb | Mar | Apr | May | Jun | Jul | Aug | Sep | Oct | Nov | Dec 
2016: Jan | Feb | Mar | Apr | May | Jun | Jul | Aug | Sep | Oct | Nov | Dec 
2015: Jan | Feb | Mar | Apr | May | Jun | Jul | Aug | Sep | Oct | Nov | Dec 
2014: Jan | Feb | Mar | Apr | May | Jun | Jul | Aug | Sep | Oct | Nov | Dec 
2013: Jan | Feb | Mar | Apr | May | Jun | Jul | Aug | Sep | Oct | Nov | Dec 
2012: Jan | Feb | Mar | Apr | May | Jun | Jul | Aug | Sep | Oct | Nov | Dec 
2011: Jan | Feb | Mar | Apr | May | Jun | Jul | Aug | Sep | Oct | Nov | Dec 
2010: Jan | Feb | Mar | Apr | May | Jun | Jul | Aug | Sep | Oct | Nov | Dec 
2009: Jan | Feb | Mar | Apr | May | Jun | Jul | Aug | Sep | Oct | Nov | Dec 
2008: Jan | Feb | Mar | Apr | May | Jun | Jul | Aug | Sep | Oct | Nov | Dec 
2007: Jan | Feb | Mar | Apr | May | Jun | Jul | Aug | Sep | Oct | Nov | Dec 
2006: Jan | Feb | Mar | Apr | May | Jun | Jul | Aug | Sep | Oct | Nov | Dec 

Report for 2009 03
MONTHLY CLIMATOLOGICAL SUMMARY for MAR. 2009 NAME: Station #1 CITY: Rauma STATE: Finland ELEV: 16 m LAT: 61 08' 38" N LONG: 21 31' 26" E TEMPERATURE (C), RAIN (mm), WIND SPEED (m/s) HEAT COOL AVG MEAN DEG DEG WIND DOM DAY TEMP HIGH TIME LOW TIME DAYS DAYS RAIN SPEED HIGH TIME DIR ------------------------------------------------------------------------------------ 1 -6.9 -4.4 15:30 -9.2 9:00 25.2 0.0 0.0 0.1 2.7 23:00 SE 2 -3.9 -1.7 15:30 -6.5 2:30 22.3 0.0 0.0 1.5 7.6 15:30 SE 3 -1.2 1.3 00:00 -3.2 0:30 19.5 0.0 0.0 1.2 7.2 2:00 SE 4 2.0 3.6 15:30 1.2 00:00 16.3 0.0 2.6 0.9 4.9 12:30 S 5 1.1 2.4 16:30 0.2 23:30 17.2 0.0 0.4 0.5 5.8 12:30 ESE 6 0.8 4.6 14:30 -1.8 00:00 17.5 0.0 0.0 0.7 7.6 11:30 ESE 7 -0.8 1.5 15:00 -4.0 6:00 19.2 0.0 0.0 0.1 3.1 12:00 ENE 8 0.5 3.8 16:00 -1.4 8:30 17.8 0.0 0.0 1.4 8.5 14:00 SE 9 -1.0 1.3 13:30 -3.3 6:30 19.3 0.0 0.0 0.8 6.7 1:00 ESE 10 -1.8 -1.1 15:00 -2.5 7:00 20.1 0.0 0.0 0.1 4.9 13:00 ENE 11 -0.5 1.1 16:00 -1.8 0:30 18.8 0.0 1.4 0.1 2.7 9:00 ENE 12 -0.1 1.5 15:00 -1.7 7:30 18.4 0.0 1.0 0.7 6.3 22:30 SE 13 0.9 2.3 12:00 -0.2 3:00 17.3 0.0 1.4 1.5 7.6 12:30 S 14 1.0 1.7 15:00 -0.3 3:30 17.3 0.0 3.2 1.8 8.0 9:30 SSE 15 1.4 2.7 15:30 0.6 7:30 16.9 0.0 1.4 0.2 2.7 1:00 SE 16 1.2 4.1 14:00 -0.2 8:00 17.1 0.0 0.6 1.5 9.8 13:30 SW 17 0.9 2.9 16:30 -1.0 20:30 17.4 0.0 2.2 0.3 3.1 16:30 NW 18 1.1 3.5 14:00 -2.3 00:00 17.2 0.0 0.0 1.1 7.2 15:00 NW 19 -2.0 2.3 15:00 -6.9 00:00 20.3 0.0 0.0 0.7 6.7 15:30 NW 20 0.6 4.9 23:00 -7.9 2:00 17.8 0.0 0.2 1.3 8.5 9:30 SW 21 0.9 3.6 0:30 -2.7 23:30 17.3 0.0 0.0 1.0 7.6 15:30 NW 22 -1.9 2.2 13:30 -7.0 7:00 20.2 0.0 0.2 0.3 5.4 14:30 NW 23 -2.8 1.3 14:00 -6.8 4:00 21.1 0.0 0.0 0.3 5.4 12:30 N 24 -4.3 0.1 15:30 -8.7 7:30 22.6 0.0 0.0 0.3 5.8 12:00 NW 25 -5.7 0.2 11:30 -12.6 6:30 24.0 0.0 0.0 0.2 4.9 15:30 NW 26 -7.2 -2.1 14:30 -13.6 7:00 25.5 0.0 0.0 0.3 4.9 16:00 NW 27 -4.9 1.3 15:30 -13.5 3:00 23.2 0.0 0.0 1.0 6.7 16:30 ESE 28 -1.2 1.9 14:30 -4.7 2:30 19.4 0.0 0.2 1.5 8.5 6:30 ESE 29 0.9 3.1 15:30 -0.3 5:00 16.7 0.0 3.8 0.0 2.2 20:30 SE 30 2.3 6.0 14:00 -0.1 3:00 16.0 0.0 0.6 2.1 13.0 16:30 S 31 3.4 6.4 17:30 -0.9 00:00 14.9 0.0 0.4 1.7 13.0 4:00 SW ------------------------------------------------------------------------------------- -0.9 6.4 31 -13.6 26 593.8 0.0 19.6 0.8 13.0 30 SE Max >= 32.0: 0 Max <= 0.0: 4 Min <= 0.0: 28 Min <= -18.0: 0 Max Rain: 3.81 ON 29.03.09 Days of Rain: 15 (> .2 mm) 4 (> 2 mm) 0 (> 20 mm) Heat Base: 18.3 Cool Base: 18.3 Method: Integration