NOAA-style Climate Reports

2019: Jan | Feb | Mar | Apr | May | Jun | Jul | Aug | Sep | Oct | Nov | Dec 
2018: Jan | Feb | Mar | Apr | May | Jun | Jul | Aug | Sep | Oct | Nov | Dec 
2017: Jan | Feb | Mar | Apr | May | Jun | Jul | Aug | Sep | Oct | Nov | Dec 
2016: Jan | Feb | Mar | Apr | May | Jun | Jul | Aug | Sep | Oct | Nov | Dec 
2015: Jan | Feb | Mar | Apr | May | Jun | Jul | Aug | Sep | Oct | Nov | Dec 
2014: Jan | Feb | Mar | Apr | May | Jun | Jul | Aug | Sep | Oct | Nov | Dec 
2013: Jan | Feb | Mar | Apr | May | Jun | Jul | Aug | Sep | Oct | Nov | Dec 
2012: Jan | Feb | Mar | Apr | May | Jun | Jul | Aug | Sep | Oct | Nov | Dec 
2011: Jan | Feb | Mar | Apr | May | Jun | Jul | Aug | Sep | Oct | Nov | Dec 
2010: Jan | Feb | Mar | Apr | May | Jun | Jul | Aug | Sep | Oct | Nov | Dec 
2009: Jan | Feb | Mar | Apr | May | Jun | Jul | Aug | Sep | Oct | Nov | Dec 
2008: Jan | Feb | Mar | Apr | May | Jun | Jul | Aug | Sep | Oct | Nov | Dec 
2007: Jan | Feb | Mar | Apr | May | Jun | Jul | Aug | Sep | Oct | Nov | Dec 
2006: Jan | Feb | Mar | Apr | May | Jun | Jul | Aug | Sep | Oct | Nov | Dec 

Report for 2009 02
MONTHLY CLIMATOLOGICAL SUMMARY for FEB. 2009 NAME: Station #1 CITY: Rauma STATE: Finland ELEV: 16 m LAT: 61 08' 38" N LONG: 21 31' 26" E TEMPERATURE (C), RAIN (mm), WIND SPEED (m/s) HEAT COOL AVG MEAN DEG DEG WIND DOM DAY TEMP HIGH TIME LOW TIME DAYS DAYS RAIN SPEED HIGH TIME DIR ------------------------------------------------------------------------------------ 1 -6.3 -0.6 14:00 -11.6 1:00 24.6 0.0 0.0 0.2 5.4 13:00 SSE 2 -5.1 1.3 14:30 -11.1 3:00 23.3 0.0 1.8 0.1 4.5 14:30 SW 3 -3.7 0.1 14:30 -7.1 3:00 22.1 0.0 0.0 0.6 5.8 14:30 S 4 -1.1 -0.2 14:30 -3.2 0:30 19.4 0.0 0.0 0.9 4.5 0:30 SSE 5 -2.3 -1.2 0:30 -2.9 15:00 20.6 0.0 0.0 1.5 7.6 6:30 SE 6 -2.3 -1.4 13:00 -3.5 00:00 20.6 0.0 0.0 1.3 8.0 1:00 ESE 7 -0.3 1.3 19:00 -3.5 0:30 18.6 0.0 0.2 0.6 5.8 22:30 SE 8 1.3 3.0 16:30 0.0 00:00 17.0 0.0 5.4 1.7 9.4 18:00 SE 9 -1.2 0.1 14:30 -3.5 9:00 19.5 0.0 0.0 2.5 13.0 6:30 SW 10 -2.4 1.3 14:00 -6.8 8:30 20.7 0.0 0.0 0.5 6.3 0:30 S 11 -3.1 0.6 14:00 -6.4 23:30 21.3 0.0 0.2 0.3 3.1 14:00 SE 12 -6.3 -4.1 14:00 -9.6 22:30 24.7 0.0 0.0 0.3 4.5 3:00 ESE 13 -7.2 -5.9 14:30 -9.5 00:00 25.5 0.0 0.0 0.0 1.8 3:00 ENE 14 -4.1 -0.6 17:30 -9.2 0:30 22.4 0.0 0.0 0.1 2.2 10:30 SE 15 -3.2 -1.2 1:00 -4.9 00:00 21.5 0.0 0.0 0.1 2.2 9:30 NW 16 -6.8 -4.7 14:30 -11.9 00:00 25.2 0.0 0.0 0.0 3.1 13:00 ENE 17 -10.9 -4.5 16:00 -16.2 9:00 29.2 0.0 0.2 0.1 4.0 10:30 ENE 18 -10.9 -4.6 16:00 -16.6 3:00 29.2 0.0 0.0 0.0 1.3 11:30 NW 19 -10.1 -7.1 16:30 -12.5 22:30 28.3 0.0 0.0 0.0 3.1 14:30 SE 20 -6.7 -2.9 16:00 -11.7 8:30 24.9 0.0 0.0 0.1 4.0 16:30 SE 21 -4.2 -1.8 13:00 -7.4 0:30 22.5 0.0 0.0 1.0 8.0 13:30 SE 22 -2.2 0.0 14:30 -5.6 0:30 20.5 0.0 0.0 2.2 10.7 8:00 SE 23 -3.8 -2.3 15:00 -5.6 5:00 22.1 0.0 0.0 0.6 6.3 0:30 SE 24 -0.3 1.3 13:00 -3.5 0:30 18.6 0.0 0.6 1.2 7.6 18:30 SW 25 -1.1 2.2 14:30 -5.7 8:30 19.4 0.0 0.2 0.4 6.3 13:30 NW 26 -1.2 0.3 21:30 -4.7 1:30 19.5 0.0 0.2 0.7 6.3 10:00 ESE 27 -2.2 0.2 0:30 -5.9 00:00 20.5 0.0 0.0 0.3 4.0 14:30 NW 28 -7.1 -5.2 19:00 -10.3 8:30 25.4 0.0 0.0 0.2 3.1 14:30 NW ------------------------------------------------------------------------------------- -4.1 3.0 8 -16.6 18 627.2 0.0 8.8 0.6 13.0 9 SE Max >= 32.0: 0 Max <= 0.0: 17 Min <= 0.0: 28 Min <= -18.0: 0 Max Rain: 5.41 ON 08.02.09 Days of Rain: 8 (> .2 mm) 1 (> 2 mm) 0 (> 20 mm) Heat Base: 18.3 Cool Base: 18.3 Method: Integration