NOAA-style Climate Reports

2019: Jan | Feb | Mar | Apr | May | Jun | Jul | Aug | Sep | Oct | Nov | Dec 
2018: Jan | Feb | Mar | Apr | May | Jun | Jul | Aug | Sep | Oct | Nov | Dec 
2017: Jan | Feb | Mar | Apr | May | Jun | Jul | Aug | Sep | Oct | Nov | Dec 
2016: Jan | Feb | Mar | Apr | May | Jun | Jul | Aug | Sep | Oct | Nov | Dec 
2015: Jan | Feb | Mar | Apr | May | Jun | Jul | Aug | Sep | Oct | Nov | Dec 
2014: Jan | Feb | Mar | Apr | May | Jun | Jul | Aug | Sep | Oct | Nov | Dec 
2013: Jan | Feb | Mar | Apr | May | Jun | Jul | Aug | Sep | Oct | Nov | Dec 
2012: Jan | Feb | Mar | Apr | May | Jun | Jul | Aug | Sep | Oct | Nov | Dec 
2011: Jan | Feb | Mar | Apr | May | Jun | Jul | Aug | Sep | Oct | Nov | Dec 
2010: Jan | Feb | Mar | Apr | May | Jun | Jul | Aug | Sep | Oct | Nov | Dec 
2009: Jan | Feb | Mar | Apr | May | Jun | Jul | Aug | Sep | Oct | Nov | Dec 
2008: Jan | Feb | Mar | Apr | May | Jun | Jul | Aug | Sep | Oct | Nov | Dec 
2007: Jan | Feb | Mar | Apr | May | Jun | Jul | Aug | Sep | Oct | Nov | Dec 
2006: Jan | Feb | Mar | Apr | May | Jun | Jul | Aug | Sep | Oct | Nov | Dec 

Report for 2009 01
MONTHLY CLIMATOLOGICAL SUMMARY for JAN. 2009 NAME: Station #1 CITY: Rauma STATE: Finland ELEV: 16 m LAT: 61 08' 38" N LONG: 21 31' 26" E TEMPERATURE (C), RAIN (mm), WIND SPEED (m/s) HEAT COOL AVG MEAN DEG DEG WIND DOM DAY TEMP HIGH TIME LOW TIME DAYS DAYS RAIN SPEED HIGH TIME DIR ------------------------------------------------------------------------------------ 1 -2.4 0.7 0:30 -6.3 10:30 20.7 0.0 0.0 0.7 7.2 0:30 NW 2 -5.8 -2.3 16:00 -9.3 00:00 24.1 0.0 0.0 0.0 5.8 16:30 NW 3 -13.7 -9.3 0:30 -16.9 10:00 32.0 0.0 0.0 0.0 0.4 21:30 WNW 4 -10.1 -5.4 15:00 -14.2 9:30 28.4 0.0 0.0 0.0 0.9 16:00 WNW 5 -9.4 1.3 23:30 -19.1 7:30 27.7 0.0 0.0 0.5 7.2 20:30 WNW 6 1.2 2.2 14:00 -1.1 00:00 17.1 0.0 0.2 2.1 12.1 11:00 NW 7 -9.3 -0.8 0:30 -14.2 20:30 27.6 0.0 0.0 0.0 4.0 0:30 WNW 8 -4.5 2.3 00:00 -13.0 6:30 22.8 0.0 0.0 1.0 11.2 14:30 SW 9 1.3 4.8 7:30 -5.3 23:30 17.0 0.0 8.0 1.2 8.9 3:00 NW 10 0.7 3.3 13:00 -5.4 0:30 17.6 0.0 2.0 1.4 10.3 13:00 SW 11 2.4 3.2 18:00 1.3 6:00 15.9 0.0 2.0 2.9 12.5 11:00 SW 12 4.8 5.4 18:30 3.1 0:30 13.5 0.0 0.0 3.5 14.8 15:00 SW 13 4.7 5.4 3:30 3.7 23:00 13.6 0.0 0.0 2.9 13.0 10:00 SW 14 1.9 3.9 0:30 -1.2 18:00 16.4 0.0 0.0 1.3 8.9 5:00 SW 15 -4.4 -0.9 0:30 -8.3 00:00 22.7 0.0 0.0 0.3 5.8 17:30 N 16 -11.1 -6.3 14:30 -14.3 00:00 29.3 0.0 0.0 0.0 1.8 14:00 SE 17 -11.6 -6.7 00:00 -15.6 7:30 29.9 0.0 0.0 0.2 3.1 21:30 SE 18 -3.3 -1.8 00:00 -6.7 0:30 21.6 0.0 0.0 0.8 5.8 9:30 SE 19 -1.2 -0.8 20:00 -1.8 0:30 19.5 0.0 0.0 1.0 6.3 22:00 SE 20 -1.0 -0.6 11:00 -1.6 00:00 19.3 0.0 0.0 2.5 9.8 16:00 SE 21 0.9 2.0 16:30 -1.5 0:30 17.4 0.0 1.0 1.6 7.2 0:30 SE 22 0.6 1.6 3:00 -1.5 00:00 17.8 0.0 0.0 0.4 4.9 0:30 SE 23 -1.4 0.4 14:00 -3.9 00:00 19.8 0.0 0.0 0.0 0.0 --- --- 24 -3.9 -3.2 12:30 -5.6 3:00 22.2 0.0 0.0 0.8 7.6 15:30 ESE 25 -1.8 -0.8 13:00 -3.8 0:30 20.1 0.0 0.0 0.9 7.6 0:30 ESE 26 -1.9 -1.4 15:00 -2.5 10:00 20.3 0.0 0.0 0.1 4.5 4:00 ENE 27 -2.1 -1.0 15:00 -2.9 3:00 20.4 0.0 0.0 0.0 1.3 14:00 WNW 28 -1.0 -0.1 16:00 -1.8 1:00 19.3 0.0 0.0 0.0 1.3 13:00 SE 29 -1.3 -0.3 15:00 -1.9 00:00 19.6 0.0 0.0 0.0 1.3 10:30 SSE 30 -0.9 0.3 13:30 -1.9 1:00 19.2 0.0 0.0 0.0 3.1 23:30 ENE 31 -8.1 -1.7 0:30 -12.9 22:00 26.3 0.0 0.0 0.4 4.0 2:30 SE ------------------------------------------------------------------------------------- -3.0 5.4 12 -19.1 5 659.2 0.0 13.2 0.9 14.8 12 SE Max >= 32.0: 0 Max <= 0.0: 17 Min <= 0.0: 28 Min <= -18.0: 1 Max Rain: 8.00 ON 09.01.09 Days of Rain: 5 (> .2 mm) 3 (> 2 mm) 0 (> 20 mm) Heat Base: 18.3 Cool Base: 18.3 Method: Integration