NOAA-style Climate Reports

2019: Jan | Feb | Mar | Apr | May | Jun | Jul | Aug | Sep | Oct | Nov | Dec 
2018: Jan | Feb | Mar | Apr | May | Jun | Jul | Aug | Sep | Oct | Nov | Dec 
2017: Jan | Feb | Mar | Apr | May | Jun | Jul | Aug | Sep | Oct | Nov | Dec 
2016: Jan | Feb | Mar | Apr | May | Jun | Jul | Aug | Sep | Oct | Nov | Dec 
2015: Jan | Feb | Mar | Apr | May | Jun | Jul | Aug | Sep | Oct | Nov | Dec 
2014: Jan | Feb | Mar | Apr | May | Jun | Jul | Aug | Sep | Oct | Nov | Dec 
2013: Jan | Feb | Mar | Apr | May | Jun | Jul | Aug | Sep | Oct | Nov | Dec 
2012: Jan | Feb | Mar | Apr | May | Jun | Jul | Aug | Sep | Oct | Nov | Dec 
2011: Jan | Feb | Mar | Apr | May | Jun | Jul | Aug | Sep | Oct | Nov | Dec 
2010: Jan | Feb | Mar | Apr | May | Jun | Jul | Aug | Sep | Oct | Nov | Dec 
2009: Jan | Feb | Mar | Apr | May | Jun | Jul | Aug | Sep | Oct | Nov | Dec 
2008: Jan | Feb | Mar | Apr | May | Jun | Jul | Aug | Sep | Oct | Nov | Dec 
2007: Jan | Feb | Mar | Apr | May | Jun | Jul | Aug | Sep | Oct | Nov | Dec 
2006: Jan | Feb | Mar | Apr | May | Jun | Jul | Aug | Sep | Oct | Nov | Dec 

Report for 2008 12
MONTHLY CLIMATOLOGICAL SUMMARY for DEC. 2008 NAME: Station #1 CITY: Rauma STATE: Finland ELEV: 16 m LAT: 61 08' 38" N LONG: 21 31' 26" E TEMPERATURE (C), RAIN (mm), WIND SPEED (m/s) HEAT COOL AVG MEAN DEG DEG WIND DOM DAY TEMP HIGH TIME LOW TIME DAYS DAYS RAIN SPEED HIGH TIME DIR ------------------------------------------------------------------------------------ 1 4.1 4.4 13:00 3.6 23:30 14.3 0.0 0.8 0.2 4.0 0:30 ESE 2 3.6 4.5 15:30 2.6 3:30 14.7 0.0 1.6 0.6 8.0 16:00 ESE 3 3.8 5.4 12:00 1.8 23:00 14.5 0.0 4.4 1.5 12.5 15:00 SE 4 2.1 2.8 9:30 1.3 14:00 16.2 0.0 2.4 0.7 6.3 23:00 SE 5 0.6 2.7 3:00 -0.4 22:30 17.7 0.0 1.2 0.4 8.0 3:30 NE 6 -1.6 -0.1 0:30 -3.8 9:00 19.9 0.0 0.0 0.0 4.5 0:30 NE 7 -1.4 -0.7 13:00 -2.6 17:30 19.7 0.0 0.0 0.0 2.2 22:30 NE 8 1.1 3.8 00:00 -1.5 2:30 17.3 0.0 4.0 1.3 7.6 19:00 NE 9 3.0 4.5 2:00 0.3 19:00 15.3 0.0 2.6 0.5 7.6 2:00 S 10 1.0 1.9 4:30 -0.8 00:00 17.3 0.0 0.8 0.2 4.5 23:00 ENE 11 -0.2 1.9 21:00 -1.6 7:30 18.5 0.0 1.2 0.8 7.2 23:00 ENE 12 1.6 3.4 00:00 0.9 8:30 16.7 0.0 3.2 1.7 11.6 19:30 SE 13 2.6 4.5 8:30 -0.1 23:30 15.7 0.0 1.4 1.0 8.5 4:00 SE 14 1.4 3.4 6:30 -0.8 21:30 16.9 0.0 0.0 0.8 6.7 11:00 SE 15 -1.1 0.3 00:00 -2.5 18:00 19.4 0.0 0.0 1.2 7.2 21:00 SE 16 0.4 0.8 19:30 0.2 23:30 17.9 0.0 0.0 1.5 7.2 11:30 SE 17 0.7 1.5 19:00 -0.4 4:30 17.6 0.0 1.2 2.6 9.4 17:30 SE 18 3.3 4.8 22:00 1.3 2:00 15.0 0.0 0.4 2.9 13.4 20:30 S 19 4.9 5.2 12:00 4.6 0:30 13.4 0.0 8.2 2.1 11.6 2:00 S 20 2.9 4.7 0:30 2.3 9:30 15.3 0.0 1.6 1.3 8.0 12:00 SE 21 2.4 4.0 7:00 0.9 20:00 15.9 0.0 1.8 0.8 9.8 23:30 WNW 22 1.9 2.8 19:30 0.7 2:30 16.4 0.0 4.2 1.5 9.8 1:00 NW 23 0.4 1.3 0:30 -0.9 19:00 17.9 0.0 0.2 1.8 8.9 0:30 NW 24 -1.9 -0.2 0:30 -5.7 00:00 20.2 0.0 0.0 0.0 1.3 0:30 NE 25 -2.2 1.6 22:30 -5.8 0:30 20.5 0.0 0.0 0.4 4.5 16:30 S 26 1.7 2.8 14:00 0.3 5:30 16.6 0.0 0.2 0.4 4.5 2:00 SW 27 2.5 4.1 13:30 -1.1 22:00 15.8 0.0 0.0 0.4 5.4 13:30 NW 28 -2.2 1.6 21:30 -5.2 11:00 20.5 0.0 0.0 0.0 5.4 19:30 WNW 29 0.6 2.2 14:00 -1.3 11:00 17.7 0.0 0.4 0.1 4.9 16:30 WNW 30 1.4 2.4 14:30 0.7 0:30 16.9 0.0 0.2 0.8 6.3 21:00 SW 31 1.8 3.1 17:30 0.7 00:00 16.5 0.0 0.2 1.7 13.0 17:30 SW ------------------------------------------------------------------------------------- 1.3 5.4 3 -5.8 25 527.9 0.0 42.1 1.0 13.4 18 SE Max >= 32.0: 0 Max <= 0.0: 3 Min <= 0.0: 16 Min <= -18.0: 0 Max Rain: 8.20 ON 19.12.08 Days of Rain: 22 (> .2 mm) 7 (> 2 mm) 0 (> 20 mm) Heat Base: 18.3 Cool Base: 18.3 Method: Integration