NOAA-style Climate Reports

2019: Jan | Feb | Mar | Apr | May | Jun | Jul | Aug | Sep | Oct | Nov | Dec 
2018: Jan | Feb | Mar | Apr | May | Jun | Jul | Aug | Sep | Oct | Nov | Dec 
2017: Jan | Feb | Mar | Apr | May | Jun | Jul | Aug | Sep | Oct | Nov | Dec 
2016: Jan | Feb | Mar | Apr | May | Jun | Jul | Aug | Sep | Oct | Nov | Dec 
2015: Jan | Feb | Mar | Apr | May | Jun | Jul | Aug | Sep | Oct | Nov | Dec 
2014: Jan | Feb | Mar | Apr | May | Jun | Jul | Aug | Sep | Oct | Nov | Dec 
2013: Jan | Feb | Mar | Apr | May | Jun | Jul | Aug | Sep | Oct | Nov | Dec 
2012: Jan | Feb | Mar | Apr | May | Jun | Jul | Aug | Sep | Oct | Nov | Dec 
2011: Jan | Feb | Mar | Apr | May | Jun | Jul | Aug | Sep | Oct | Nov | Dec 
2010: Jan | Feb | Mar | Apr | May | Jun | Jul | Aug | Sep | Oct | Nov | Dec 
2009: Jan | Feb | Mar | Apr | May | Jun | Jul | Aug | Sep | Oct | Nov | Dec 
2008: Jan | Feb | Mar | Apr | May | Jun | Jul | Aug | Sep | Oct | Nov | Dec 
2007: Jan | Feb | Mar | Apr | May | Jun | Jul | Aug | Sep | Oct | Nov | Dec 
2006: Jan | Feb | Mar | Apr | May | Jun | Jul | Aug | Sep | Oct | Nov | Dec 

Report for 2008 11
MONTHLY CLIMATOLOGICAL SUMMARY for NOV. 2008 NAME: Station #1 CITY: Rauma STATE: Finland ELEV: 16 m LAT: 61 08' 38" N LONG: 21 31' 26" E TEMPERATURE (C), RAIN (mm), WIND SPEED (m/s) HEAT COOL AVG MEAN DEG DEG WIND DOM DAY TEMP HIGH TIME LOW TIME DAYS DAYS RAIN SPEED HIGH TIME DIR ------------------------------------------------------------------------------------ 1 3.2 5.1 14:00 -0.6 00:00 15.1 0.0 2.0 0.8 6.7 5:00 NW 2 3.4 6.2 23:30 -1.2 2:30 14.9 0.0 0.2 1.0 7.6 13:30 SW 3 6.6 8.4 12:30 5.5 9:00 11.7 0.0 0.0 0.6 6.3 1:00 SW 4 6.1 8.0 12:30 3.1 00:00 12.3 0.0 0.2 0.5 6.3 13:30 S 5 5.4 8.6 13:30 0.3 23:30 12.8 0.0 0.0 0.4 5.4 6:30 NW 6 -1.2 3.0 13:30 -4.7 9:00 19.5 0.0 0.2 0.1 4.0 12:00 SE 7 1.1 4.5 13:30 -1.6 0:30 17.2 0.0 0.2 0.5 4.9 23:00 SE 8 3.4 6.3 00:00 1.6 0:30 14.9 0.0 3.8 1.0 5.4 7:00 SE 9 7.4 8.6 21:30 6.2 0:30 10.9 0.0 5.0 1.3 9.8 22:00 SSE 10 7.7 9.2 16:30 6.3 7:30 10.6 0.0 7.4 3.3 17.9 22:00 S 11 5.3 7.6 2:30 3.9 9:30 13.0 0.0 7.0 0.9 13.4 1:00 S 12 5.6 7.0 21:00 4.0 2:00 12.7 0.0 4.2 0.8 8.9 12:30 SW 13 6.1 7.1 4:00 3.4 00:00 12.2 0.0 1.2 0.4 6.3 4:00 S 14 4.1 5.8 23:30 2.9 7:30 14.2 0.0 2.2 0.9 7.6 13:30 SE 15 5.2 6.7 16:00 4.6 00:00 13.1 0.0 1.0 0.8 9.8 17:30 WSW 16 2.7 5.7 3:00 0.7 20:30 15.6 0.0 1.8 0.7 7.2 18:30 NW 17 1.7 4.1 22:00 -1.3 10:00 16.6 0.0 0.6 0.9 9.8 20:30 NNE 18 4.3 6.2 13:30 2.8 22:30 14.0 0.0 8.4 2.9 16.1 14:30 SSW 19 2.7 3.7 3:00 0.9 00:00 15.6 0.0 0.6 1.1 7.6 4:30 NW 20 0.7 2.1 19:00 -0.6 16:30 17.6 0.0 0.8 0.2 6.7 19:30 NW 21 0.9 1.9 13:30 -0.8 23:30 17.4 0.0 0.0 0.9 10.3 3:30 SW 22 -1.4 -0.1 14:00 -3.6 00:00 19.7 0.0 0.0 0.0 2.2 4:00 ENE 23 -3.1 -2.1 00:00 -4.5 10:00 21.4 0.0 0.0 1.1 12.1 22:00 NNW 24 -1.2 -0.3 12:30 -2.1 0:30 19.5 0.0 0.0 0.5 5.4 4:30 NNW 25 -0.3 0.4 14:30 -1.1 0:30 18.6 0.0 0.0 0.2 4.5 3:30 N 26 1.1 3.5 22:30 -1.3 1:30 17.3 0.0 1.2 1.0 7.6 17:00 S 27 3.9 6.9 00:00 0.6 5:30 14.4 0.0 7.2 1.4 10.3 00:00 SW 28 5.2 7.4 5:30 1.2 21:00 13.1 0.0 0.0 2.1 13.9 4:30 SW 29 2.7 5.2 13:30 -1.0 5:00 15.6 0.0 0.4 0.6 8.9 18:00 ESE 30 3.0 4.8 20:00 1.4 10:00 15.3 0.0 2.2 1.6 7.6 8:30 ESE ------------------------------------------------------------------------------------- 3.1 9.2 10 -4.7 6 456.8 0.0 57.8 1.0 17.9 10 NW Max >= 32.0: 0 Max <= 0.0: 3 Min <= 0.0: 13 Min <= -18.0: 0 Max Rain: 8.41 ON 18.11.08 Days of Rain: 22 (> .2 mm) 10 (> 2 mm) 0 (> 20 mm) Heat Base: 18.3 Cool Base: 18.3 Method: Integration