NOAA-style Climate Reports

2019: Jan | Feb | Mar | Apr | May | Jun | Jul | Aug | Sep | Oct | Nov | Dec 
2018: Jan | Feb | Mar | Apr | May | Jun | Jul | Aug | Sep | Oct | Nov | Dec 
2017: Jan | Feb | Mar | Apr | May | Jun | Jul | Aug | Sep | Oct | Nov | Dec 
2016: Jan | Feb | Mar | Apr | May | Jun | Jul | Aug | Sep | Oct | Nov | Dec 
2015: Jan | Feb | Mar | Apr | May | Jun | Jul | Aug | Sep | Oct | Nov | Dec 
2014: Jan | Feb | Mar | Apr | May | Jun | Jul | Aug | Sep | Oct | Nov | Dec 
2013: Jan | Feb | Mar | Apr | May | Jun | Jul | Aug | Sep | Oct | Nov | Dec 
2012: Jan | Feb | Mar | Apr | May | Jun | Jul | Aug | Sep | Oct | Nov | Dec 
2011: Jan | Feb | Mar | Apr | May | Jun | Jul | Aug | Sep | Oct | Nov | Dec 
2010: Jan | Feb | Mar | Apr | May | Jun | Jul | Aug | Sep | Oct | Nov | Dec 
2009: Jan | Feb | Mar | Apr | May | Jun | Jul | Aug | Sep | Oct | Nov | Dec 
2008: Jan | Feb | Mar | Apr | May | Jun | Jul | Aug | Sep | Oct | Nov | Dec 
2007: Jan | Feb | Mar | Apr | May | Jun | Jul | Aug | Sep | Oct | Nov | Dec 
2006: Jan | Feb | Mar | Apr | May | Jun | Jul | Aug | Sep | Oct | Nov | Dec 

Report for 2008 10
MONTHLY CLIMATOLOGICAL SUMMARY for OCT. 2008 NAME: Station #1 CITY: Rauma STATE: Finland ELEV: 16 m LAT: 61 08' 38" N LONG: 21 31' 26" E TEMPERATURE (C), RAIN (mm), WIND SPEED (m/s) HEAT COOL AVG MEAN DEG DEG WIND DOM DAY TEMP HIGH TIME LOW TIME DAYS DAYS RAIN SPEED HIGH TIME DIR ------------------------------------------------------------------------------------ 1 8.8 10.4 14:30 6.8 5:00 9.5 0.0 3.8 1.7 9.4 19:00 ESE 2 9.0 10.2 16:00 7.8 00:00 9.3 0.0 2.8 0.7 8.0 1:00 ENE 3 7.3 9.2 16:30 5.6 8:30 11.0 0.0 1.0 0.0 1.3 2:00 NE 4 8.7 13.7 17:30 4.2 9:00 9.6 0.0 0.2 0.6 6.7 17:30 E 5 8.6 10.8 13:00 6.3 8:30 9.7 0.0 18.2 2.8 13.4 17:30 SSE 6 8.8 11.3 17:00 4.5 5:30 9.5 0.0 1.8 1.6 10.7 10:00 SW 7 8.3 10.7 15:30 2.6 00:00 10.0 0.0 0.0 0.7 8.0 0:30 WNW 8 4.5 12.3 17:00 -1.3 8:00 13.8 0.0 0.0 0.1 4.0 14:00 WNW 9 6.4 11.0 14:00 0.5 0:30 11.8 0.0 3.4 0.6 6.3 14:00 SE 10 10.0 13.2 15:30 6.9 8:30 8.3 0.0 0.0 0.8 8.9 00:00 S 11 10.6 12.1 2:00 5.2 22:00 7.8 0.0 0.0 1.5 11.2 3:30 SW 12 10.4 11.7 13:30 6.4 1:00 7.9 0.0 0.4 1.2 7.2 11:30 W 13 10.0 11.1 0:30 8.6 9:00 8.3 0.0 0.2 1.0 7.6 16:30 SW 14 9.4 11.8 14:00 6.7 8:00 8.9 0.0 0.2 0.4 4.9 23:30 SW 15 7.8 10.7 15:00 0.9 00:00 10.5 0.0 0.0 0.5 6.3 11:30 NW 16 7.2 11.0 16:30 0.8 0:30 11.1 0.0 12.4 1.3 8.9 22:00 ESE 17 6.7 7.9 0:30 5.6 22:30 11.6 0.0 2.4 1.0 8.0 0:30 NW 18 7.6 9.1 14:30 5.9 0:30 10.7 0.0 0.0 1.1 7.6 3:30 NW 19 8.4 9.7 15:00 7.4 19:30 9.9 0.0 5.2 0.8 8.0 19:00 NW 20 7.9 11.4 22:30 1.3 7:00 10.4 0.0 0.0 1.8 12.1 22:30 S 21 10.6 11.3 0:30 9.8 21:00 7.7 0.0 6.4 2.9 13.0 0:30 S 22 9.3 10.2 0:30 8.4 9:30 9.0 0.0 0.2 3.0 14.3 8:30 SW 23 8.3 9.2 00:00 7.3 9:00 10.0 0.0 0.0 1.9 10.7 12:30 SW 24 9.9 10.7 19:30 8.6 8:00 8.4 0.0 1.6 3.1 13.4 7:30 S 25 9.8 10.7 13:30 8.8 9:00 8.5 0.0 0.8 3.0 13.9 14:00 SW 26 9.2 10.2 19:00 7.8 5:30 9.1 0.0 16.8 3.4 17.9 2:30 S 27 8.8 10.1 2:00 7.3 15:00 9.5 0.0 3.8 2.1 10.7 11:30 SW 28 6.1 9.2 14:30 3.9 6:30 12.2 0.0 6.6 0.9 8.0 10:30 S 29 4.0 6.6 12:30 1.3 00:00 14.3 0.0 2.2 0.4 5.8 14:30 SE 30 2.4 4.5 15:00 -0.4 4:30 15.9 0.0 2.2 0.1 4.5 23:30 SE 31 4.6 6.8 15:30 2.3 00:00 13.7 0.0 7.0 0.6 7.6 3:00 ENE ------------------------------------------------------------------------------------- 8.0 13.7 4 -1.3 8 317.9 0.0 99.6 1.3 17.9 26 SW Max >= 32.0: 0 Max <= 0.0: 0 Min <= 0.0: 2 Min <= -18.0: 0 Max Rain: 18.21 ON 05.10.08 Days of Rain: 23 (> .2 mm) 14 (> 2 mm) 0 (> 20 mm) Heat Base: 18.3 Cool Base: 18.3 Method: Integration