NOAA-style Climate Reports

2019: Jan | Feb | Mar | Apr | May | Jun | Jul | Aug | Sep | Oct | Nov | Dec 
2018: Jan | Feb | Mar | Apr | May | Jun | Jul | Aug | Sep | Oct | Nov | Dec 
2017: Jan | Feb | Mar | Apr | May | Jun | Jul | Aug | Sep | Oct | Nov | Dec 
2016: Jan | Feb | Mar | Apr | May | Jun | Jul | Aug | Sep | Oct | Nov | Dec 
2015: Jan | Feb | Mar | Apr | May | Jun | Jul | Aug | Sep | Oct | Nov | Dec 
2014: Jan | Feb | Mar | Apr | May | Jun | Jul | Aug | Sep | Oct | Nov | Dec 
2013: Jan | Feb | Mar | Apr | May | Jun | Jul | Aug | Sep | Oct | Nov | Dec 
2012: Jan | Feb | Mar | Apr | May | Jun | Jul | Aug | Sep | Oct | Nov | Dec 
2011: Jan | Feb | Mar | Apr | May | Jun | Jul | Aug | Sep | Oct | Nov | Dec 
2010: Jan | Feb | Mar | Apr | May | Jun | Jul | Aug | Sep | Oct | Nov | Dec 
2009: Jan | Feb | Mar | Apr | May | Jun | Jul | Aug | Sep | Oct | Nov | Dec 
2008: Jan | Feb | Mar | Apr | May | Jun | Jul | Aug | Sep | Oct | Nov | Dec 
2007: Jan | Feb | Mar | Apr | May | Jun | Jul | Aug | Sep | Oct | Nov | Dec 
2006: Jan | Feb | Mar | Apr | May | Jun | Jul | Aug | Sep | Oct | Nov | Dec 

Report for 2008 09
MONTHLY CLIMATOLOGICAL SUMMARY for SEP. 2008 NAME: Station #1 CITY: Rauma STATE: Finland ELEV: 16 m LAT: 61 08' 38" N LONG: 21 31' 26" E TEMPERATURE (C), RAIN (mm), WIND SPEED (m/s) HEAT COOL AVG MEAN DEG DEG WIND DOM DAY TEMP HIGH TIME LOW TIME DAYS DAYS RAIN SPEED HIGH TIME DIR ------------------------------------------------------------------------------------ 1 8.6 15.0 14:30 -0.1 6:30 9.7 0.0 0.4 0.8 9.4 10:30 SW 2 9.2 11.9 00:00 6.4 5:00 9.1 0.0 4.0 0.4 5.8 15:30 SE 3 14.7 16.3 18:30 11.9 0:30 3.6 0.0 4.0 1.8 11.6 17:00 S 4 14.8 17.6 16:30 11.2 00:00 3.5 0.0 0.2 2.4 11.6 15:00 SW 5 14.5 18.1 16:30 10.3 1:30 3.8 0.0 3.4 1.7 9.8 11:00 S 6 13.7 16.1 12:30 11.3 8:00 4.6 0.0 2.8 0.3 6.3 3:00 WSW 7 11.9 15.7 15:30 7.6 00:00 6.4 0.0 0.2 0.0 3.1 16:30 NW 8 10.8 16.0 14:00 6.9 7:00 7.5 0.0 0.0 0.2 5.4 13:30 ENE 9 10.2 11.2 11:30 9.1 23:30 8.2 0.0 6.6 0.0 3.1 10:00 ENE 10 9.8 14.7 14:30 6.3 00:00 8.5 0.0 0.6 0.3 6.7 15:00 ENE 11 7.8 13.5 14:30 3.2 23:30 10.5 0.0 0.0 0.4 5.4 12:00 ENE 12 7.0 13.8 17:00 1.4 5:30 11.3 0.0 0.0 0.4 6.3 11:30 ENE 13 6.5 11.3 17:30 1.7 1:00 11.8 0.0 0.0 0.1 3.1 16:00 ENE 14 5.3 9.3 15:30 -0.1 6:00 13.0 0.0 0.0 0.0 2.7 13:00 ENE 15 7.2 9.4 15:30 5.6 5:00 11.1 0.0 0.0 0.0 1.8 12:30 ENE 16 6.7 8.2 15:00 5.7 7:00 11.6 0.0 0.0 0.0 1.3 14:00 NNW 17 6.2 7.9 17:00 5.1 7:00 12.1 0.0 0.0 0.0 2.7 12:30 ESE 18 7.7 10.7 16:00 5.6 7:30 10.6 0.0 0.0 0.2 3.1 13:30 SE 19 8.7 11.8 18:30 5.3 7:30 9.6 0.0 0.0 0.4 4.9 18:30 SE 20 10.1 14.0 16:30 5.4 00:00 8.2 0.0 0.0 0.4 4.5 6:30 SSE 21 8.1 15.2 15:00 2.6 5:30 10.3 0.0 0.2 0.1 4.0 13:30 ESE 22 9.2 16.5 16:30 2.3 5:00 9.1 0.0 0.2 0.2 4.5 13:00 SE 23 9.9 18.2 14:30 3.8 7:00 8.3 0.0 0.0 0.1 3.1 14:30 WNW 24 9.1 15.0 15:00 3.7 2:00 9.3 0.0 0.2 0.1 4.0 15:00 WNW 25 8.4 15.6 15:30 3.0 8:00 9.8 0.0 0.0 0.1 3.1 14:00 NW 26 8.7 13.7 13:30 3.1 4:30 9.6 0.0 0.2 0.4 5.4 12:30 WNW 27 9.7 15.0 16:00 2.3 6:00 8.6 0.0 0.0 1.5 13.0 17:00 S 28 11.3 12.9 2:00 10.1 7:30 7.0 0.0 0.0 2.1 14.3 14:30 NW 29 8.7 11.3 15:00 1.8 00:00 9.6 0.0 0.0 0.7 9.4 0:30 NW 30 6.4 13.2 17:30 -0.3 8:30 11.9 0.0 0.0 0.3 4.5 14:00 SW ------------------------------------------------------------------------------------- 9.4 18.2 23 -0.3 30 268.1 0.0 23.0 0.5 14.3 28 ENE Max >= 32.0: 0 Max <= 0.0: 0 Min <= 0.0: 3 Min <= -18.0: 0 Max Rain: 6.60 ON 09.09.08 Days of Rain: 13 (> .2 mm) 5 (> 2 mm) 0 (> 20 mm) Heat Base: 18.3 Cool Base: 18.3 Method: Integration