NOAA-style Climate Reports

2019: Jan | Feb | Mar | Apr | May | Jun | Jul | Aug | Sep | Oct | Nov | Dec 
2018: Jan | Feb | Mar | Apr | May | Jun | Jul | Aug | Sep | Oct | Nov | Dec 
2017: Jan | Feb | Mar | Apr | May | Jun | Jul | Aug | Sep | Oct | Nov | Dec 
2016: Jan | Feb | Mar | Apr | May | Jun | Jul | Aug | Sep | Oct | Nov | Dec 
2015: Jan | Feb | Mar | Apr | May | Jun | Jul | Aug | Sep | Oct | Nov | Dec 
2014: Jan | Feb | Mar | Apr | May | Jun | Jul | Aug | Sep | Oct | Nov | Dec 
2013: Jan | Feb | Mar | Apr | May | Jun | Jul | Aug | Sep | Oct | Nov | Dec 
2012: Jan | Feb | Mar | Apr | May | Jun | Jul | Aug | Sep | Oct | Nov | Dec 
2011: Jan | Feb | Mar | Apr | May | Jun | Jul | Aug | Sep | Oct | Nov | Dec 
2010: Jan | Feb | Mar | Apr | May | Jun | Jul | Aug | Sep | Oct | Nov | Dec 
2009: Jan | Feb | Mar | Apr | May | Jun | Jul | Aug | Sep | Oct | Nov | Dec 
2008: Jan | Feb | Mar | Apr | May | Jun | Jul | Aug | Sep | Oct | Nov | Dec 
2007: Jan | Feb | Mar | Apr | May | Jun | Jul | Aug | Sep | Oct | Nov | Dec 
2006: Jan | Feb | Mar | Apr | May | Jun | Jul | Aug | Sep | Oct | Nov | Dec 

Report for 2008 08
MONTHLY CLIMATOLOGICAL SUMMARY for AUG. 2008 NAME: Station #1 CITY: Rauma STATE: Finland ELEV: 16 m LAT: 61 08' 38" N LONG: 21 31' 26" E TEMPERATURE (C), RAIN (mm), WIND SPEED (m/s) HEAT COOL AVG MEAN DEG DEG WIND DOM DAY TEMP HIGH TIME LOW TIME DAYS DAYS RAIN SPEED HIGH TIME DIR ------------------------------------------------------------------------------------ 1 19.2 23.7 15:00 13.6 00:00 0.7 1.6 0.0 0.7 6.3 18:30 NW 2 14.8 19.8 13:30 7.9 6:30 3.6 0.1 0.0 0.2 4.5 11:00 NE 3 13.8 15.4 0:30 11.8 23:00 4.5 0.0 4.0 0.2 6.3 22:30 ESE 4 13.7 17.1 15:30 11.4 2:30 4.6 0.0 4.0 0.9 8.9 19:30 ENE 5 14.7 19.7 16:00 10.1 00:00 3.7 0.1 0.0 1.2 10.3 13:30 ENE 6 13.5 17.9 18:30 7.4 00:00 4.8 0.0 0.0 0.3 4.0 10:30 NW 7 12.7 19.8 14:30 4.4 3:00 5.7 0.1 5.0 1.2 8.9 17:00 SE 8 15.2 16.1 15:00 13.2 0:30 3.1 0.0 18.8 0.6 7.6 4:00 NW 9 14.3 17.7 17:00 11.2 00:00 4.0 0.0 0.0 0.6 7.6 17:00 NW 10 14.3 18.2 17:00 10.9 0:30 4.0 0.0 0.4 0.5 6.3 16:00 SW 11 16.1 20.4 17:30 13.1 1:00 2.4 0.2 7.4 1.5 10.3 20:00 S 12 17.9 21.8 17:30 14.8 00:00 1.2 0.8 0.0 1.8 8.5 12:00 S 13 17.2 21.5 18:00 14.0 2:00 1.6 0.5 1.8 1.5 8.9 18:00 S 14 17.1 19.9 14:30 14.4 1:00 1.5 0.3 1.0 2.8 14.8 15:30 S 15 15.9 18.9 18:00 11.8 00:00 2.4 0.0 1.6 1.2 7.6 4:00 SW 16 13.7 16.9 14:00 10.2 3:30 4.7 0.0 1.0 0.0 3.1 13:00 ENE 17 14.9 16.6 00:00 12.5 6:30 3.4 0.0 0.2 0.6 7.6 17:30 ENE 18 17.2 19.7 13:30 14.5 00:00 1.3 0.2 9.4 1.1 8.0 14:00 SE 19 15.2 18.6 18:00 13.6 7:00 3.2 0.0 0.4 1.3 8.0 16:00 S 20 16.9 21.1 16:00 13.4 1:00 1.9 0.5 0.0 1.1 8.0 15:30 SSE 21 16.4 19.1 16:00 13.8 2:00 2.0 0.1 5.4 0.9 7.6 13:30 SW 22 14.9 17.0 13:00 11.6 00:00 3.4 0.0 0.2 0.7 8.5 15:00 W 23 14.2 17.7 17:00 8.9 00:00 4.2 0.0 0.0 0.3 5.4 16:00 WNW 24 13.5 20.2 13:00 6.8 6:30 5.0 0.2 0.0 0.1 4.9 13:00 NNW 25 13.6 19.8 16:00 8.7 5:30 4.8 0.1 0.0 0.2 5.4 17:00 NE 26 12.8 17.5 18:00 7.1 5:30 5.4 0.0 0.0 0.2 4.5 14:30 NW 27 12.0 15.4 14:30 8.2 6:30 6.3 0.0 0.6 0.4 4.0 13:30 SE 28 12.7 13.7 18:30 11.5 00:00 5.6 0.0 28.6 0.8 6.7 9:30 SE 29 11.9 15.0 18:00 9.9 8:00 6.4 0.0 0.2 0.4 5.4 3:00 NW 30 11.1 15.7 16:30 6.6 7:30 7.2 0.0 0.4 0.3 5.8 15:30 NW 31 8.8 12.6 13:30 4.3 00:00 9.5 0.0 0.2 0.4 6.3 15:00 NW ------------------------------------------------------------------------------------- 14.5 23.7 1 4.3 31 122.1 4.8 90.6 0.8 14.8 14 NW Max >= 32.0: 0 Max <= 0.0: 0 Min <= 0.0: 0 Min <= -18.0: 0 Max Rain: 28.60 ON 28.08.08 Days of Rain: 20 (> .2 mm) 8 (> 2 mm) 1 (> 20 mm) Heat Base: 18.3 Cool Base: 18.3 Method: Integration