NOAA-style Climate Reports

2019: Jan | Feb | Mar | Apr | May | Jun | Jul | Aug | Sep | Oct | Nov | Dec 
2018: Jan | Feb | Mar | Apr | May | Jun | Jul | Aug | Sep | Oct | Nov | Dec 
2017: Jan | Feb | Mar | Apr | May | Jun | Jul | Aug | Sep | Oct | Nov | Dec 
2016: Jan | Feb | Mar | Apr | May | Jun | Jul | Aug | Sep | Oct | Nov | Dec 
2015: Jan | Feb | Mar | Apr | May | Jun | Jul | Aug | Sep | Oct | Nov | Dec 
2014: Jan | Feb | Mar | Apr | May | Jun | Jul | Aug | Sep | Oct | Nov | Dec 
2013: Jan | Feb | Mar | Apr | May | Jun | Jul | Aug | Sep | Oct | Nov | Dec 
2012: Jan | Feb | Mar | Apr | May | Jun | Jul | Aug | Sep | Oct | Nov | Dec 
2011: Jan | Feb | Mar | Apr | May | Jun | Jul | Aug | Sep | Oct | Nov | Dec 
2010: Jan | Feb | Mar | Apr | May | Jun | Jul | Aug | Sep | Oct | Nov | Dec 
2009: Jan | Feb | Mar | Apr | May | Jun | Jul | Aug | Sep | Oct | Nov | Dec 
2008: Jan | Feb | Mar | Apr | May | Jun | Jul | Aug | Sep | Oct | Nov | Dec 
2007: Jan | Feb | Mar | Apr | May | Jun | Jul | Aug | Sep | Oct | Nov | Dec 
2006: Jan | Feb | Mar | Apr | May | Jun | Jul | Aug | Sep | Oct | Nov | Dec 

Report for 2008 07
MONTHLY CLIMATOLOGICAL SUMMARY for JUL. 2008 NAME: Station #1 CITY: Rauma STATE: Finland ELEV: 16 m LAT: 61 08' 38" N LONG: 21 31' 26" E TEMPERATURE (C), RAIN (mm), WIND SPEED (m/s) HEAT COOL AVG MEAN DEG DEG WIND DOM DAY TEMP HIGH TIME LOW TIME DAYS DAYS RAIN SPEED HIGH TIME DIR ------------------------------------------------------------------------------------ 1 14.9 18.8 17:00 11.3 2:30 3.4 0.0 0.2 0.3 4.9 13:30 WNW 2 15.0 18.0 17:00 11.2 5:00 3.3 0.0 0.0 0.5 5.8 8:00 WNW 3 15.7 23.0 18:30 6.3 5:00 3.6 1.0 0.0 0.5 6.7 12:00 NW 4 21.7 28.8 16:30 14.1 4:30 0.9 4.3 0.0 0.4 6.3 12:00 NE 5 16.3 21.1 16:30 10.6 00:00 2.5 0.5 0.0 0.5 5.4 15:00 N 6 12.7 16.9 19:30 7.5 5:30 5.6 0.0 0.0 0.5 6.3 15:30 NW 7 12.4 18.3 16:30 5.2 5:30 5.9 0.0 0.0 0.3 4.5 14:00 NE 8 14.3 20.0 13:00 8.6 5:30 4.1 0.1 0.0 0.6 6.3 10:30 NW 9 10.9 13.9 10:30 6.3 5:00 7.3 0.0 3.4 0.3 5.8 18:30 SW 10 14.0 18.3 11:30 10.6 00:00 4.3 0.0 1.2 0.6 6.7 16:00 W 11 16.8 24.3 15:30 7.6 3:30 3.1 1.6 1.0 1.5 10.7 20:00 S 12 17.9 22.2 17:30 15.9 3:30 1.1 0.7 1.8 1.7 8.9 15:00 SW 13 18.1 22.2 17:30 13.7 4:30 1.3 1.1 0.0 1.5 8.9 19:00 S 14 17.7 20.7 17:00 12.6 6:00 1.3 0.7 0.0 0.8 5.4 19:30 S 15 17.8 22.5 18:00 13.2 6:00 1.4 0.9 0.2 1.6 8.9 19:00 SW 16 18.3 20.8 17:30 16.1 00:00 0.5 0.4 0.2 1.8 8.9 11:00 SW 17 16.8 19.9 16:30 13.8 6:00 1.7 0.2 0.0 1.3 7.6 17:00 SW 18 16.4 21.2 16:30 10.2 4:30 2.5 0.6 0.0 1.6 9.4 20:00 S 19 17.3 21.8 17:30 14.1 1:00 1.7 0.8 3.8 1.3 7.6 16:00 SE 20 18.3 25.8 16:00 11.4 5:30 2.0 2.0 0.0 0.3 5.4 18:00 ESE 21 15.9 18.0 15:30 13.7 2:30 2.3 0.0 2.2 0.4 5.8 00:00 WNW 22 15.3 18.1 18:00 14.0 11:30 3.0 0.0 6.6 1.3 8.0 6:00 SW 23 16.1 20.6 18:00 9.9 6:00 2.4 0.2 0.0 0.8 6.7 10:30 NW 24 17.4 21.8 15:00 10.4 4:00 2.0 1.1 0.0 0.4 5.8 14:00 NW 25 19.0 25.9 16:00 10.5 5:30 2.1 2.8 0.0 0.4 5.8 17:00 NW 26 19.5 25.4 17:30 11.3 6:00 1.8 3.0 0.0 0.4 6.3 14:30 WNW 27 18.9 25.9 15:00 12.3 4:30 1.5 2.1 0.0 0.5 5.4 15:30 NW 28 18.2 24.8 15:00 10.3 6:00 2.1 1.9 0.0 0.4 5.8 17:30 NW 29 17.0 22.1 12:00 12.4 6:30 2.2 0.9 0.0 0.5 6.3 16:30 NW 30 16.3 24.1 13:30 7.7 6:00 3.3 1.4 0.0 0.4 5.4 15:00 NW 31 17.2 25.1 17:30 7.3 5:00 3.3 2.1 0.0 0.7 5.8 18:00 SW ------------------------------------------------------------------------------------- 16.6 28.8 4 5.2 7 83.4 30.4 20.6 0.8 10.7 11 NW Max >= 32.0: 0 Max <= 0.0: 0 Min <= 0.0: 0 Min <= -18.0: 0 Max Rain: 6.60 ON 22.07.08 Days of Rain: 10 (> .2 mm) 4 (> 2 mm) 0 (> 20 mm) Heat Base: 18.3 Cool Base: 18.3 Method: Integration