NOAA-style Climate Reports

2019: Jan | Feb | Mar | Apr | May | Jun | Jul | Aug | Sep | Oct | Nov | Dec 
2018: Jan | Feb | Mar | Apr | May | Jun | Jul | Aug | Sep | Oct | Nov | Dec 
2017: Jan | Feb | Mar | Apr | May | Jun | Jul | Aug | Sep | Oct | Nov | Dec 
2016: Jan | Feb | Mar | Apr | May | Jun | Jul | Aug | Sep | Oct | Nov | Dec 
2015: Jan | Feb | Mar | Apr | May | Jun | Jul | Aug | Sep | Oct | Nov | Dec 
2014: Jan | Feb | Mar | Apr | May | Jun | Jul | Aug | Sep | Oct | Nov | Dec 
2013: Jan | Feb | Mar | Apr | May | Jun | Jul | Aug | Sep | Oct | Nov | Dec 
2012: Jan | Feb | Mar | Apr | May | Jun | Jul | Aug | Sep | Oct | Nov | Dec 
2011: Jan | Feb | Mar | Apr | May | Jun | Jul | Aug | Sep | Oct | Nov | Dec 
2010: Jan | Feb | Mar | Apr | May | Jun | Jul | Aug | Sep | Oct | Nov | Dec 
2009: Jan | Feb | Mar | Apr | May | Jun | Jul | Aug | Sep | Oct | Nov | Dec 
2008: Jan | Feb | Mar | Apr | May | Jun | Jul | Aug | Sep | Oct | Nov | Dec 
2007: Jan | Feb | Mar | Apr | May | Jun | Jul | Aug | Sep | Oct | Nov | Dec 
2006: Jan | Feb | Mar | Apr | May | Jun | Jul | Aug | Sep | Oct | Nov | Dec 

Report for 2008 06
MONTHLY CLIMATOLOGICAL SUMMARY for JUN. 2008 NAME: Station #1 CITY: Rauma STATE: Finland ELEV: 16 m LAT: 61 08' 38" N LONG: 21 31' 26" E TEMPERATURE (C), RAIN (mm), WIND SPEED (m/s) HEAT COOL AVG MEAN DEG DEG WIND DOM DAY TEMP HIGH TIME LOW TIME DAYS DAYS RAIN SPEED HIGH TIME DIR ------------------------------------------------------------------------------------ 1 16.8 24.8 18:00 4.9 4:30 3.9 2.4 0.0 1.4 8.9 17:00 SW 2 14.4 20.8 0:30 11.2 00:00 4.0 0.1 0.0 1.5 8.9 16:00 NW 3 13.8 17.9 13:00 7.8 3:00 4.5 0.0 0.0 0.8 7.2 13:30 NW 4 15.2 21.5 11:00 6.6 5:30 3.8 0.7 0.0 0.6 5.4 12:30 NNW 5 14.8 21.3 17:00 5.1 5:00 4.2 0.7 0.0 0.6 6.3 14:30 SW 6 15.2 22.0 13:30 7.9 5:30 3.5 0.5 0.0 0.6 5.8 11:30 SW 7 16.8 23.1 14:00 11.0 5:00 2.2 0.8 0.0 0.5 6.3 10:30 ENE 8 17.2 22.8 20:00 10.3 5:00 2.1 0.9 0.0 1.4 13.0 7:30 SW 9 14.2 18.4 1:30 10.2 00:00 4.1 0.0 0.4 1.7 12.1 11:30 NW 10 13.0 18.9 16:00 9.9 1:00 5.3 0.0 2.6 1.5 10.7 16:00 SW 11 10.2 12.4 18:00 8.7 23:30 8.2 0.0 0.8 0.7 8.5 0:30 NW 12 9.7 13.3 16:00 6.6 00:00 8.6 0.0 3.2 0.4 6.3 16:30 NE 13 12.2 17.7 19:00 5.0 1:30 6.1 0.0 0.0 0.9 8.0 16:00 SW 14 12.9 19.8 13:30 5.6 4:00 5.4 0.0 3.4 0.8 8.5 13:30 ESE 15 12.9 15.5 19:30 10.8 4:00 5.4 0.0 5.8 1.0 8.5 14:30 SW 16 14.3 19.2 17:30 8.8 5:00 4.0 0.0 0.0 1.4 8.9 21:00 SSE 17 11.5 13.2 16:30 9.2 3:00 6.8 0.0 2.8 0.4 5.8 10:00 SE 18 13.9 17.1 15:00 10.7 1:00 4.4 0.0 0.0 0.7 5.8 16:30 NW 19 16.4 21.3 17:00 13.4 5:00 2.3 0.4 0.0 1.9 8.5 9:30 SW 20 15.8 19.9 16:00 12.8 6:30 2.6 0.1 0.6 1.5 7.2 9:00 SE 21 14.6 17.9 18:00 11.7 4:30 3.7 0.0 1.8 1.7 9.4 18:30 SW 22 14.6 18.1 19:30 10.6 5:30 3.8 0.0 0.0 1.2 7.6 16:00 SSE 23 14.1 17.2 21:30 12.6 10:00 4.2 0.0 6.6 1.9 10.7 10:30 SE 24 13.2 14.5 0:30 11.9 00:00 5.1 0.0 0.8 1.2 9.8 14:00 WNW 25 12.8 15.4 19:00 10.9 7:00 5.5 0.0 0.0 1.6 9.4 12:30 NW 26 11.7 16.6 20:00 4.3 5:30 6.6 0.0 0.0 0.7 6.7 14:00 WNW 27 14.1 20.0 18:30 4.8 4:30 4.4 0.1 0.0 0.6 5.8 13:30 SW 28 13.7 18.2 13:00 9.8 4:30 4.6 0.0 2.6 0.4 5.8 13:30 SW 29 14.6 18.9 19:00 11.6 00:00 3.7 0.0 0.2 0.2 4.9 15:00 WNW 30 14.3 19.9 14:00 7.4 4:00 4.1 0.1 7.2 0.8 8.5 14:30 SE ------------------------------------------------------------------------------------- 14.0 24.8 1 4.3 26 137.1 7.0 38.8 1.0 13.0 8 SW Max >= 32.0: 0 Max <= 0.0: 0 Min <= 0.0: 0 Min <= -18.0: 0 Max Rain: 7.19 ON 30.06.08 Days of Rain: 14 (> .2 mm) 8 (> 2 mm) 0 (> 20 mm) Heat Base: 18.3 Cool Base: 18.3 Method: Integration