NOAA-style Climate Reports

2019: Jan | Feb | Mar | Apr | May | Jun | Jul | Aug | Sep | Oct | Nov | Dec 
2018: Jan | Feb | Mar | Apr | May | Jun | Jul | Aug | Sep | Oct | Nov | Dec 
2017: Jan | Feb | Mar | Apr | May | Jun | Jul | Aug | Sep | Oct | Nov | Dec 
2016: Jan | Feb | Mar | Apr | May | Jun | Jul | Aug | Sep | Oct | Nov | Dec 
2015: Jan | Feb | Mar | Apr | May | Jun | Jul | Aug | Sep | Oct | Nov | Dec 
2014: Jan | Feb | Mar | Apr | May | Jun | Jul | Aug | Sep | Oct | Nov | Dec 
2013: Jan | Feb | Mar | Apr | May | Jun | Jul | Aug | Sep | Oct | Nov | Dec 
2012: Jan | Feb | Mar | Apr | May | Jun | Jul | Aug | Sep | Oct | Nov | Dec 
2011: Jan | Feb | Mar | Apr | May | Jun | Jul | Aug | Sep | Oct | Nov | Dec 
2010: Jan | Feb | Mar | Apr | May | Jun | Jul | Aug | Sep | Oct | Nov | Dec 
2009: Jan | Feb | Mar | Apr | May | Jun | Jul | Aug | Sep | Oct | Nov | Dec 
2008: Jan | Feb | Mar | Apr | May | Jun | Jul | Aug | Sep | Oct | Nov | Dec 
2007: Jan | Feb | Mar | Apr | May | Jun | Jul | Aug | Sep | Oct | Nov | Dec 
2006: Jan | Feb | Mar | Apr | May | Jun | Jul | Aug | Sep | Oct | Nov | Dec 

Report for 2008 05
MONTHLY CLIMATOLOGICAL SUMMARY for MAY. 2008 NAME: Station #1 CITY: Rauma STATE: Finland ELEV: 16 m LAT: 61 08' 38" N LONG: 21 31' 26" E TEMPERATURE (C), RAIN (mm), WIND SPEED (m/s) HEAT COOL AVG MEAN DEG DEG WIND DOM DAY TEMP HIGH TIME LOW TIME DAYS DAYS RAIN SPEED HIGH TIME DIR ------------------------------------------------------------------------------------ 1 12.3 18.1 14:00 7.3 4:30 5.9 0.0 0.0 0.4 7.2 14:00 NW 2 14.1 19.4 15:30 10.6 1:30 4.3 0.0 0.0 0.2 3.1 16:00 NE 3 13.6 18.6 10:30 8.7 6:00 4.8 0.0 0.0 0.5 4.5 8:30 NW 4 10.5 16.1 16:30 3.6 6:30 7.8 0.0 0.0 0.6 4.9 13:30 WNW 5 8.8 11.6 16:30 5.7 00:00 9.5 0.0 0.0 1.4 8.9 14:30 NW 6 5.3 9.6 16:30 -0.5 6:30 13.0 0.0 0.2 0.6 5.4 14:30 NW 7 8.9 11.9 13:30 6.6 00:00 9.4 0.0 0.0 0.9 7.2 13:30 NW 8 9.1 13.4 13:30 5.1 6:00 9.2 0.0 0.0 0.7 6.3 16:00 WNW 9 11.1 16.3 15:30 5.8 0:30 7.2 0.0 0.0 0.5 4.9 12:00 WNW 10 11.8 19.2 17:30 3.7 5:30 6.5 0.0 0.0 0.4 4.5 12:30 NW 11 12.4 19.0 11:00 5.2 4:00 5.9 0.0 0.0 1.0 8.9 13:00 W 12 7.6 10.6 3:30 4.0 00:00 10.8 0.0 0.0 1.9 11.2 6:30 NW 13 4.6 8.3 11:30 -1.3 5:30 13.7 0.0 0.0 1.0 8.5 16:30 NW 14 5.1 9.8 13:30 -1.7 6:30 13.2 0.0 0.0 0.7 6.7 12:30 NW 15 5.2 9.1 13:30 0.6 5:30 13.1 0.0 0.0 0.6 6.7 13:30 NW 16 6.1 11.6 13:30 -1.2 5:30 12.2 0.0 0.0 0.6 5.4 17:30 NW 17 7.3 12.4 17:00 2.6 0:30 11.0 0.0 3.2 1.0 8.5 20:00 ESE 18 5.2 6.8 21:00 3.8 9:30 13.1 0.0 4.6 0.4 5.4 2:30 ENE 19 6.7 10.7 18:00 1.7 6:00 11.6 0.0 0.0 0.6 5.4 14:30 NW 20 6.9 12.9 14:30 -1.3 4:30 11.4 0.0 0.0 0.8 8.0 10:30 SE 21 7.9 12.9 17:00 0.7 3:30 10.4 0.0 0.0 0.6 6.3 14:00 WNW 22 10.7 17.7 18:00 1.3 3:00 7.6 0.0 0.0 0.4 5.8 19:00 ENE 23 13.5 18.9 17:00 6.0 6:00 4.8 0.0 0.0 1.0 8.5 10:00 ESE 24 10.9 16.1 16:00 2.9 6:00 7.4 0.0 0.0 0.7 6.3 19:00 NW 25 10.8 17.5 15:00 1.7 5:30 7.5 0.0 0.0 0.5 6.3 19:30 NNW 26 9.9 14.4 17:00 2.8 3:00 8.4 0.0 0.0 0.6 6.7 6:30 WNW 27 7.8 11.7 12:30 1.0 5:00 10.5 0.0 0.0 0.8 8.9 14:30 NW 28 8.7 14.3 13:00 0.2 5:00 9.6 0.0 0.0 0.8 7.6 13:30 SW 29 11.2 18.3 17:00 0.9 5:00 7.1 0.0 0.0 0.6 5.8 17:30 SW 30 12.8 20.7 12:30 3.1 5:30 5.7 0.2 0.0 0.5 5.8 14:30 NW 31 14.1 21.1 12:30 4.6 5:00 4.8 0.5 0.0 0.4 5.8 18:00 NW ------------------------------------------------------------------------------------- 9.4 21.1 31 -1.7 14 277.5 0.8 8.0 0.7 11.2 12 NW Max >= 32.0: 0 Max <= 0.0: 0 Min <= 0.0: 5 Min <= -18.0: 0 Max Rain: 4.60 ON 18.05.08 Days of Rain: 3 (> .2 mm) 2 (> 2 mm) 0 (> 20 mm) Heat Base: 18.3 Cool Base: 18.3 Method: Integration