NOAA-style Climate Reports

2019: Jan | Feb | Mar | Apr | May | Jun | Jul | Aug | Sep | Oct | Nov | Dec 
2018: Jan | Feb | Mar | Apr | May | Jun | Jul | Aug | Sep | Oct | Nov | Dec 
2017: Jan | Feb | Mar | Apr | May | Jun | Jul | Aug | Sep | Oct | Nov | Dec 
2016: Jan | Feb | Mar | Apr | May | Jun | Jul | Aug | Sep | Oct | Nov | Dec 
2015: Jan | Feb | Mar | Apr | May | Jun | Jul | Aug | Sep | Oct | Nov | Dec 
2014: Jan | Feb | Mar | Apr | May | Jun | Jul | Aug | Sep | Oct | Nov | Dec 
2013: Jan | Feb | Mar | Apr | May | Jun | Jul | Aug | Sep | Oct | Nov | Dec 
2012: Jan | Feb | Mar | Apr | May | Jun | Jul | Aug | Sep | Oct | Nov | Dec 
2011: Jan | Feb | Mar | Apr | May | Jun | Jul | Aug | Sep | Oct | Nov | Dec 
2010: Jan | Feb | Mar | Apr | May | Jun | Jul | Aug | Sep | Oct | Nov | Dec 
2009: Jan | Feb | Mar | Apr | May | Jun | Jul | Aug | Sep | Oct | Nov | Dec 
2008: Jan | Feb | Mar | Apr | May | Jun | Jul | Aug | Sep | Oct | Nov | Dec 
2007: Jan | Feb | Mar | Apr | May | Jun | Jul | Aug | Sep | Oct | Nov | Dec 
2006: Jan | Feb | Mar | Apr | May | Jun | Jul | Aug | Sep | Oct | Nov | Dec 

Report for 2008 04
MONTHLY CLIMATOLOGICAL SUMMARY for APR. 2008 NAME: Station #1 CITY: Rauma STATE: Finland ELEV: 16 m LAT: 61 08' 38" N LONG: 21 31' 26" E TEMPERATURE (C), RAIN (mm), WIND SPEED (m/s) HEAT COOL AVG MEAN DEG DEG WIND DOM DAY TEMP HIGH TIME LOW TIME DAYS DAYS RAIN SPEED HIGH TIME DIR ------------------------------------------------------------------------------------ 1 6.3 10.4 14:30 0.4 00:00 11.9 0.0 0.0 1.1 7.6 5:30 S 2 6.8 15.0 15:00 0.2 0:30 11.5 0.0 0.0 0.7 6.7 13:00 SE 3 4.4 12.8 15:30 -1.0 2:00 13.9 0.0 0.0 0.3 3.1 14:00 ESE 4 2.7 6.6 18:30 0.5 8:00 15.7 0.0 0.0 0.8 7.2 00:00 WNW 5 4.9 10.1 17:30 1.8 0:30 13.4 0.0 2.4 2.5 9.8 4:30 SE 6 4.7 8.5 16:30 1.3 5:30 13.6 0.0 1.6 1.0 5.8 1:00 SE 7 5.8 8.3 16:00 4.4 23:00 12.5 0.0 1.4 1.2 6.3 16:00 ENE 8 5.1 7.7 16:30 3.2 7:00 13.3 0.0 5.8 0.4 4.0 14:00 N 9 3.0 4.6 13:30 0.9 00:00 15.3 0.0 1.6 0.7 8.0 22:30 N 10 1.9 3.9 16:00 -0.8 00:00 16.4 0.0 1.2 0.7 6.7 11:00 SSE 11 0.3 4.2 16:30 -4.1 6:30 18.0 0.0 0.2 0.5 5.4 17:30 NW 12 3.2 9.6 17:00 -4.5 5:00 15.1 0.0 0.0 0.7 8.5 12:30 ENE 13 2.2 5.1 0:30 0.6 21:30 16.1 0.0 9.8 0.5 5.4 10:00 ENE 14 1.9 4.8 19:30 -0.1 7:30 16.3 0.0 7.8 0.7 5.4 6:00 NW 15 4.7 9.2 15:30 1.1 00:00 13.6 0.0 0.0 0.8 4.9 16:30 SE 16 4.6 11.7 13:00 -1.1 3:00 13.7 0.0 0.0 0.6 5.4 17:30 NW 17 5.1 10.5 13:00 0.2 6:00 13.2 0.0 0.0 0.9 6.3 16:00 NW 18 3.9 10.7 12:30 -0.8 6:30 14.3 0.0 0.0 0.7 7.2 16:30 NW 19 3.5 10.3 13:00 -1.6 3:00 14.8 0.0 0.0 0.9 7.2 16:30 NW 20 2.4 8.6 13:30 -4.2 6:30 15.9 0.0 0.0 0.4 5.4 15:30 W 21 4.7 9.7 16:00 -1.2 0:30 13.6 0.0 0.0 0.5 4.5 14:00 W 22 4.7 11.2 17:00 -2.9 7:00 13.6 0.0 0.0 0.4 5.4 14:30 WNW 23 3.8 10.5 14:00 -3.5 6:30 14.5 0.0 0.0 0.8 9.8 14:30 SW 24 3.3 8.9 13:30 -2.6 5:00 15.0 0.0 0.0 0.7 6.3 16:00 NW 25 6.2 16.3 13:30 -2.8 4:00 12.1 0.0 0.0 0.6 5.4 10:30 WNW 26 7.7 15.8 11:30 -1.5 6:30 10.6 0.0 0.0 0.6 6.3 15:00 SW 27 9.1 14.1 18:30 2.4 6:30 9.2 0.0 0.0 1.4 9.4 19:00 S 28 11.5 16.3 17:00 7.8 2:30 6.8 0.0 0.0 1.1 6.3 2:00 S 29 14.2 20.1 15:00 8.2 00:00 4.4 0.3 0.0 0.8 7.6 13:00 SE 30 15.3 23.2 15:00 5.9 3:30 4.4 1.4 0.0 0.9 8.9 00:00 ESE ------------------------------------------------------------------------------------- 5.3 23.2 30 -4.5 12 392.6 1.7 31.8 0.8 9.8 5 NW Max >= 32.0: 0 Max <= 0.0: 0 Min <= 0.0: 15 Min <= -18.0: 0 Max Rain: 9.80 ON 13.04.08 Days of Rain: 9 (> .2 mm) 4 (> 2 mm) 0 (> 20 mm) Heat Base: 18.3 Cool Base: 18.3 Method: Integration