NOAA-style Climate Reports

2019: Jan | Feb | Mar | Apr | May | Jun | Jul | Aug | Sep | Oct | Nov | Dec 
2018: Jan | Feb | Mar | Apr | May | Jun | Jul | Aug | Sep | Oct | Nov | Dec 
2017: Jan | Feb | Mar | Apr | May | Jun | Jul | Aug | Sep | Oct | Nov | Dec 
2016: Jan | Feb | Mar | Apr | May | Jun | Jul | Aug | Sep | Oct | Nov | Dec 
2015: Jan | Feb | Mar | Apr | May | Jun | Jul | Aug | Sep | Oct | Nov | Dec 
2014: Jan | Feb | Mar | Apr | May | Jun | Jul | Aug | Sep | Oct | Nov | Dec 
2013: Jan | Feb | Mar | Apr | May | Jun | Jul | Aug | Sep | Oct | Nov | Dec 
2012: Jan | Feb | Mar | Apr | May | Jun | Jul | Aug | Sep | Oct | Nov | Dec 
2011: Jan | Feb | Mar | Apr | May | Jun | Jul | Aug | Sep | Oct | Nov | Dec 
2010: Jan | Feb | Mar | Apr | May | Jun | Jul | Aug | Sep | Oct | Nov | Dec 
2009: Jan | Feb | Mar | Apr | May | Jun | Jul | Aug | Sep | Oct | Nov | Dec 
2008: Jan | Feb | Mar | Apr | May | Jun | Jul | Aug | Sep | Oct | Nov | Dec 
2007: Jan | Feb | Mar | Apr | May | Jun | Jul | Aug | Sep | Oct | Nov | Dec 
2006: Jan | Feb | Mar | Apr | May | Jun | Jul | Aug | Sep | Oct | Nov | Dec 

Report for 2008 03
MONTHLY CLIMATOLOGICAL SUMMARY for MAR. 2008 NAME: Station #1 CITY: Rauma STATE: Finland ELEV: 16 m LAT: 61 08' 38" N LONG: 21 31' 26" E TEMPERATURE (C), RAIN (mm), WIND SPEED (m/s) HEAT COOL AVG MEAN DEG DEG WIND DOM DAY TEMP HIGH TIME LOW TIME DAYS DAYS RAIN SPEED HIGH TIME DIR ------------------------------------------------------------------------------------ 1 0.8 1.9 11:00 -0.6 0:30 17.5 0.0 0.0 2.4 8.9 6:30 ESE 2 0.5 2.1 15:30 -0.3 00:00 17.8 0.0 0.4 0.7 5.8 0:30 ENE 3 -1.1 -0.3 14:00 -3.8 00:00 19.4 0.0 0.6 0.4 4.9 22:00 NW 4 -1.7 0.1 23:00 -3.8 0:30 19.9 0.0 0.0 1.6 8.0 13:00 NW 5 -0.6 0.8 15:30 -2.6 23:30 18.9 0.0 0.6 1.1 6.3 7:30 NW 6 1.2 3.3 17:30 -2.6 0:30 17.1 0.0 4.2 1.6 11.6 5:00 S 7 0.6 3.1 0:30 -1.9 00:00 17.8 0.0 0.4 1.8 11.2 3:30 NW 8 -0.4 2.7 21:00 -3.7 6:30 18.8 0.0 1.2 1.5 8.0 12:30 SE 9 3.1 4.3 22:30 1.9 8:00 15.3 0.0 6.2 3.1 11.6 9:30 SE 10 4.7 6.5 14:30 3.7 7:00 13.6 0.0 1.4 2.4 8.5 11:30 SE 11 5.2 8.7 16:00 2.9 22:30 13.2 0.0 0.0 1.8 8.9 12:30 SE 12 4.2 5.4 10:30 2.8 00:00 14.1 0.0 0.0 2.2 11.2 19:30 ESE 13 2.2 3.3 11:00 0.9 00:00 16.1 0.0 0.8 0.9 8.5 4:00 ENE 14 1.7 3.0 16:30 0.6 2:30 16.6 0.0 6.0 0.2 4.0 12:30 ESE 15 0.3 2.2 0:30 -0.9 23:30 18.0 0.0 0.2 0.7 7.6 15:30 NW 16 -0.2 1.4 16:00 -1.3 2:30 18.5 0.0 0.0 0.4 4.5 9:00 NW 17 0.2 2.2 14:30 -1.7 6:00 18.2 0.0 0.4 0.2 4.5 14:00 ESE 18 0.6 3.2 16:30 -1.2 8:00 17.7 0.0 0.2 0.3 4.5 16:00 NE 19 -0.8 1.3 13:30 -2.4 3:30 19.1 0.0 0.0 0.4 4.5 18:30 NE 20 -3.2 -0.2 14:00 -7.3 00:00 21.5 0.0 0.0 0.5 5.8 16:30 NW 21 -5.3 -0.8 15:30 -9.9 6:30 23.6 0.0 0.0 0.4 4.9 16:30 NNE 22 -6.1 -0.3 16:30 -13.4 7:00 24.4 0.0 0.0 0.3 5.8 11:30 NE 23 -4.3 -1.4 14:00 -7.1 2:30 22.6 0.0 0.0 0.7 6.7 15:00 NW 24 -3.4 0.4 16:30 -7.8 7:30 21.8 0.0 0.2 0.8 6.7 12:00 SE 25 0.3 3.7 16:00 -2.7 2:30 18.0 0.0 0.2 1.3 8.9 14:00 ESE 26 -1.9 -0.6 14:30 -2.6 4:00 20.2 0.0 0.0 2.4 10.3 18:00 NW 27 -0.8 0.6 16:00 -1.9 0:30 19.1 0.0 0.0 1.7 10.3 10:00 NW 28 1.2 5.8 16:00 -3.0 6:30 17.1 0.0 2.0 1.6 10.3 19:00 SW 29 4.2 8.5 17:00 -1.0 6:00 14.1 0.0 0.0 3.1 15.2 11:30 SE 30 5.3 8.9 16:00 2.2 00:00 12.5 0.0 0.0 2.9 11.2 16:00 SE 31 6.9 12.7 15:00 1.9 2:30 11.4 0.0 0.0 3.3 14.8 14:30 SE ------------------------------------------------------------------------------------- 0.4 12.7 31 -13.4 22 553.5 0.0 25.0 1.4 15.2 29 NW Max >= 32.0: 0 Max <= 0.0: 6 Min <= 0.0: 23 Min <= -18.0: 0 Max Rain: 6.20 ON 09.03.08 Days of Rain: 16 (> .2 mm) 4 (> 2 mm) 0 (> 20 mm) Heat Base: 18.3 Cool Base: 18.3 Method: Integration