NOAA-style Climate Reports

2019: Jan | Feb | Mar | Apr | May | Jun | Jul | Aug | Sep | Oct | Nov | Dec 
2018: Jan | Feb | Mar | Apr | May | Jun | Jul | Aug | Sep | Oct | Nov | Dec 
2017: Jan | Feb | Mar | Apr | May | Jun | Jul | Aug | Sep | Oct | Nov | Dec 
2016: Jan | Feb | Mar | Apr | May | Jun | Jul | Aug | Sep | Oct | Nov | Dec 
2015: Jan | Feb | Mar | Apr | May | Jun | Jul | Aug | Sep | Oct | Nov | Dec 
2014: Jan | Feb | Mar | Apr | May | Jun | Jul | Aug | Sep | Oct | Nov | Dec 
2013: Jan | Feb | Mar | Apr | May | Jun | Jul | Aug | Sep | Oct | Nov | Dec 
2012: Jan | Feb | Mar | Apr | May | Jun | Jul | Aug | Sep | Oct | Nov | Dec 
2011: Jan | Feb | Mar | Apr | May | Jun | Jul | Aug | Sep | Oct | Nov | Dec 
2010: Jan | Feb | Mar | Apr | May | Jun | Jul | Aug | Sep | Oct | Nov | Dec 
2009: Jan | Feb | Mar | Apr | May | Jun | Jul | Aug | Sep | Oct | Nov | Dec 
2008: Jan | Feb | Mar | Apr | May | Jun | Jul | Aug | Sep | Oct | Nov | Dec 
2007: Jan | Feb | Mar | Apr | May | Jun | Jul | Aug | Sep | Oct | Nov | Dec 
2006: Jan | Feb | Mar | Apr | May | Jun | Jul | Aug | Sep | Oct | Nov | Dec 

Report for 2008 02
MONTHLY CLIMATOLOGICAL SUMMARY for FEB. 2008 NAME: Station #1 CITY: Rauma STATE: Finland ELEV: 16 m LAT: 61 08' 38" N LONG: 21 31' 26" E TEMPERATURE (C), RAIN (mm), WIND SPEED (m/s) HEAT COOL AVG MEAN DEG DEG WIND DOM DAY TEMP HIGH TIME LOW TIME DAYS DAYS RAIN SPEED HIGH TIME DIR ------------------------------------------------------------------------------------ 1 1.6 2.4 5:00 0.7 8:30 16.8 0.0 9.4 3.6 13.0 6:30 SE 2 2.7 3.9 16:30 1.2 15:00 15.6 0.0 4.0 2.0 11.2 19:30 SE 3 -0.7 11.2 13:00 -1.8 6:00 18.9 0.0 1.0 1.6 11.6 5:00 WNW 4 0.1 1.9 14:30 -1.7 0:30 18.2 0.0 0.2 0.7 6.7 21:30 SE 5 1.8 2.8 13:30 0.6 0:30 16.5 0.0 1.0 1.2 6.3 0:30 SE 6 1.6 2.7 14:00 0.7 7:00 16.8 0.0 0.8 1.3 6.7 15:30 ESE 7 1.2 1.9 15:00 0.7 21:00 17.1 0.0 3.4 0.1 4.5 0:30 ESE 8 1.9 3.7 15:00 0.3 23:30 16.4 0.0 0.0 0.7 5.8 18:00 SW 9 3.3 4.6 11:00 0.5 0:30 15.0 0.0 0.8 1.5 7.2 8:00 SE 10 3.1 3.6 15:00 2.4 00:00 15.3 0.0 0.2 0.4 3.1 10:00 ESE 11 1.9 3.3 14:00 -0.2 00:00 16.4 0.0 0.2 0.1 2.2 1:30 NW 12 -0.8 0.9 00:00 -2.7 9:30 19.1 0.0 0.0 1.1 7.6 19:30 S 13 1.9 4.6 12:30 0.7 9:00 16.4 0.0 0.2 1.8 12.5 18:00 NW 14 -0.5 1.3 2:00 -2.4 23:00 18.8 0.0 0.0 2.6 12.1 13:30 NW 15 -3.5 -1.7 12:00 -7.3 00:00 21.8 0.0 0.0 1.3 7.2 2:30 NW 16 -4.8 0.5 00:00 -12.6 6:00 23.1 0.0 0.0 1.3 9.8 18:00 SW 17 1.6 4.2 13:00 -2.8 00:00 16.7 0.0 0.4 1.4 8.0 7:00 NW 18 0.3 4.3 14:00 -4.7 6:00 18.0 0.0 0.4 1.0 7.2 16:00 NW 19 -1.0 1.6 14:00 -5.9 6:00 19.3 0.0 0.2 0.6 5.8 12:30 NW 20 1.8 5.3 14:00 -2.1 23:00 16.6 0.0 0.4 0.5 6.3 11:00 W 21 0.7 3.6 23:30 -2.1 1:00 17.6 0.0 0.0 1.9 13.4 23:30 S 22 4.3 5.6 7:00 3.0 9:30 14.0 0.0 1.8 2.5 13.9 1:30 SW 23 3.3 4.4 15:30 1.8 7:00 15.0 0.0 0.0 1.9 10.3 13:30 NW 24 3.1 5.9 15:30 -1.1 3:30 15.2 0.0 3.6 1.1 11.2 12:00 SW 25 3.1 4.2 13:30 1.2 7:30 15.2 0.0 1.6 1.3 10.3 18:00 WNW 26 2.2 4.1 12:30 -0.4 7:30 16.1 0.0 1.6 1.3 7.6 12:30 WNW 27 3.0 5.0 14:00 0.9 00:00 15.3 0.0 1.4 0.9 7.6 6:00 SW 28 0.3 1.9 21:00 -0.8 10:30 18.0 0.0 0.0 1.7 9.4 9:30 NW 29 -0.6 3.0 16:00 -4.3 5:30 18.9 0.0 0.4 0.3 5.4 00:00 ENE ------------------------------------------------------------------------------------- 1.1 11.2 3 -12.6 16 498.2 0.0 33.0 1.3 13.9 22 NW Max >= 32.0: 0 Max <= 0.0: 1 Min <= 0.0: 16 Min <= -18.0: 0 Max Rain: 9.40 ON 01.02.08 Days of Rain: 21 (> .2 mm) 4 (> 2 mm) 0 (> 20 mm) Heat Base: 18.3 Cool Base: 18.3 Method: Integration