NOAA-style Climate Reports

2019: Jan | Feb | Mar | Apr | May | Jun | Jul | Aug | Sep | Oct | Nov | Dec 
2018: Jan | Feb | Mar | Apr | May | Jun | Jul | Aug | Sep | Oct | Nov | Dec 
2017: Jan | Feb | Mar | Apr | May | Jun | Jul | Aug | Sep | Oct | Nov | Dec 
2016: Jan | Feb | Mar | Apr | May | Jun | Jul | Aug | Sep | Oct | Nov | Dec 
2015: Jan | Feb | Mar | Apr | May | Jun | Jul | Aug | Sep | Oct | Nov | Dec 
2014: Jan | Feb | Mar | Apr | May | Jun | Jul | Aug | Sep | Oct | Nov | Dec 
2013: Jan | Feb | Mar | Apr | May | Jun | Jul | Aug | Sep | Oct | Nov | Dec 
2012: Jan | Feb | Mar | Apr | May | Jun | Jul | Aug | Sep | Oct | Nov | Dec 
2011: Jan | Feb | Mar | Apr | May | Jun | Jul | Aug | Sep | Oct | Nov | Dec 
2010: Jan | Feb | Mar | Apr | May | Jun | Jul | Aug | Sep | Oct | Nov | Dec 
2009: Jan | Feb | Mar | Apr | May | Jun | Jul | Aug | Sep | Oct | Nov | Dec 
2008: Jan | Feb | Mar | Apr | May | Jun | Jul | Aug | Sep | Oct | Nov | Dec 
2007: Jan | Feb | Mar | Apr | May | Jun | Jul | Aug | Sep | Oct | Nov | Dec 
2006: Jan | Feb | Mar | Apr | May | Jun | Jul | Aug | Sep | Oct | Nov | Dec 

Report for 2007 12
MONTHLY CLIMATOLOGICAL SUMMARY for DEC. 2007 NAME: Station #1 CITY: Rauma STATE: Finland ELEV: 16 m LAT: 61 08' 38" N LONG: 21 31' 26" E TEMPERATURE (C), RAIN (mm), WIND SPEED (m/s) HEAT COOL AVG MEAN DEG DEG WIND DOM DAY TEMP HIGH TIME LOW TIME DAYS DAYS RAIN SPEED HIGH TIME DIR ------------------------------------------------------------------------------------ 1 -4.1 -1.8 00:00 -8.5 5:30 22.4 0.0 0.0 1.7 9.4 14:30 WNW 2 2.4 4.8 14:00 -1.8 0:30 15.9 0.0 2.0 2.6 12.1 4:00 SE 3 2.4 3.8 2:00 0.4 00:00 15.9 0.0 1.6 1.6 8.5 2:00 ESE 4 -0.8 0.4 0:30 -3.8 22:30 19.1 0.0 0.0 0.1 3.1 1:30 NW 5 2.0 6.7 00:00 -2.3 0:30 16.3 0.0 5.6 1.8 12.5 23:00 S 6 7.3 7.7 16:30 6.7 0:30 11.0 0.0 3.0 3.9 14.3 7:30 S 7 5.5 7.0 0:30 2.9 00:00 12.8 0.0 3.4 3.1 11.2 16:00 S 8 4.0 5.1 9:00 1.9 1:30 14.3 0.0 5.6 2.3 12.1 13:00 ESE 9 2.8 3.7 5:00 1.3 19:00 15.5 0.0 1.8 1.2 7.6 6:00 S 10 3.9 5.2 00:00 2.3 0:30 14.4 0.0 1.0 1.6 6.7 15:30 ESE 11 3.8 5.4 1:30 0.8 00:00 14.5 0.0 0.2 0.5 4.9 2:00 SW 12 -2.6 0.8 0:30 -6.9 00:00 20.9 0.0 0.2 0.1 4.0 1:30 NW 13 -5.1 -0.3 00:00 -8.5 6:00 23.4 0.0 0.0 0.0 3.1 23:30 NW 14 0.3 1.7 17:30 -1.1 6:00 18.0 0.0 0.0 1.0 7.6 12:00 NW 15 2.7 3.6 14:00 0.9 0:30 15.7 0.0 0.0 0.4 4.5 7:30 SW 16 1.1 2.9 0:30 0.3 15:00 17.2 0.0 0.0 0.5 4.5 7:00 S 17 1.1 3.7 13:30 -1.8 23:30 17.2 0.0 0.0 0.1 3.1 12:30 W 18 2.2 4.1 13:00 -1.5 0:30 16.1 0.0 0.4 0.4 4.5 11:30 WNW 19 2.2 5.7 00:00 -2.0 6:30 16.1 0.0 0.2 0.8 8.9 22:30 WNW 20 5.9 7.3 5:30 4.7 22:30 12.4 0.0 0.2 2.1 11.2 2:30 NW 21 4.6 5.4 1:30 3.3 22:00 13.7 0.0 0.0 1.8 10.3 4:00 NW 22 1.9 4.9 2:30 -2.8 21:00 16.4 0.0 0.0 0.5 7.2 0:30 WNW 23 0.7 2.2 20:00 -2.6 0:30 17.6 0.0 0.0 1.3 8.9 19:00 SW 24 2.7 4.2 00:00 1.8 3:30 15.7 0.0 0.0 2.3 11.6 00:00 S 25 3.1 4.3 2:00 -0.2 18:30 15.3 0.0 4.0 1.6 13.4 2:00 SW 26 4.0 4.9 23:00 2.7 0:30 14.3 0.0 5.2 3.2 14.8 6:30 S 27 4.5 5.2 11:30 3.7 22:00 13.8 0.0 4.4 3.3 14.8 19:30 S 28 4.8 5.7 7:30 3.9 20:30 13.5 0.0 1.6 2.5 15.6 6:00 SW 29 5.8 7.2 9:00 4.2 23:00 12.4 0.0 17.0 2.8 12.5 19:30 S 30 3.3 4.8 3:00 1.1 00:00 15.0 0.0 6.6 2.1 15.2 5:30 WNW 31 0.5 1.7 5:00 -0.9 17:00 17.8 0.0 0.2 0.2 4.5 22:30 ENE ------------------------------------------------------------------------------------- 2.4 7.7 6 -8.5 1 494.5 0.0 64.2 1.5 15.6 28 S Max >= 32.0: 0 Max <= 0.0: 2 Min <= 0.0: 14 Min <= -18.0: 0 Max Rain: 16.99 ON 29.12.07 Days of Rain: 20 (> .2 mm) 10 (> 2 mm) 0 (> 20 mm) Heat Base: 18.3 Cool Base: 18.3 Method: Integration