NOAA-style Climate Reports

2019: Jan | Feb | Mar | Apr | May | Jun | Jul | Aug | Sep | Oct | Nov | Dec 
2018: Jan | Feb | Mar | Apr | May | Jun | Jul | Aug | Sep | Oct | Nov | Dec 
2017: Jan | Feb | Mar | Apr | May | Jun | Jul | Aug | Sep | Oct | Nov | Dec 
2016: Jan | Feb | Mar | Apr | May | Jun | Jul | Aug | Sep | Oct | Nov | Dec 
2015: Jan | Feb | Mar | Apr | May | Jun | Jul | Aug | Sep | Oct | Nov | Dec 
2014: Jan | Feb | Mar | Apr | May | Jun | Jul | Aug | Sep | Oct | Nov | Dec 
2013: Jan | Feb | Mar | Apr | May | Jun | Jul | Aug | Sep | Oct | Nov | Dec 
2012: Jan | Feb | Mar | Apr | May | Jun | Jul | Aug | Sep | Oct | Nov | Dec 
2011: Jan | Feb | Mar | Apr | May | Jun | Jul | Aug | Sep | Oct | Nov | Dec 
2010: Jan | Feb | Mar | Apr | May | Jun | Jul | Aug | Sep | Oct | Nov | Dec 
2009: Jan | Feb | Mar | Apr | May | Jun | Jul | Aug | Sep | Oct | Nov | Dec 
2008: Jan | Feb | Mar | Apr | May | Jun | Jul | Aug | Sep | Oct | Nov | Dec 
2007: Jan | Feb | Mar | Apr | May | Jun | Jul | Aug | Sep | Oct | Nov | Dec 
2006: Jan | Feb | Mar | Apr | May | Jun | Jul | Aug | Sep | Oct | Nov | Dec 

Report for 2007 10
MONTHLY CLIMATOLOGICAL SUMMARY for OCT. 2007 NAME: Station #1 CITY: Rauma STATE: Finland ELEV: 16 m LAT: 61 08' 38" N LONG: 21 31' 26" E TEMPERATURE (C), RAIN (mm), WIND SPEED (m/s) HEAT COOL AVG MEAN DEG DEG WIND DOM DAY TEMP HIGH TIME LOW TIME DAYS DAYS RAIN SPEED HIGH TIME DIR ------------------------------------------------------------------------------------ 1 12.7 14.3 15:00 11.7 4:00 5.6 0.0 0.6 1.3 8.9 16:00 S 2 11.8 12.9 15:00 9.1 00:00 6.5 0.0 0.0 0.3 2.7 7:30 S 3 10.3 14.9 15:30 6.9 8:30 8.0 0.0 0.0 0.0 2.2 14:30 NW 4 8.9 13.5 14:30 3.8 7:00 9.4 0.0 0.0 0.0 3.1 15:00 NE 5 11.6 13.7 15:30 10.6 3:30 6.7 0.0 0.4 0.0 2.7 17:30 ENE 6 10.6 11.9 16:30 9.7 23:30 7.7 0.0 0.0 0.2 5.4 11:00 ESE 7 9.6 10.7 18:00 8.2 9:30 8.8 0.0 1.2 1.1 6.3 22:00 SE 8 8.4 10.4 1:00 6.3 23:00 9.9 0.0 9.4 0.8 7.6 14:30 NW 9 7.7 8.7 00:00 6.2 0:30 10.6 0.0 3.2 1.4 8.0 9:00 NW 10 7.3 8.7 0:30 5.6 19:30 11.0 0.0 0.6 1.4 8.5 13:30 NW 11 5.0 7.0 15:00 1.9 23:00 13.3 0.0 1.4 1.4 9.8 18:30 WNW 12 3.1 5.6 15:30 1.1 8:00 15.2 0.0 4.6 1.2 7.6 17:30 NNW 13 2.4 6.8 15:00 -1.8 23:00 15.9 0.0 0.0 0.3 4.5 15:00 NW 14 5.7 9.9 00:00 -1.5 1:30 12.6 0.0 1.6 1.3 8.5 15:00 SSE 15 8.7 11.7 16:00 5.0 00:00 9.6 0.0 0.2 0.4 5.8 0:30 WSW 16 9.2 12.1 13:30 5.1 0:30 9.1 0.0 0.2 1.8 9.4 13:30 S 17 10.2 11.7 1:30 7.3 23:00 8.1 0.0 0.0 1.8 10.7 5:30 SW 18 6.7 7.7 11:30 4.6 2:00 11.6 0.0 1.0 1.4 8.9 18:00 NW 19 4.9 8.9 16:00 2.0 23:30 13.4 0.0 0.0 0.4 6.3 0:30 NW 20 3.4 7.9 16:00 -0.3 9:30 14.9 0.0 0.0 0.4 4.5 00:00 SE 21 4.6 6.3 00:00 2.2 3:30 13.7 0.0 2.6 1.1 5.8 14:00 SSE 22 7.3 8.4 15:00 5.9 3:30 10.9 0.0 0.2 1.5 6.3 9:00 SSE 23 7.7 10.2 14:00 6.1 20:30 10.6 0.0 0.0 1.4 7.2 15:00 SSE 24 7.1 9.2 15:00 4.8 9:00 11.3 0.0 0.2 1.1 8.5 15:00 SSE 25 6.7 7.8 15:00 5.9 9:00 11.6 0.0 0.0 1.2 6.3 18:00 SE 26 7.4 8.8 16:00 6.2 0:30 10.9 0.0 0.0 1.6 7.6 15:00 SSE 27 8.2 9.3 00:00 6.8 0:30 10.1 0.0 0.0 1.7 8.0 22:00 S 28 9.8 10.4 12:00 9.2 3:30 8.5 0.0 0.0 3.4 14.3 20:30 S 29 8.9 10.1 0:30 8.3 11:00 9.3 0.0 17.4 3.6 14.3 2:00 S 30 8.3 9.1 12:00 7.1 00:00 9.9 0.0 14.4 1.3 10.7 1:30 S 31 5.3 7.3 13:30 2.8 6:30 13.0 0.0 3.0 0.9 12.1 22:30 SSE ------------------------------------------------------------------------------------- 7.7 14.9 3 -1.8 13 327.9 0.0 62.2 1.2 14.3 28 S Max >= 32.0: 0 Max <= 0.0: 0 Min <= 0.0: 3 Min <= -18.0: 0 Max Rain: 17.40 ON 29.10.07 Days of Rain: 18 (> .2 mm) 7 (> 2 mm) 0 (> 20 mm) Heat Base: 18.3 Cool Base: 18.3 Method: Integration