NOAA-style Climate Reports

2019: Jan | Feb | Mar | Apr | May | Jun | Jul | Aug | Sep | Oct | Nov | Dec 
2018: Jan | Feb | Mar | Apr | May | Jun | Jul | Aug | Sep | Oct | Nov | Dec 
2017: Jan | Feb | Mar | Apr | May | Jun | Jul | Aug | Sep | Oct | Nov | Dec 
2016: Jan | Feb | Mar | Apr | May | Jun | Jul | Aug | Sep | Oct | Nov | Dec 
2015: Jan | Feb | Mar | Apr | May | Jun | Jul | Aug | Sep | Oct | Nov | Dec 
2014: Jan | Feb | Mar | Apr | May | Jun | Jul | Aug | Sep | Oct | Nov | Dec 
2013: Jan | Feb | Mar | Apr | May | Jun | Jul | Aug | Sep | Oct | Nov | Dec 
2012: Jan | Feb | Mar | Apr | May | Jun | Jul | Aug | Sep | Oct | Nov | Dec 
2011: Jan | Feb | Mar | Apr | May | Jun | Jul | Aug | Sep | Oct | Nov | Dec 
2010: Jan | Feb | Mar | Apr | May | Jun | Jul | Aug | Sep | Oct | Nov | Dec 
2009: Jan | Feb | Mar | Apr | May | Jun | Jul | Aug | Sep | Oct | Nov | Dec 
2008: Jan | Feb | Mar | Apr | May | Jun | Jul | Aug | Sep | Oct | Nov | Dec 
2007: Jan | Feb | Mar | Apr | May | Jun | Jul | Aug | Sep | Oct | Nov | Dec 
2006: Jan | Feb | Mar | Apr | May | Jun | Jul | Aug | Sep | Oct | Nov | Dec 

Report for 2007 09
MONTHLY CLIMATOLOGICAL SUMMARY for SEP. 2007 NAME: Station #1 CITY: Rauma STATE: Finland ELEV: 16 m LAT: 61 08' 38" N LONG: 21 31' 26" E TEMPERATURE (C), RAIN (mm), WIND SPEED (m/s) HEAT COOL AVG MEAN DEG DEG WIND DOM DAY TEMP HIGH TIME LOW TIME DAYS DAYS RAIN SPEED HIGH TIME DIR ------------------------------------------------------------------------------------ 1 8.2 13.0 14:30 2.5 2:00 10.1 0.0 1.2 0.6 8.9 13:00 WNW 2 11.4 16.5 17:00 6.6 0:30 6.8 0.0 12.4 1.0 7.2 11:00 SE 3 11.0 16.2 11:00 5.3 7:30 7.3 0.0 0.2 0.2 5.4 16:30 SSE 4 10.6 16.2 14:30 5.6 6:00 7.8 0.0 0.0 0.4 7.2 15:00 NW 5 10.0 15.6 16:30 1.8 7:30 8.3 0.0 0.0 0.8 7.6 20:30 S 6 13.7 15.7 14:30 11.9 1:00 4.6 0.0 0.0 1.5 8.5 20:30 NW 7 11.2 13.9 13:30 3.7 00:00 7.2 0.0 0.0 0.9 6.7 1:30 NW 8 6.8 10.7 12:30 0.3 6:00 11.5 0.0 2.8 0.4 5.4 17:30 ESE 9 11.1 16.4 14:30 7.9 6:00 7.3 0.0 0.2 0.2 4.0 9:00 ENE 10 11.1 15.9 16:30 7.3 7:00 7.2 0.0 0.0 0.8 9.4 12:30 SE 11 10.3 16.8 14:00 3.0 7:00 8.0 0.0 0.0 0.5 5.4 16:30 E 12 11.8 13.9 18:00 8.4 0:30 6.4 0.0 2.8 1.4 10.3 17:30 NW 13 10.1 12.7 0:30 2.7 00:00 8.2 0.0 1.4 1.6 13.0 10:30 NW 14 9.4 15.9 13:30 0.6 4:00 8.9 0.0 4.2 2.3 14.8 16:30 SE 15 10.3 12.5 13:00 8.1 21:00 8.0 0.0 6.2 1.9 13.9 23:00 NW 16 8.3 10.4 16:00 6.4 7:00 10.0 0.0 0.8 1.7 12.5 0:30 NW 17 11.4 15.9 14:00 7.4 2:00 6.9 0.0 6.2 2.2 13.9 13:30 S 18 9.7 11.8 0:30 6.1 00:00 8.6 0.0 0.0 0.4 7.2 0:30 WNW 19 7.6 11.0 15:00 3.5 4:00 10.7 0.0 0.0 0.8 8.0 15:30 NW 20 10.0 13.3 17:30 6.8 0:30 8.3 0.0 2.6 1.3 7.6 17:00 SE 21 13.1 15.6 17:30 11.1 0:30 5.2 0.0 6.2 2.1 10.3 15:00 S 22 11.8 14.2 17:00 7.1 00:00 6.5 0.0 11.4 1.9 12.5 4:00 SW 23 10.1 14.0 17:00 4.8 2:30 8.2 0.0 0.0 0.9 8.5 13:30 S 24 14.1 17.2 17:00 12.2 0:30 4.2 0.0 0.2 2.3 9.4 13:30 S 25 15.0 19.1 15:00 12.4 3:00 3.4 0.0 0.0 2.8 10.3 14:30 SE 26 12.4 13.8 7:00 10.8 00:00 5.9 0.0 0.2 0.9 8.9 7:30 SE 27 8.9 12.4 14:30 4.3 8:00 9.4 0.0 0.2 0.1 4.0 19:00 NW 28 8.8 12.9 16:00 4.1 9:00 9.5 0.0 0.0 0.4 4.9 13:30 ENE 29 12.6 16.8 17:00 8.2 0:30 5.8 0.0 0.0 1.2 8.5 15:00 ENE 30 14.9 17.3 17:00 12.7 00:00 3.4 0.0 0.0 0.8 6.7 12:30 ESE ------------------------------------------------------------------------------------- 10.9 19.1 25 0.3 8 223.4 0.0 59.2 1.1 14.8 14 NW Max >= 32.0: 0 Max <= 0.0: 0 Min <= 0.0: 0 Min <= -18.0: 0 Max Rain: 12.40 ON 02.09.07 Days of Rain: 17 (> .2 mm) 9 (> 2 mm) 0 (> 20 mm) Heat Base: 18.3 Cool Base: 18.3 Method: Integration