NOAA-style Climate Reports

2019: Jan | Feb | Mar | Apr | May | Jun | Jul | Aug | Sep | Oct | Nov | Dec 
2018: Jan | Feb | Mar | Apr | May | Jun | Jul | Aug | Sep | Oct | Nov | Dec 
2017: Jan | Feb | Mar | Apr | May | Jun | Jul | Aug | Sep | Oct | Nov | Dec 
2016: Jan | Feb | Mar | Apr | May | Jun | Jul | Aug | Sep | Oct | Nov | Dec 
2015: Jan | Feb | Mar | Apr | May | Jun | Jul | Aug | Sep | Oct | Nov | Dec 
2014: Jan | Feb | Mar | Apr | May | Jun | Jul | Aug | Sep | Oct | Nov | Dec 
2013: Jan | Feb | Mar | Apr | May | Jun | Jul | Aug | Sep | Oct | Nov | Dec 
2012: Jan | Feb | Mar | Apr | May | Jun | Jul | Aug | Sep | Oct | Nov | Dec 
2011: Jan | Feb | Mar | Apr | May | Jun | Jul | Aug | Sep | Oct | Nov | Dec 
2010: Jan | Feb | Mar | Apr | May | Jun | Jul | Aug | Sep | Oct | Nov | Dec 
2009: Jan | Feb | Mar | Apr | May | Jun | Jul | Aug | Sep | Oct | Nov | Dec 
2008: Jan | Feb | Mar | Apr | May | Jun | Jul | Aug | Sep | Oct | Nov | Dec 
2007: Jan | Feb | Mar | Apr | May | Jun | Jul | Aug | Sep | Oct | Nov | Dec 
2006: Jan | Feb | Mar | Apr | May | Jun | Jul | Aug | Sep | Oct | Nov | Dec 

Report for 2007 08
MONTHLY CLIMATOLOGICAL SUMMARY for AUG. 2007 NAME: Station #1 CITY: Rauma STATE: Finland ELEV: 16 m LAT: 61 08' 38" N LONG: 21 31' 26" E TEMPERATURE (C), RAIN (mm), WIND SPEED (m/s) HEAT COOL AVG MEAN DEG DEG WIND DOM DAY TEMP HIGH TIME LOW TIME DAYS DAYS RAIN SPEED HIGH TIME DIR ------------------------------------------------------------------------------------ 1 16.4 20.4 19:00 13.6 2:30 2.1 0.2 0.0 1.8 9.4 2:30 WNW 2 16.9 20.5 16:00 14.1 3:30 1.7 0.4 0.0 1.9 9.4 12:30 S 3 16.1 19.4 17:30 13.8 1:30 2.2 0.0 1.8 0.8 5.4 9:30 SE 4 16.9 22.2 11:30 9.6 6:30 2.6 1.2 0.0 0.3 4.5 14:00 WNW 5 17.2 22.3 17:00 10.2 6:00 2.3 1.2 0.0 0.8 8.0 15:00 SW 6 18.8 24.2 17:00 12.4 6:30 1.5 2.0 0.0 0.4 4.0 15:30 WNW 7 20.0 27.8 12:30 11.1 5:30 2.0 3.6 0.0 0.3 3.1 12:30 WNW 8 21.5 27.9 16:00 14.4 3:30 1.0 4.1 0.0 1.0 8.5 16:00 ESE 9 22.1 28.0 14:30 17.4 5:00 0.0 3.8 0.0 0.8 7.2 14:00 ESE 10 20.8 25.3 17:30 16.0 5:00 0.4 2.9 0.0 0.0 2.2 10:00 NW 11 22.6 29.7 15:30 17.8 6:30 0.1 4.4 0.0 0.5 6.3 16:30 ESE 12 20.1 23.8 15:00 17.2 7:00 0.2 2.0 15.0 0.5 6.7 16:00 ESE 13 20.3 23.2 16:00 18.6 5:00 0.0 2.0 2.6 1.0 8.0 17:30 S 14 19.1 22.6 14:30 14.8 00:00 0.3 1.1 0.0 0.4 5.4 14:30 S 15 18.3 24.9 17:30 10.6 6:00 2.2 2.2 0.0 0.9 7.6 17:30 S 16 19.9 23.4 12:30 16.9 1:00 0.1 1.7 0.8 2.8 11.2 13:30 S 17 17.9 20.1 18:00 15.2 7:00 0.7 0.3 2.0 2.6 11.2 5:30 S 18 16.6 18.9 18:00 14.4 00:00 1.7 0.0 0.0 2.3 11.6 3:30 SW 19 15.7 20.6 13:30 8.9 7:00 3.1 0.5 0.0 1.0 8.5 17:00 S 20 16.0 20.9 18:00 11.6 00:00 2.6 0.3 0.0 0.6 5.4 10:00 S 21 16.8 24.5 16:00 9.8 6:00 3.2 1.7 0.0 0.3 4.5 11:00 NNE 22 16.8 24.1 14:00 9.4 6:30 2.9 1.5 0.0 0.4 5.8 18:00 NW 23 18.5 27.0 17:30 10.1 6:00 2.4 2.7 0.0 0.4 5.8 13:00 ESE 24 16.6 21.0 15:30 11.3 00:00 2.2 0.5 0.0 0.4 6.7 16:30 NW 25 15.6 20.4 17:30 9.0 3:00 3.0 0.3 0.0 1.2 12.5 13:00 SW 26 13.9 15.6 17:00 11.2 22:30 4.4 0.0 0.0 1.0 9.4 15:30 NW 27 11.7 17.1 13:30 7.5 7:00 6.6 0.0 10.8 0.4 8.5 15:00 WNW 28 10.9 16.3 15:00 6.7 1:30 7.3 0.0 5.8 0.7 7.2 13:00 NW 29 10.2 13.4 17:30 7.1 00:00 8.1 0.0 4.4 0.7 7.2 14:30 NW 30 8.9 13.1 14:30 5.3 3:00 9.4 0.0 2.6 0.5 6.7 14:30 NW 31 8.3 13.1 14:30 3.5 00:00 10.0 0.0 4.0 0.7 7.6 13:30 S ------------------------------------------------------------------------------------- 16.8 29.7 11 3.5 31 86.4 40.5 49.8 0.9 12.5 25 S Max >= 32.0: 0 Max <= 0.0: 0 Min <= 0.0: 0 Min <= -18.0: 0 Max Rain: 15.01 ON 12.08.07 Days of Rain: 10 (> .2 mm) 8 (> 2 mm) 0 (> 20 mm) Heat Base: 18.3 Cool Base: 18.3 Method: Integration