NOAA-style Climate Reports

2019: Jan | Feb | Mar | Apr | May | Jun | Jul | Aug | Sep | Oct | Nov | Dec 
2018: Jan | Feb | Mar | Apr | May | Jun | Jul | Aug | Sep | Oct | Nov | Dec 
2017: Jan | Feb | Mar | Apr | May | Jun | Jul | Aug | Sep | Oct | Nov | Dec 
2016: Jan | Feb | Mar | Apr | May | Jun | Jul | Aug | Sep | Oct | Nov | Dec 
2015: Jan | Feb | Mar | Apr | May | Jun | Jul | Aug | Sep | Oct | Nov | Dec 
2014: Jan | Feb | Mar | Apr | May | Jun | Jul | Aug | Sep | Oct | Nov | Dec 
2013: Jan | Feb | Mar | Apr | May | Jun | Jul | Aug | Sep | Oct | Nov | Dec 
2012: Jan | Feb | Mar | Apr | May | Jun | Jul | Aug | Sep | Oct | Nov | Dec 
2011: Jan | Feb | Mar | Apr | May | Jun | Jul | Aug | Sep | Oct | Nov | Dec 
2010: Jan | Feb | Mar | Apr | May | Jun | Jul | Aug | Sep | Oct | Nov | Dec 
2009: Jan | Feb | Mar | Apr | May | Jun | Jul | Aug | Sep | Oct | Nov | Dec 
2008: Jan | Feb | Mar | Apr | May | Jun | Jul | Aug | Sep | Oct | Nov | Dec 
2007: Jan | Feb | Mar | Apr | May | Jun | Jul | Aug | Sep | Oct | Nov | Dec 
2006: Jan | Feb | Mar | Apr | May | Jun | Jul | Aug | Sep | Oct | Nov | Dec 

Report for 2007 07
MONTHLY CLIMATOLOGICAL SUMMARY for JUL. 2007 NAME: Station #1 CITY: Rauma STATE: Finland ELEV: 16 m LAT: 61 08' 38" N LONG: 21 31' 26" E TEMPERATURE (C), RAIN (mm), WIND SPEED (m/s) HEAT COOL AVG MEAN DEG DEG WIND DOM DAY TEMP HIGH TIME LOW TIME DAYS DAYS RAIN SPEED HIGH TIME DIR ------------------------------------------------------------------------------------ 1 16.2 22.7 16:00 13.4 6:00 2.5 0.4 4.6 0.4 5.4 19:00 ESE 2 18.2 24.1 18:00 11.7 5:00 1.9 1.8 0.0 0.4 4.0 16:30 WNW 3 19.0 26.2 17:00 10.1 5:30 2.0 2.7 0.0 0.4 4.9 12:00 WNW 4 19.1 24.6 12:00 13.2 5:30 1.2 2.0 2.6 0.8 12.5 14:00 ESE 5 21.9 27.2 15:30 15.8 5:00 0.4 4.1 0.0 0.9 9.8 11:00 ENE 6 18.0 22.2 12:00 13.8 4:30 1.1 0.7 0.0 0.5 5.8 13:30 NE 7 17.4 21.9 17:00 14.7 8:30 1.6 0.8 2.2 0.5 4.9 17:30 NNE 8 15.3 16.9 21:30 13.6 4:00 2.9 0.0 18.4 0.1 3.6 00:00 ENE 9 16.1 19.9 12:30 14.7 5:00 2.2 0.0 8.0 0.1 4.0 13:00 SW 10 15.1 18.8 18:00 13.1 10:00 3.3 0.0 1.0 0.8 6.3 12:30 SW 11 15.4 17.4 16:00 13.8 6:00 2.9 0.0 2.8 0.3 3.1 8:00 SE 12 16.4 20.9 17:00 13.1 6:30 2.2 0.3 2.0 1.2 7.2 16:00 S 13 16.3 21.0 18:00 12.3 4:30 2.4 0.4 1.6 1.1 6.3 11:00 SE 14 15.2 18.7 14:30 11.8 00:00 3.2 0.0 0.0 0.5 5.8 16:00 NW 15 14.8 17.3 21:00 10.3 1:30 3.4 0.0 1.2 1.0 7.2 14:30 SW 16 17.0 20.4 17:30 14.8 00:00 1.5 0.3 0.0 0.9 5.8 10:30 WSW 17 18.3 25.3 14:30 10.4 6:00 1.9 1.9 0.6 0.7 6.3 00:00 S 18 17.1 19.8 15:00 15.5 2:00 1.3 0.2 10.6 3.0 14.8 11:00 SW 19 14.3 15.6 0:30 12.8 18:00 4.0 0.0 0.0 1.6 10.7 15:00 WNW 20 14.7 17.2 14:00 12.8 3:30 3.6 0.0 0.6 0.7 7.2 14:30 WNW 21 14.4 17.6 13:30 9.6 6:00 3.9 0.0 0.0 0.6 6.3 12:30 WNW 22 15.2 22.4 15:00 5.8 5:30 4.0 0.9 0.0 0.4 5.8 13:00 WNW 23 16.3 23.3 16:00 9.0 2:30 3.2 1.2 0.0 1.3 9.4 15:00 ESE 24 15.7 18.0 17:00 13.7 2:00 2.6 0.0 6.0 1.2 7.2 10:00 ESE 25 17.2 21.5 16:00 14.7 6:30 1.6 0.4 0.4 0.4 5.8 18:00 ESE 26 16.9 20.8 20:30 14.9 9:30 1.7 0.3 0.0 0.5 4.9 15:00 WNW 27 18.1 23.3 13:30 14.9 0:30 1.1 0.9 4.4 1.5 8.0 13:00 SW 28 16.2 18.8 18:00 13.9 14:00 2.1 0.0 5.0 2.1 9.8 17:30 SW 29 16.2 19.9 15:30 13.1 5:30 2.3 0.2 0.8 2.0 12.1 14:00 S 30 14.8 18.7 15:30 11.4 6:00 3.5 0.0 0.4 0.8 5.8 11:00 SE 31 12.9 14.0 22:00 11.3 7:00 5.4 0.0 34.6 1.7 13.4 20:30 NW ------------------------------------------------------------------------------------- 16.4 27.2 5 5.8 22 77.0 19.5 107.8 0.9 14.8 18 WNW Max >= 32.0: 0 Max <= 0.0: 0 Min <= 0.0: 0 Min <= -18.0: 0 Max Rain: 34.59 ON 31.07.07 Days of Rain: 20 (> .2 mm) 12 (> 2 mm) 1 (> 20 mm) Heat Base: 18.3 Cool Base: 18.3 Method: Integration