NOAA-style Climate Reports

2019: Jan | Feb | Mar | Apr | May | Jun | Jul | Aug | Sep | Oct | Nov | Dec 
2018: Jan | Feb | Mar | Apr | May | Jun | Jul | Aug | Sep | Oct | Nov | Dec 
2017: Jan | Feb | Mar | Apr | May | Jun | Jul | Aug | Sep | Oct | Nov | Dec 
2016: Jan | Feb | Mar | Apr | May | Jun | Jul | Aug | Sep | Oct | Nov | Dec 
2015: Jan | Feb | Mar | Apr | May | Jun | Jul | Aug | Sep | Oct | Nov | Dec 
2014: Jan | Feb | Mar | Apr | May | Jun | Jul | Aug | Sep | Oct | Nov | Dec 
2013: Jan | Feb | Mar | Apr | May | Jun | Jul | Aug | Sep | Oct | Nov | Dec 
2012: Jan | Feb | Mar | Apr | May | Jun | Jul | Aug | Sep | Oct | Nov | Dec 
2011: Jan | Feb | Mar | Apr | May | Jun | Jul | Aug | Sep | Oct | Nov | Dec 
2010: Jan | Feb | Mar | Apr | May | Jun | Jul | Aug | Sep | Oct | Nov | Dec 
2009: Jan | Feb | Mar | Apr | May | Jun | Jul | Aug | Sep | Oct | Nov | Dec 
2008: Jan | Feb | Mar | Apr | May | Jun | Jul | Aug | Sep | Oct | Nov | Dec 
2007: Jan | Feb | Mar | Apr | May | Jun | Jul | Aug | Sep | Oct | Nov | Dec 
2006: Jan | Feb | Mar | Apr | May | Jun | Jul | Aug | Sep | Oct | Nov | Dec 

Report for 2007 06
MONTHLY CLIMATOLOGICAL SUMMARY for JUN. 2007 NAME: Station #1 CITY: Rauma STATE: Finland ELEV: 16 m LAT: 61 08' 38" N LONG: 21 31' 26" E TEMPERATURE (C), RAIN (mm), WIND SPEED (m/s) HEAT COOL AVG MEAN DEG DEG WIND DOM DAY TEMP HIGH TIME LOW TIME DAYS DAYS RAIN SPEED HIGH TIME DIR ------------------------------------------------------------------------------------ 1 15.6 20.7 16:30 10.2 5:30 3.1 0.4 0.0 1.3 9.4 14:00 ENE 2 14.6 21.9 15:30 7.1 5:30 4.1 0.4 0.0 0.8 6.7 10:00 NW 3 14.3 20.3 14:30 5.2 5:00 4.3 0.3 0.0 0.6 5.4 16:00 NW 4 14.8 21.4 13:00 4.3 5:00 4.4 0.9 0.0 0.5 5.4 17:30 NW 5 17.6 25.6 16:00 6.1 5:00 3.5 2.9 0.0 0.4 4.0 14:00 WNW 6 16.7 23.4 15:00 7.2 5:30 3.2 1.6 0.0 0.4 4.9 18:00 WNW 7 16.6 22.7 13:30 7.9 5:30 2.8 1.1 0.0 0.4 4.9 17:00 NW 8 17.1 27.4 13:00 7.1 5:00 3.2 2.0 0.0 0.6 5.8 13:30 SE 9 16.9 23.4 12:00 9.4 4:00 2.8 1.4 0.0 0.5 4.9 12:30 W 10 17.8 26.1 12:30 10.1 4:00 2.6 2.1 0.0 0.5 7.2 15:00 WNW 11 15.9 20.2 18:00 11.4 5:00 2.6 0.2 0.0 0.6 5.4 12:30 NW 12 13.4 16.6 14:00 7.8 00:00 4.9 0.0 9.0 0.9 6.7 18:30 NW 13 10.3 15.2 12:00 4.5 3:30 8.0 0.0 0.0 1.1 9.4 18:00 WNW 14 10.3 14.9 11:00 3.8 3:30 7.9 0.0 3.8 0.8 8.0 21:30 S 15 11.0 14.3 18:00 6.8 00:00 7.3 0.0 0.2 1.7 12.1 7:00 NW 16 12.3 18.9 15:30 2.2 5:00 6.0 0.0 0.0 0.5 5.4 15:30 WNW 17 15.1 22.4 15:00 6.6 2:30 3.9 0.7 0.0 0.6 7.6 14:30 ENE 18 14.7 19.4 12:30 11.3 00:00 3.7 0.0 0.0 0.7 5.8 14:30 NW 19 13.1 16.2 13:00 8.6 00:00 5.3 0.0 0.0 0.8 7.6 14:30 NW 20 12.3 17.6 17:30 4.2 5:00 6.0 0.0 0.0 0.7 5.8 9:30 WNW 21 15.1 21.2 13:30 8.1 5:30 3.6 0.4 0.0 0.5 5.4 16:30 NW 22 16.6 23.1 15:30 7.8 4:30 3.1 1.4 0.0 0.6 4.9 10:00 ESE 23 17.6 23.1 17:00 9.7 5:30 2.1 1.4 0.0 1.0 8.9 13:30 ESE 24 17.0 21.5 13:00 13.7 5:00 1.7 0.4 1.6 0.6 5.8 13:30 ESE 25 15.9 19.8 11:30 10.2 5:00 2.5 0.2 0.0 0.8 8.0 14:00 NW 26 12.8 15.8 18:00 10.0 00:00 5.5 0.0 2.0 0.6 6.7 11:00 WNW 27 12.2 14.9 10:00 8.1 1:30 6.1 0.0 6.0 0.4 6.3 12:30 N 28 13.2 17.2 17:30 11.4 9:00 5.1 0.0 2.0 0.9 7.2 14:00 NW 29 14.0 16.9 12:30 9.2 5:30 4.3 0.0 0.0 0.8 6.7 18:30 SW 30 17.2 21.5 17:00 12.1 6:30 1.8 0.7 0.0 1.3 7.6 15:30 S ------------------------------------------------------------------------------------- 14.7 27.4 8 2.2 16 125.3 18.6 24.6 0.7 12.1 15 NW Max >= 32.0: 0 Max <= 0.0: 0 Min <= 0.0: 0 Min <= -18.0: 0 Max Rain: 8.99 ON 12.06.07 Days of Rain: 7 (> .2 mm) 5 (> 2 mm) 0 (> 20 mm) Heat Base: 18.3 Cool Base: 18.3 Method: Integration